INSERT INTO `system` (`filename`, `name`, `type`, `owner`, `status`, `bootstrap`, `schema_version`, `weight`, `info`) VALUES
('sites/all/modules/webform_conditional/webform_conditional.module', 'webform_conditional', 'module', '', 1, 0, 6001, 0, 0x613a31313a7b733a343a226e616d65223b733a31393a22576562666f726d20436f6e646974696f6e616c223b733a31313a226465736372697074696f6e223b733a38313a22416c6c6f777320576562666f726d20636f6d706f6e656e747320746f2062652068696464656e20646570656e64656e74206f6e207468652076616c7565206f66206f7468657220636f6d706f6e656e7473223b733a343a22636f7265223b733a333a22372e78223b733a373a227061636b616765223b733a373a22576562666f726d223b733a31323a22646570656e64656e63696573223b613a313a7b693a303b733a373a22776562666f726d223b7d733a353a2266696c6573223b613a323a7b693a303b733a32373a22776562666f726d5f636f6e646974696f6e616c2e696e7374616c6c223b693a313b733a32363a22776562666f726d5f636f6e646974696f6e616c2e6d6f64756c65223b7d733a373a2276657273696f6e223b733a31333a22372e782d312e302d6265746131223b733a373a2270726f6a656374223b733a31393a22776562666f726d5f636f6e646974696f6e616c223b733a393a22646174657374616d70223b733a31303a2231333334353130353131223b733a333a22706870223b733a353a22352e322e34223b733a393a22626f6f747374726170223b693a303b7d),
('sites/all/modules/countries/countries.module', 'countries', 'module', '', 1, 0, 7204, 0, 0x613a31333a7b733a343a226e616d65223b733a393a22436f756e7472696573223b733a31313a226465736372697074696f6e223b733a3131333a2241206d6f64756c6520746861742070726f766964657320612046415049202f204669656c6420636f756e74727920656c656d656e7420616e6420612073696d706c652077726170706572206d6f64756c6520746f2073746f7265202f2075706461746520636f756e74727920646174612e223b733a373a227061636b616765223b733a363a224669656c6473223b733a343a22636f7265223b733a333a22372e78223b733a353a2266696c6573223b613a353a7b693a303b733a34393a2276696577732f76696577735f68616e646c65725f6669656c645f636f756e74726965735f636f6e74696e656e742e696e63223b693a313b733a35363a2276696577732f76696577735f68616e646c65725f66696c7465725f636f756e74726965735f636f6e74696e656e74735f6c6973742e696e63223b693a323b733a34353a2276696577732f76696577735f68616e646c65725f66696c7465725f636f756e74726965735f6c6973742e696e63223b693a333b733a32313a22636f756e74726965732e6d6967726174652e696e63223b693a343b733a32303a2274657374732f636f756e74726965732e74657374223b7d733a393a22636f6e666967757265223b733a33313a2261646d696e2f636f6e6669672f726567696f6e616c2f636f756e7472696573223b733a31323a22646570656e64656e63696573223b613a313a7b693a303b733a363a22656e74697479223b7d733a31303a227265636f6d6d656e6473223b613a313a7b693a303b733a31323a22636f756e74727969636f6e73223b7d733a373a2276657273696f6e223b733a373a22372e782d322e31223b733a373a2270726f6a656374223b733a393a22636f756e7472696573223b733a393a22646174657374616d70223b733a31303a2231333532393034303537223b733a333a22706870223b733a353a22352e322e34223b733a393a22626f6f747374726170223b693a303b7d),
('sites/all/modules/countries/modules/countries_configuration/countries_configuration.module', 'countries_configuration', 'module', '', 1, 0, 0, 0, 0x613a31313a7b733a343a226e616d65223b733a32333a22436f756e747269657320636f6e66696775726174696f6e223b733a31313a226465736372697074696f6e223b733a37313a224120636f6e66696775726174696f6e207574696c697479206d6f64756c6520746f206173736973742073746f72696e6720636f756e74727920737065636966696320646174612e223b733a373a227061636b616765223b733a363a224669656c6473223b733a373a2276657273696f6e223b733a373a22372e782d322e31223b733a343a22636f7265223b733a333a22372e78223b733a373a2270726f6a656374223b733a393a22636f756e7472696573223b733a393a22646174657374616d70223b733a31303a2231333532393034303537223b733a31323a22646570656e64656e63696573223b613a303a7b7d733a333a22706870223b733a353a22352e322e34223b733a353a2266696c6573223b613a303a7b7d733a393a22626f6f747374726170223b693a303b7d),
('sites/all/modules/countries/modules/countries_i18n/countries_i18n.module', 'countries_i18n', 'module', '', 0, 0, -1, 0, 0x613a31313a7b733a343a226e616d65223b733a32313a22436f756e7472696573207472616e736c6174696f6e223b733a31313a226465736372697074696f6e223b733a32353a225472616e736c6174696f6e206f6620636f756e74726965732e223b733a343a22636f7265223b733a333a22372e78223b733a373a227061636b616765223b733a33353a224d756c74696c696e6775616c202d20496e7465726e6174696f6e616c697a6174696f6e223b733a31323a22646570656e64656e63696573223b613a323a7b693a303b733a393a22636f756e7472696573223b693a313b733a31313a226931386e5f737472696e67223b7d733a373a2276657273696f6e223b733a373a22372e782d322e31223b733a373a2270726f6a656374223b733a393a22636f756e7472696573223b733a393a22646174657374616d70223b733a31303a2231333532393034303537223b733a333a22706870223b733a353a22352e322e34223b733a353a2266696c6573223b613a303a7b7d733a393a22626f6f747374726170223b693a303b7d),
('sites/all/modules/countries/modules/countries_example/countries_example.module', 'countries_example', 'module', '', 0, 0, -1, 0, 0x613a31313a7b733a343a226e616d65223b733a31373a22436f756e7472696573204578616d706c65223b733a31313a226465736372697074696f6e223b733a32343a22436f756e7472696573206578616d706c65206d6f64756c65223b733a343a22636f7265223b733a333a22372e78223b733a373a227061636b616765223b733a31353a224578616d706c65206d6f64756c6573223b733a31323a22646570656e64656e63696573223b613a313a7b693a303b733a393a22636f756e7472696573223b7d733a373a2276657273696f6e223b733a373a22372e782d322e31223b733a373a2270726f6a656374223b733a393a22636f756e7472696573223b733a393a22646174657374616d70223b733a31303a2231333532393034303537223b733a333a22706870223b733a353a22352e322e34223b733a353a2266696c6573223b613a303a7b7d733a393a22626f6f747374726170223b693a303b7d),
('sites/all/modules/addressfield/addressfield.module', 'addressfield', 'module', '', 1, 0, 7000, 0, 0x613a31333a7b733a343a226e616d65223b733a31333a2241646472657373204669656c64223b733a31313a226465736372697074696f6e223b733a36343a224d616e616765206120666c657869626c652061646472657373206669656c642c20696d706c656d656e74696e672074686520784e414c207374616e646172642e223b733a343a22636f7265223b733a333a22372e78223b733a373a227061636b616765223b733a363a224669656c6473223b733a31323a22646570656e64656e63696573223b613a313a7b693a303b733a363a2263746f6f6c73223b7d733a353a2266696c6573223b613a313a7b693a303b733a35313a2276696577732f616464726573736669656c645f76696577735f68616e646c65725f66696c7465725f636f756e7472792e696e63223b7d733a373a2276657273696f6e223b733a31333a22372e782d312e302d6265746133223b733a373a2270726f6a656374223b733a31323a22616464726573736669656c64223b733a393a22646174657374616d70223b733a31303a2231333338333034323438223b733a333a22706870223b733a353a22352e322e34223b733a393a22626f6f747374726170223b693a303b733a383a227265717569726564223b623a313b733a31313a226578706c616e6174696f6e223b733a37333a224669656c64207479706528732920696e20757365202d20736565203c6120687265663d222f61646d696e2f7265706f7274732f6669656c6473223e4669656c64206c6973743c2f613e223b7d),
('sites/all/modules/ctools/bulk_export/bulk_export.module', 'bulk_export', 'module', '', 0, 0, -1, 0, 0x613a31313a7b733a343a226e616d65223b733a31313a2242756c6b204578706f7274223b733a31313a226465736372697074696f6e223b733a36373a22506572666f726d732062756c6b206578706f7274696e67206f662064617461206f626a65637473206b6e6f776e2061626f7574206279204368616f7320746f6f6c732e223b733a343a22636f7265223b733a333a22372e78223b733a31323a22646570656e64656e63696573223b613a313a7b693a303b733a363a2263746f6f6c73223b7d733a373a227061636b616765223b733a31363a224368616f7320746f6f6c207375697465223b733a373a2276657273696f6e223b733a373a22372e782d312e30223b733a373a2270726f6a656374223b733a363a2263746f6f6c73223b733a393a22646174657374616d70223b733a31303a2231333332393632343436223b733a333a22706870223b733a353a22352e322e34223b733a353a2266696c6573223b613a303a7b7d733a393a22626f6f747374726170223b693a303b7d),
('sites/all/modules/wysiwyg/tests/wysiwyg_test.module', 'wysiwyg_test', 'module', '', 0, 0, -1, 0, 0x613a31323a7b733a343a226e616d65223b733a31353a22577973697779672074657374696e67223b733a31313a226465736372697074696f6e223b733a35303a2254657374732057797369777967206d6f64756c652066756e6374696f6e616c6974792e20446f206e6f7420656e61626c652e223b733a343a22636f7265223b733a333a22372e78223b733a373a227061636b616765223b733a373a2254657374696e67223b733a363a2268696464656e223b623a313b733a31323a22646570656e64656e63696573223b613a313a7b693a303b733a373a2277797369777967223b7d733a353a2266696c6573223b613a313a7b693a303b733a31393a22777973697779675f746573742e6d6f64756c65223b7d733a373a2276657273696f6e223b733a373a22372e782d322e32223b733a373a2270726f6a656374223b733a373a2277797369777967223b733a393a22646174657374616d70223b733a31303a2231333439323133373736223b733a333a22706870223b733a353a22352e322e34223b733a393a22626f6f747374726170223b693a303b7d),
('sites/all/modules/addressfield/example/addressfield_example.module', 'addressfield_example', 'module', '', 0, 0, -1, 0, 0x613a31323a7b733a343a226e616d65223b733a32313a2241646472657373204669656c64204578616d706c65223b733a31313a226465736372697074696f6e223b733a36373a224578616d706c65206d6f64756c6520666f7220686f7720746f20696d706c656d656e7420616e20616464726573736669656c6420666f726d61742068616e646c65722e223b733a343a22636f7265223b733a333a22372e78223b733a373a227061636b616765223b733a363a224669656c6473223b733a363a2268696464656e223b623a313b733a31323a22646570656e64656e63696573223b613a323a7b693a303b733a363a2263746f6f6c73223b693a313b733a31323a22616464726573736669656c64223b7d733a373a2276657273696f6e223b733a31333a22372e782d312e302d6265746133223b733a373a2270726f6a656374223b733a31323a22616464726573736669656c64223b733a393a22646174657374616d70223b733a31303a2231333338333034323438223b733a333a22706870223b733a353a22352e322e34223b733a353a2266696c6573223b613a303a7b7d733a393a22626f6f747374726170223b693a303b7d);

-- --------------------------------------------------------

--
-- Table structure for table `taxonomy_index`
--

CREATE TABLE IF NOT EXISTS `taxonomy_index` (
  `nid` int(10) unsigned NOT NULL DEFAULT '0' COMMENT 'The node.nid this record tracks.',
  `tid` int(10) unsigned NOT NULL DEFAULT '0' COMMENT 'The term ID.',
  `sticky` tinyint(4) DEFAULT '0' COMMENT 'Boolean indicating whether the node is sticky.',
  `created` int(11) NOT NULL DEFAULT '0' COMMENT 'The Unix timestamp when the node was created.',
  KEY `term_node` (`tid`,`sticky`,`created`),
  KEY `nid` (`nid`)
) ENGINE=MyISAM DEFAULT CHARSET=utf8 COMMENT='Maintains denormalized information about node/term...';

--
-- Dumping data for table `taxonomy_index`
--

INSERT INTO `taxonomy_index` (`nid`, `tid`, `sticky`, `created`) VALUES
(44, 10, 0, 1359994003),
(78, 27, 0, 1361221756),
(59, 21, 0, 1361212816),
(29, 10, 0, 1357228457),
(7, 9, 0, 1337108404),
(56, 21, 0, 1361204907),
(60, 21, 0, 1361214766),
(31, 21, 0, 1359142257),
(79, 30, 0, 1361221826),
(79, 34, 0, 1361221826),
(57, 21, 0, 1361205117),
(79, 28, 0, 1361221826),
(27, 10, 1, 1357226141),
(32, 9, 0, 1359144748),
(68, 22, 0, 1361221165),
(62, 10, 0, 1361220475),
(80, 21, 0, 1361221845),
(58, 21, 0, 1361205266),
(47, 10, 0, 1360007178),
(78, 22, 0, 1361221756),
(61, 10, 0, 1361220395),
(78, 23, 0, 1361221756),
(79, 23, 0, 1361221826),
(81, 23, 0, 1361221879),
(74, 23, 0, 1361221558);

-- --------------------------------------------------------

--
-- Table structure for table `taxonomy_term_data`
--

CREATE TABLE IF NOT EXISTS `taxonomy_term_data` (
  `tid` int(10) unsigned NOT NULL AUTO_INCREMENT COMMENT 'Primary Key: Unique term ID.',
  `vid` int(10) unsigned NOT NULL DEFAULT '0' COMMENT 'The taxonomy_vocabulary.vid of the vocabulary to which the term is assigned.',
  `name` varchar(255) NOT NULL DEFAULT '' COMMENT 'The term name.',
  `description` longtext COMMENT 'A description of the term.',
  `format` varchar(255) DEFAULT NULL COMMENT 'The filter_format.format of the description.',
  `weight` int(11) NOT NULL DEFAULT '0' COMMENT 'The weight of this term in relation to other terms.',
  PRIMARY KEY (`tid`),
  KEY `taxonomy_tree` (`vid`,`weight`,`name`),
  KEY `vid_name` (`vid`,`name`),
  KEY `name` (`name`)
) ENGINE=MyISAM  DEFAULT CHARSET=utf8 COMMENT='Stores term information.' AUTO_INCREMENT=35 ;

--
-- Dumping data for table `taxonomy_term_data`
--

INSERT INTO `taxonomy_term_data` (`tid`, `vid`, `name`, `description`, `format`, `weight`) VALUES
(27, 1, 'Events', '', 'full_html', 0),
(9, 1, 'Sponsor', '', 'full_html', 0),
(10, 1, 'Registration', '', 'full_html', 0),
(26, 1, 'Speaker', '', 'full_html', 0),
(25, 1, 'Education Session', '', 'full_html', 0),
(21, 1, 'Exhibitor', NULL, NULL, 0),
(22, 1, 'Networking Events', '', 'full_html', 0),
(23, 1, 'Show Floor', '', 'full_html', 0),
(24, 1, 'Moxie Awards', '', 'full_html', 0),
(28, 1, 'Special Events', '', 'full_html', 0),
(29, 1, 'All Access Pass', '', 'full_html', 0),
(30, 1, 'Show Floor Only Pass', '', 'full_html', 0),
(31, 1, 'Monday', '<p>Monday, September 23, 2013</p>', 'full_html', 0),
(32, 1, 'Tuesday', '', 'full_html', 0),
(33, 1, 'Wednesday', '', 'full_html', 0),
(34, 1, 'Thursday', '', 'full_html', 0);

-- --------------------------------------------------------

--
-- Table structure for table `taxonomy_term_hierarchy`
--

CREATE TABLE IF NOT EXISTS `taxonomy_term_hierarchy` (
  `tid` int(10) unsigned NOT NULL DEFAULT '0' COMMENT 'Primary Key: The taxonomy_term_data.tid of the term.',
  `parent` int(10) unsigned NOT NULL DEFAULT '0' COMMENT 'Primary Key: The taxonomy_term_data.tid of the term’s parent. 0 indicates no parent.',
  PRIMARY KEY (`tid`,`parent`),
  KEY `parent` (`parent`)
) ENGINE=MyISAM DEFAULT CHARSET=utf8 COMMENT='Stores the hierarchical relationship between terms.';

--
-- Dumping data for table `taxonomy_term_hierarchy`
--

INSERT INTO `taxonomy_term_hierarchy` (`tid`, `parent`) VALUES
(9, 0),
(10, 0),
(21, 0),
(22, 0),
(23, 0),
(24, 0),
(25, 0),
(26, 0),
(27, 0),
(28, 0),
(29, 0),
(30, 0),
(31, 0),
(32, 0),
(33, 0),
(34, 0);

-- --------------------------------------------------------

--
-- Table structure for table `taxonomy_vocabulary`
--

CREATE TABLE IF NOT EXISTS `taxonomy_vocabulary` (
  `vid` int(10) unsigned NOT NULL AUTO_INCREMENT COMMENT 'Primary Key: Unique vocabulary ID.',
  `name` varchar(255) NOT NULL DEFAULT '' COMMENT 'Name of the vocabulary.',
  `machine_name` varchar(255) NOT NULL DEFAULT '' COMMENT 'The vocabulary machine name.',
  `description` longtext COMMENT 'Description of the vocabulary.',
  `hierarchy` tinyint(3) unsigned NOT NULL DEFAULT '0' COMMENT 'The type of hierarchy allowed within the vocabulary. (0 = disabled, 1 = single, 2 = multiple)',
  `module` varchar(255) NOT NULL DEFAULT '' COMMENT 'The module which created the vocabulary.',
  `weight` int(11) NOT NULL DEFAULT '0' COMMENT 'The weight of this vocabulary in relation to other vocabularies.',
  PRIMARY KEY (`vid`),
  UNIQUE KEY `machine_name` (`machine_name`),
  KEY `list` (`weight`,`name`)
) ENGINE=MyISAM  DEFAULT CHARSET=utf8 COMMENT='Stores vocabulary information.' AUTO_INCREMENT=2 ;

--
-- Dumping data for table `taxonomy_vocabulary`
--

INSERT INTO `taxonomy_vocabulary` (`vid`, `name`, `machine_name`, `description`, `hierarchy`, `module`, `weight`) VALUES
(1, 'Tags', 'tags', 'Use tags to group articles on similar topics into categories.', 0, 'taxonomy', 0);

-- --------------------------------------------------------

--
-- Table structure for table `trigger_assignments`
--

CREATE TABLE IF NOT EXISTS `trigger_assignments` (
  `hook` varchar(78) NOT NULL DEFAULT '' COMMENT 'Primary Key: The name of the internal Drupal hook; for example, node_insert.',
  `aid` varchar(255) NOT NULL DEFAULT '' COMMENT 'Primary Key: Action’s actions.aid.',
  `weight` int(11) NOT NULL DEFAULT '0' COMMENT 'The weight of the trigger assignment in relation to other triggers.',
  PRIMARY KEY (`hook`,`aid`)
) ENGINE=MyISAM DEFAULT CHARSET=utf8 COMMENT='Maps trigger to hook and operation assignments from...';

-- --------------------------------------------------------

--
-- Table structure for table `url_alias`
--

CREATE TABLE IF NOT EXISTS `url_alias` (
  `pid` int(10) unsigned NOT NULL AUTO_INCREMENT COMMENT 'A unique path alias identifier.',
  `source` varchar(255) NOT NULL DEFAULT '' COMMENT 'The Drupal path this alias is for; e.g. node/12.',
  `alias` varchar(255) NOT NULL DEFAULT '' COMMENT 'The alias for this path; e.g. title-of-the-story.',
  `language` varchar(12) NOT NULL DEFAULT '' COMMENT 'The language this alias is for; if ’und’, the alias will be used for unknown languages. Each Drupal path can have an alias for each supported language.',
  PRIMARY KEY (`pid`),
  KEY `alias_language_pid` (`alias`,`language`,`pid`),
  KEY `source_language_pid` (`source`,`language`,`pid`)
) ENGINE=MyISAM  DEFAULT CHARSET=utf8 COMMENT='A list of URL aliases for Drupal paths; a user may visit...' AUTO_INCREMENT=112 ;

--
-- Dumping data for table `url_alias`
--

INSERT INTO `url_alias` (`pid`, `source`, `alias`, `language`) VALUES
(1, 'node/21', 'content/individual-registration', 'und'),
(2, 'node/22', 'content/group-registrations', 'und'),
(3, 'node/23', 'content/international-attendees', 'und'),
(4, 'node/24', 'content/why-attend', 'und'),
(5, 'node/25', 'content/floor-plan', 'und'),
(6, 'node/26', 'content/pay-check-or-wire-transfer', 'und'),
(7, 'node/27', 'content/registration-opens-february-25', 'und'),
(8, 'user/5', 'users/dmartin', 'und'),
(9, 'blog/5', 'blogs/dmartin', 'und'),
(10, 'node/28', 'content/show-news', 'und'),
(12, 'node/29', 'content/jerrys-test-article', 'und'),
(13, 'user/6', 'users/jrozario', 'und'),
(14, 'blog/6', 'blogs/jrozario', 'und'),
(15, 'node/30', 'content/exhibitor-sponsor-registration', 'und'),
(16, 'node/31', 'content/electronic-retailing-association', 'und'),
(17, 'node/32', 'content/telebrands', 'und'),
(18, 'node/33', 'content/meet-greet-lounge', 'und'),
(19, 'node/34', 'content/dave-martin', 'und'),
(20, 'node/5', 'content/about', 'und'),
(100, 'taxonomy/term/28', 'tags/special-events', 'und'),
(98, 'taxonomy/term/26', 'tags/speaker', 'und'),
(55, 'node/56', 'content/a2b-fulfillment', 'und'),
(99, 'taxonomy/term/27', 'tags/events', 'und'),
(26, 'node/37', 'content/call-entries', 'und'),
(27, 'node/38', 'content/speaker-service-center', 'und'),
(28, 'node/39', 'content/session-submission-form', 'und'),
(29, 'node/40', 'content/registration-policies', 'und'),
(30, 'node/41', 'content/privacy-policy', 'und'),
(32, 'node/42', 'content/keynote-presentation', 'und'),
(33, 'node/43', 'content/table-test', 'und'),
(95, 'taxonomy/term/9', 'tags/sponsor', 'und'),
(35, 'node/44', 'content/individual-registration-0', 'und'),
(36, 'node/45', 'content/speaker-policy', 'und'),
(37, 'node/46', 'content/exhibitor-sponsor-registration-0', 'und'),
(97, 'taxonomy/term/25', 'tags/education-session', 'und'),
(39, 'node/47', 'content/group-registration', 'und'),
(40, 'node/48', 'content/meet-greet-lounge-0', 'und'),
(41, 'node/49', 'content/jon-gurney-bell', 'und'),
(56, 'node/57', 'content/access-development', 'und'),
(43, 'user/39', 'users/elusk', 'und'),
(44, 'blog/39', 'blogs/elusk', 'und'),
(45, 'user/40', 'users/vpaynich', 'und'),
(46, 'blog/40', 'blogs/vpaynich', 'und'),
(47, 'user/7', 'users/achesson', 'und'),
(48, 'blog/7', 'blogs/achesson', 'und'),
(49, 'taxonomy/term/21', 'tags/exhibitor', 'und'),
(87, 'node/85', 'content/chris-hearing-slide', 'und'),
(57, 'node/58', 'content/adeptiv-solutions', 'und'),
(58, 'node/59', 'content/advantone', 'und'),
(59, 'node/60', 'content/applied-perceptions-llc', 'und'),
(60, 'node/61', 'content/registration-open', 'und'),
(61, 'node/62', 'content/registration-open-0', 'und'),
(62, 'node/63', 'content/exhibitor-move', 'und'),
(63, 'node/64', 'content/committee-council-chair-breakfast', 'und'),
(64, 'node/65', 'content/education-sessions', 'und'),
(65, 'node/66', 'content/education-networking-lunch', 'und'),
(66, 'node/67', 'content/new-member-reception', 'und'),
(67, 'taxonomy/term/22', 'tags/networking-events', 'und'),
(68, 'node/68', 'content/opening-reception', 'und'),
(69, 'node/69', 'content/exhibitor-move-0', 'und'),
(70, 'node/70', 'content/registration-open-1', 'und'),
(71, 'node/71', 'content/show-floor-open', 'und'),
(72, 'node/72', 'content/show-floor-open-0', 'und'),
(73, 'node/73', 'content/free-networking-lunch', 'und'),
(74, 'node/74', 'content/inventhelp-inpex-inventor-two-minute-pitch', 'und'),
(75, 'node/75', 'content/broadcast-council-reception', 'und'),
(76, 'node/76', 'content/registration-open-2', 'und'),
(77, 'node/77', 'content/show-floor-open-1', 'und'),
(78, 'taxonomy/term/23', 'tags/show-floor', 'und'),
(79, 'node/78', 'content/free-networking-lunch-0', 'und'),
(80, 'node/79', 'content/pitch-pros', 'und'),
(81, 'node/80', 'content/bay-cities', 'und'),
(82, 'node/81', 'content/inventor-year-presentation', 'und'),
(83, 'node/82', 'content/exhibitor-move-out', 'und'),
(84, 'taxonomy/term/24', 'tags/moxie-awards', 'und'),
(85, 'node/83', 'content/moxie-awards-gala', 'und'),
(89, 'node/87', 'content/scott-boilen-slide', 'und'),
(90, 'node/6', 'content/exhibit', 'und'),
(91, 'user/1', 'users/admin', 'und'),
(92, 'blog/1', 'blogs/admin', 'und'),
(96, 'taxonomy/term/10', 'tags/registration', 'und'),
(101, 'taxonomy/term/29', 'tags/all-access-pass', 'und'),
(102, 'taxonomy/term/30', 'tags/show-floor-only-pass', 'und'),
(103, 'taxonomy/term/31', 'tags/monday', 'und'),
(104, 'taxonomy/term/32', 'tags/tuesday', 'und'),
(105, 'taxonomy/term/33', 'tags/wednesday', 'und'),
(106, 'taxonomy/term/34', 'tags/thursday', 'und'),
(107, 'node/89', 'content/hotel-travel', 'und'),
(108, 'node/90', 'content/contact-us', 'und'),
(109, 'node/91', 'content/product-two', 'und'),
(110, 'node/92', 'content/kevin-harrington-slide', 'und');

-- --------------------------------------------------------

--
-- Table structure for table `users_roles`
--

CREATE TABLE IF NOT EXISTS `users_roles` (
  `uid` int(10) unsigned NOT NULL DEFAULT '0' COMMENT 'Primary Key: users.uid for user.',
  `rid` int(10) unsigned NOT NULL DEFAULT '0' COMMENT 'Primary Key: role.rid for role.',
  PRIMARY KEY (`uid`,`rid`),
  KEY `rid` (`rid`)
) ENGINE=MyISAM DEFAULT CHARSET=utf8 COMMENT='Maps users to roles.';

--
-- Dumping data for table `users_roles`
--

INSERT INTO `users_roles` (`uid`, `rid`) VALUES
(1, 3),
(5, 3),
(6, 3),
(7, 4),
(8, 3),
(39, 4),
(40, 5);

-- --------------------------------------------------------

--
-- Table structure for table `variable`
--

CREATE TABLE IF NOT EXISTS `variable` (
  `name` varchar(128) NOT NULL DEFAULT '' COMMENT 'The name of the variable.',
  `value` longblob NOT NULL COMMENT 'The value of the variable.',
  PRIMARY KEY (`name`)
) ENGINE=MyISAM DEFAULT CHARSET=utf8 COMMENT='Named variable/value pairs created by Drupal core or any...';

--
-- Dumping data for table `variable`
--

INSERT INTO `variable` (`name`, `value`) VALUES
('additional_settings__active_tab_blog', 0x733a393a22656469742d6d656e75223b),
('additional_settings__active_tab_mt_product', 0x733a31323a22656469742d646973706c6179223b),
('additional_settings__active_tab_mt_service', 0x733a31323a22656469742d646973706c6179223b),
('additional_settings__active_tab_mt_slideshow_entry', 0x733a31323a22656469742d636f6d6d656e74223b),
('additional_settings__active_tab_mt_testimonial', 0x733a31333a22656469742d776f726b666c6f77223b),
('admin_theme', 0x733a353a22736576656e223b),
('anonymous', 0x733a393a22416e6f6e796d6f7573223b),
('clean_url', 0x693a313b),
('comment_anonymous_blog', 0x693a303b),
('comment_anonymous_mt_product', 0x693a303b),
('comment_anonymous_mt_service', 0x693a303b),
('comment_anonymous_mt_slideshow_entry', 0x693a303b),
('comment_anonymous_mt_testimonial', 0x693a303b),
('comment_block_count', 0x693a31303b),
('comment_blog', 0x733a313a2232223b),
('comment_default_mode_blog', 0x693a313b),
('comment_default_mode_mt_product', 0x693a313b),
('comment_default_mode_mt_service', 0x693a313b),
('comment_default_mode_mt_slideshow_entry', 0x693a313b),
('comment_default_mode_mt_testimonial', 0x693a313b),
('comment_default_per_page_blog', 0x733a323a223530223b),
('comment_default_per_page_mt_product', 0x733a323a223530223b),
('comment_default_per_page_mt_service', 0x733a323a223530223b),
('comment_default_per_page_mt_slideshow_entry', 0x733a323a223530223b),
('comment_default_per_page_mt_testimonial', 0x733a323a223530223b),
('comment_form_location_blog', 0x693a313b),
('comment_form_location_mt_product', 0x693a313b),
('comment_form_location_mt_service', 0x693a313b),
('comment_form_location_mt_slideshow_entry', 0x693a313b),
('comment_form_location_mt_testimonial', 0x693a313b),
('comment_mt_product', 0x733a313a2231223b),
('comment_mt_service', 0x733a313a2231223b),
('comment_mt_slideshow_entry', 0x733a313a2231223b),
('comment_mt_testimonial', 0x733a313a2231223b),
('comment_page', 0x693a303b),
('comment_preview_blog', 0x733a313a2231223b),
('comment_preview_mt_product', 0x733a313a2231223b),
('comment_preview_mt_service', 0x733a313a2231223b),
('comment_preview_mt_slideshow_entry', 0x733a313a2231223b),
('comment_preview_mt_testimonial', 0x733a313a2230223b),
('comment_subject_field_blog', 0x693a313b),
('comment_subject_field_mt_product', 0x693a313b),
('comment_subject_field_mt_service', 0x693a313b),
('comment_subject_field_mt_slideshow_entry', 0x693a313b),
('comment_subject_field_mt_testimonial', 0x693a313b),
('contact_default_status', 0x693a313b),
('cron_key', 0x733a34333a2236356635697462665475775a375138523855306a6634335434694c65617171557941375749614e7a774d49223b),
('cron_last', 0x693a313336313839313437313b),
('css_js_query_string', 0x733a363a226d6973743362223b),
('ctools_last_cron', 0x693a313336313838303636323b),
('date_default_timezone', 0x733a31363a22416d65726963612f4e65775f596f726b223b),
('default_nodes_main', 0x733a313a2235223b),
('drupal_http_request_fails', 0x623a303b),
('drupal_private_key', 0x733a34333a226a5759584c4878444b376d4b32746f706a4c585631444f434b736e4b7154783758335f3646376553344a49223b),
('email__active_tab', 0x733a32343a22656469742d656d61696c2d61646d696e2d63726561746564223b),
('field_bundle_settings_node__blog', 0x613a323a7b733a31303a22766965775f6d6f646573223b613a353a7b733a363a22746561736572223b613a313a7b733a31353a22637573746f6d5f73657474696e6773223b623a313b7d733a343a2266756c6c223b613a313a7b733a31353a22637573746f6d5f73657474696e6773223b623a303b7d733a333a22727373223b613a313a7b733a31353a22637573746f6d5f73657474696e6773223b623a303b7d733a31323a227365617263685f696e646578223b613a313a7b733a31353a22637573746f6d5f73657474696e6773223b623a303b7d733a31333a227365617263685f726573756c74223b613a313a7b733a31353a22637573746f6d5f73657474696e6773223b623a303b7d7d733a31323a2265787472615f6669656c6473223b613a323a7b733a343a22666f726d223b613a313a7b733a353a227469746c65223b613a313a7b733a363a22776569676874223b733a323a222d35223b7d7d733a373a22646973706c6179223b613a303a7b7d7d7d),
('field_bundle_settings_node__mt_product', 0x613a323a7b733a31303a22766965775f6d6f646573223b613a353a7b733a363a22746561736572223b613a313a7b733a31353a22637573746f6d5f73657474696e6773223b623a313b7d733a343a2266756c6c223b613a313a7b733a31353a22637573746f6d5f73657474696e6773223b623a303b7d733a333a22727373223b613a313a7b733a31353a22637573746f6d5f73657474696e6773223b623a303b7d733a31323a227365617263685f696e646578223b613a313a7b733a31353a22637573746f6d5f73657474696e6773223b623a303b7d733a31333a227365617263685f726573756c74223b613a313a7b733a31353a22637573746f6d5f73657474696e6773223b623a303b7d7d733a31323a2265787472615f6669656c6473223b613a323a7b733a343a22666f726d223b613a323a7b733a353a227469746c65223b613a313a7b733a363a22776569676874223b733a313a2230223b7d733a343a2270617468223b613a313a7b733a363a22776569676874223b733a313a2239223b7d7d733a373a22646973706c6179223b613a303a7b7d7d7d),
('field_bundle_settings_node__mt_service', 0x613a323a7b733a31303a22766965775f6d6f646573223b613a373a7b733a363a22746561736572223b613a313a7b733a31353a22637573746f6d5f73657474696e6773223b623a313b7d733a343a2266756c6c223b613a313a7b733a31353a22637573746f6d5f73657474696e6773223b623a303b7d733a333a22727373223b613a313a7b733a31353a22637573746f6d5f73657474696e6773223b623a303b7d733a31323a227365617263685f696e646578223b613a313a7b733a31353a22637573746f6d5f73657474696e6773223b623a303b7d733a31333a227365617263685f726573756c74223b613a313a7b733a31353a22637573746f6d5f73657474696e6773223b623a303b7d733a353a22746f6b656e223b613a313a7b733a31353a22637573746f6d5f73657474696e6773223b623a303b7d733a383a227265766973696f6e223b613a313a7b733a31353a22637573746f6d5f73657474696e6773223b623a303b7d7d733a31323a2265787472615f6669656c6473223b613a323a7b733a343a22666f726d223b613a323a7b733a353a227469746c65223b613a313a7b733a363a22776569676874223b733a313a2230223b7d733a343a2270617468223b613a313a7b733a363a22776569676874223b733a313a2238223b7d7d733a373a22646973706c6179223b613a303a7b7d7d7d),
('field_bundle_settings_node__mt_slideshow_entry', 0x613a323a7b733a31303a22766965775f6d6f646573223b613a373a7b733a363a22746561736572223b613a313a7b733a31353a22637573746f6d5f73657474696e6773223b623a313b7d733a343a2266756c6c223b613a313a7b733a31353a22637573746f6d5f73657474696e6773223b623a303b7d733a333a22727373223b613a313a7b733a31353a22637573746f6d5f73657474696e6773223b623a303b7d733a31323a227365617263685f696e646578223b613a313a7b733a31353a22637573746f6d5f73657474696e6773223b623a303b7d733a31333a227365617263685f726573756c74223b613a313a7b733a31353a22637573746f6d5f73657474696e6773223b623a303b7d733a353a22746f6b656e223b613a313a7b733a31353a22637573746f6d5f73657474696e6773223b623a303b7d733a383a227265766973696f6e223b613a313a7b733a31353a22637573746f6d5f73657474696e6773223b623a303b7d7d733a31323a2265787472615f6669656c6473223b613a323a7b733a343a22666f726d223b613a323a7b733a353a227469746c65223b613a313a7b733a363a22776569676874223b733a313a2230223b7d733a343a2270617468223b613a313a7b733a363a22776569676874223b733a313a2235223b7d7d733a373a22646973706c6179223b613a303a7b7d7d7d),
('field_bundle_settings_node__mt_testimonial', 0x613a323a7b733a31303a22766965775f6d6f646573223b613a373a7b733a363a22746561736572223b613a313a7b733a31353a22637573746f6d5f73657474696e6773223b623a313b7d733a343a2266756c6c223b613a313a7b733a31353a22637573746f6d5f73657474696e6773223b623a303b7d733a333a22727373223b613a313a7b733a31353a22637573746f6d5f73657474696e6773223b623a303b7d733a31323a227365617263685f696e646578223b613a313a7b733a31353a22637573746f6d5f73657474696e6773223b623a303b7d733a31333a227365617263685f726573756c74223b613a313a7b733a31353a22637573746f6d5f73657474696e6773223b623a303b7d733a353a22746f6b656e223b613a313a7b733a31353a22637573746f6d5f73657474696e6773223b623a303b7d733a383a227265766973696f6e223b613a313a7b733a31353a22637573746f6d5f73657474696e6773223b623a303b7d7d733a31323a2265787472615f6669656c6473223b613a323a7b733a343a22666f726d223b613a313a7b733a353a227469746c65223b613a313a7b733a363a22776569676874223b733a313a2230223b7d7d733a373a22646973706c6179223b613a303a7b7d7d7d),
('file_default_scheme', 0x733a363a227075626c6963223b),
('file_private_path', 0x733a303a22223b),
('file_public_path', 0x733a31393a2273697465732f64656661756c742f66696c6573223b),
('file_temporary_path', 0x733a32333a2273697465732f64656661756c742f66696c65732f746d70223b),
('filter_fallback_format', 0x733a31303a22706c61696e5f74657874223b),
('install_profile', 0x733a363a22746f70686974223b),
('install_task', 0x733a343a22646f6e65223b),
('install_time', 0x693a313335333538333237373b),
('maintenance_mode', 0x623a303b),
('maintenance_mode_message', 0x733a39343a22546f704869742069732063757272656e746c7920756e646572206d61696e74656e616e63652e2057652073686f756c64206265206261636b2073686f72746c792e205468616e6b20796f7520666f7220796f75722070617469656e63652e223b),
('menu_expanded', 0x613a313a7b693a303b733a393a226d61696e2d6d656e75223b7d),
('menu_masks', 0x613a34323a7b693a303b693a3530313b693a313b693a3439333b693a323b693a3235303b693a333b693a3234373b693a343b693a3234363b693a353b693a3234353b693a363b693a3132353b693a373b693a3132343b693a383b693a3132333b693a393b693a3132323b693a31303b693a3132313b693a31313b693a3131373b693a31323b693a39323b693a31333b693a36333b693a31343b693a36323b693a31353b693a36313b693a31363b693a36303b693a31373b693a35393b693a31383b693a35383b693a31393b693a35363b693a32303b693a34363b693a32313b693a34353b693a32323b693a34343b693a32333b693a33313b693a32343b693a33303b693a32353b693a32393b693a32363b693a32383b693a32373b693a32353b693a32383b693a32343b693a32393b693a32323b693a33303b693a32313b693a33313b693a31353b693a33323b693a31343b693a33333b693a31333b693a33343b693a31313b693a33353b693a31303b693a33363b693a373b693a33373b693a363b693a33383b693a353b693a33393b693a333b693a34303b693a323b693a34313b693a313b7d),
('menu_options_blog', 0x613a313a7b693a303b733a393a226d61696e2d6d656e75223b7d),
('menu_options_mt_product', 0x613a313a7b693a303b733a393a226d61696e2d6d656e75223b7d),
('menu_options_mt_service', 0x613a313a7b693a303b733a393a226d61696e2d6d656e75223b7d),
('menu_options_mt_slideshow_entry', 0x613a303a7b7d),
('menu_options_mt_testimonial', 0x613a303a7b7d),
('menu_parent_blog', 0x733a31313a226d61696e2d6d656e753a30223b),
('menu_parent_mt_product', 0x733a31313a226d61696e2d6d656e753a30223b),
('menu_parent_mt_service', 0x733a31313a226d61696e2d6d656e753a30223b),
('menu_parent_mt_slideshow_entry', 0x733a31313a226d61696e2d6d656e753a30223b),
('menu_parent_mt_testimonial', 0x733a31313a226d61696e2d6d656e753a30223b),
('mtt_twitter_account', 0x733a31343a22646176656d617274696e5f657261223b),
('mtt_twitter_interval', 0x733a313a2235223b),
('mtt_twitter_title', 0x733a303a22223b),
('mtt_twitter_widget_type', 0x733a373a2270726f66696c65223b),
('node_admin_theme', 0x693a313b),
('node_cron_last', 0x733a31303a2231333631353932383834223b),
('node_options_blog', 0x613a313a7b693a303b733a363a22737461747573223b7d),
('node_options_mt_product', 0x613a313a7b693a303b733a363a22737461747573223b7d),
('node_options_mt_service', 0x613a313a7b693a303b733a363a22737461747573223b7d),
('node_options_mt_slideshow_entry', 0x613a313a7b693a303b733a363a22737461747573223b7d),
('node_options_mt_testimonial', 0x613a313a7b693a303b733a363a22737461747573223b7d),
('node_options_page', 0x613a313a7b693a303b733a363a22737461747573223b7d),
('node_preview_blog', 0x733a313a2231223b),
('node_preview_mt_product', 0x733a313a2231223b),
('node_preview_mt_service', 0x733a313a2231223b),
('node_preview_mt_slideshow_entry', 0x733a313a2231223b),
('node_preview_mt_testimonial', 0x733a313a2231223b),
('node_submitted_blog', 0x693a313b),
('node_submitted_mt_product', 0x693a303b),
('node_submitted_mt_service', 0x693a303b),
('node_submitted_mt_slideshow_entry', 0x693a303b),
('node_submitted_mt_testimonial', 0x693a303b),
('node_submitted_page', 0x623a303b),
('path_alias_whitelist', 0x613a343a7b733a343a22626c6f67223b623a313b733a343a226e6f6465223b623a313b733a383a227461786f6e6f6d79223b623a313b733a343a2275736572223b623a313b7d),
('save_continue_mt_product', 0x733a31393a225361766520616e6420616464206669656c6473223b),
('save_continue_mt_service', 0x733a31393a225361766520616e6420616464206669656c6473223b),
('save_continue_mt_slideshow_entry', 0x733a31393a225361766520616e6420616464206669656c6473223b),
('save_continue_mt_testimonial', 0x733a31393a225361766520616e6420616464206669656c6473223b),
('site_403', 0x733a303a22223b),
('site_404', 0x733a303a22223b),
('site_default_country', 0x733a323a225553223b),
('site_frontpage', 0x733a343a226e6f6465223b),
('site_mail', 0x733a32323a2277656261646d696e4072657461696c696e672e6f7267223b),
('site_name', 0x733a31383a224552412044324320436f6e76656e74696f6e223b),
('site_slogan', 0x733a303a22223b),
('superfish_arrow_1', 0x693a303b),
('superfish_bgf_1', 0x693a303b),
('superfish_delay_1', 0x733a333a22323030223b),
('superfish_depth_1', 0x733a323a222d31223b),
('superfish_dfirstlast_1', 0x693a303b),
('superfish_dzebra_1', 0x693a303b),
('superfish_firstlast_1', 0x693a313b),
('superfish_hid_1', 0x693a303b),
('superfish_hlclass_1', 0x733a303a22223b),
('superfish_hldescription_1', 0x693a303b),
('superfish_hldexclude_1', 0x733a303a22223b),
('superfish_hldmenus_1', 0x733a303a22223b),
('superfish_itemcounter_1', 0x693a313b),
('superfish_itemcount_1', 0x693a303b),
('superfish_itemdepth_1', 0x693a303b),
('superfish_liclass_1', 0x733a303a22223b),
('superfish_maxwidth_1', 0x733a323a223136223b),
('superfish_mcdepth_1', 0x733a313a2231223b),
('superfish_mcexclude_1', 0x733a303a22223b),
('superfish_mclevels_1', 0x733a313a2231223b),
('superfish_menu_1', 0x733a31313a226d61696e2d6d656e753a30223b),
('superfish_minwidth_1', 0x733a323a223136223b),
('superfish_multicolumn_1', 0x693a303b),
('superfish_name_1', 0x733a31313a225375706572666973682031223b),
('superfish_number', 0x733a313a2231223b),
('superfish_pathclass_1', 0x733a31323a226163746976652d747261696c223b),
('superfish_pathcss_1', 0x733a303a22223b),
('superfish_pathlevels_1', 0x733a313a2231223b),
('superfish_shadow_1', 0x693a303b),
('superfish_slide_1', 0x733a343a226e6f6e65223b),
('superfish_slp', 0x733a3239363a2273697465732f616c6c2f6c69627261726965732f7375706572666973682f6a71756572792e686f766572496e74656e742e6d696e69666965642e6a730d0a73697465732f616c6c2f6c69627261726965732f7375706572666973682f6a71756572792e6267696672616d652e6d696e2e6a730d0a73697465732f616c6c2f6c69627261726965732f7375706572666973682f7375706572666973682e6a730d0a73697465732f616c6c2f6c69627261726965732f7375706572666973682f7375706572737562732e6a730d0a73697465732f616c6c2f6c69627261726965732f7375706572666973682f737570706f736974696f6e2e6a730d0a73697465732f616c6c2f6c69627261726965732f7375706572666973682f7366746f75636873637265656e2e6a73223b),
('superfish_speed_1', 0x733a343a2266617374223b),
('superfish_spp_1', 0x693a313b),
('superfish_style_1', 0x733a343a226e6f6e65223b),
('superfish_supersubs_1', 0x693a313b),
('superfish_touchual_1', 0x733a31393a226950686f6e652a416e64726f69642a69506164223b),
('superfish_touchua_1', 0x693a313b),
('superfish_touch_1', 0x693a303b),
('superfish_type_1', 0x733a31303a22686f72697a6f6e74616c223b),
('superfish_ulclass_1', 0x733a303a22223b),
('superfish_wraphlt_1', 0x733a303a22223b),
('superfish_wraphl_1', 0x733a303a22223b),
('superfish_wrapmul_1', 0x733a303a22223b),
('superfish_wrapul_1', 0x733a303a22223b),
('superfish_zebra_1', 0x693a303b),
('theme_default', 0x733a363a22746f70686974223b),
('theme_tophit_settings', 0x613a33383a7b733a31313a22746f67676c655f6c6f676f223b693a313b733a31313a22746f67676c655f6e616d65223b693a303b733a31333a22746f67676c655f736c6f67616e223b693a303b733a32343a22746f67676c655f6e6f64655f757365725f70696374757265223b693a313b733a32373a22746f67676c655f636f6d6d656e745f757365725f70696374757265223b693a313b733a33323a22746f67676c655f636f6d6d656e745f757365725f766572696669636174696f6e223b693a313b733a31343a22746f67676c655f66617669636f6e223b693a313b733a31363a22746f67676c655f6d61696e5f6d656e75223b693a313b733a32313a22746f67676c655f7365636f6e646172795f6d656e75223b693a313b733a31323a2264656661756c745f6c6f676f223b693a303b733a393a226c6f676f5f70617468223b733a34353a227075626c69633a2f2f393739305f4552412d4432432d776562736974652d6865616465725f524556342e706e67223b733a31313a226c6f676f5f75706c6f6164223b733a303a22223b733a31353a2264656661756c745f66617669636f6e223b693a303b733a31323a2266617669636f6e5f70617468223b733a32303a227075626c69633a2f2f66617669636f6e2e69636f223b733a31343a2266617669636f6e5f75706c6f6164223b733a303a22223b733a31383a2262726561646372756d625f646973706c6179223b693a303b733a31373a227363726f6c6c746f705f646973706c6179223b693a313b733a31373a2266726f6e74706167655f656d756c617465223b693a303b733a32333a2266726f6e74706167655f636f6e74656e745f7072696e74223b693a303b733a31323a22636f6c6f725f736368656d65223b733a373a2264656661756c74223b733a32303a22736974656e616d655f666f6e745f66616d696c79223b733a353a227366662d32223b733a31383a22736c6f67616e5f666f6e745f66616d696c79223b733a363a22736c66662d33223b733a32303a2268656164696e67735f666f6e745f66616d696c79223b733a363a226866662d3130223b733a32373a22666f6f7465725f68656164696e67735f666f6e745f66616d696c79223b733a373a22686f66662d3130223b733a32313a227061726167726170685f666f6e745f66616d696c79223b733a353a227066662d32223b733a32313a22736c69646573686f775f666f6e745f66616d696c79223b733a373a22736466662d3130223b733a31363a22736c69646573686f775f656666656374223b733a343a2266616465223b733a32363a22736c69646573686f775f6566666563745f646972656374696f6e223b733a31303a22686f72697a6f6e74616c223b733a32313a22736c69646573686f775f6566666563745f74696d65223b733a323a223130223b733a31383a22736c69646573686f775f666f6e7473697a65223b733a323a223330223b733a32313a22726573706f6e736976655f6d656e755f7374617465223b693a313b733a32373a22726573706f6e736976655f6d656e755f7377697463687769647468223b733a333a22373638223b733a32393a22726573706f6e736976655f6d656e755f746f706f7074696f6e74657874223b733a31333a2253656c65637420612070616765223b733a32353a22726573706f6e736976655f6d656e755f6f707467726f757073223b693a313b733a32323a22726573706f6e736976655f6d656e755f6e6573746564223b693a313b733a31373a2262616e6e65725f6261636b67726f756e64223b693a313b733a31363a22746162735f5f6163746976655f746162223b733a31393a22656469742d62617369632d73657474696e6773223b733a31363a2266617669636f6e5f6d696d6574797065223b733a32343a22696d6167652f766e642e6d6963726f736f66742e69636f6e223b7d),
('update_last_check', 0x693a313336313839313437353b),
('user_admin_role', 0x733a313a2233223b),
('user_cancel_method', 0x733a31373a22757365725f63616e63656c5f626c6f636b223b),
('user_email_verification', 0x693a313b),
('user_mail_cancel_confirm_body', 0x733a3338313a225b757365723a6e616d655d2c0d0a0d0a41207265717565737420746f2063616e63656c20796f7572206163636f756e7420686173206265656e206d616465206174205b736974653a6e616d655d2e0d0a0d0a596f75206d6179206e6f772063616e63656c20796f7572206163636f756e74206f6e205b736974653a75726c2d62726965665d20627920636c69636b696e672074686973206c696e6b206f7220636f7079696e6720616e642070617374696e6720697420696e746f20796f75722062726f777365723a0d0a0d0a5b757365723a63616e63656c2d75726c5d0d0a0d0a4e4f54453a205468652063616e63656c6c6174696f6e206f6620796f7572206163636f756e74206973206e6f742072657665727369626c652e0d0a0d0a54686973206c696e6b206578706972657320696e206f6e652064617920616e64206e6f7468696e672077696c6c2068617070656e206966206974206973206e6f7420757365642e0d0a0d0a2d2d20205b736974653a6e616d655d207465616d223b),
('user_mail_cancel_confirm_subject', 0x733a35393a224163636f756e742063616e63656c6c6174696f6e207265717565737420666f72205b757365723a6e616d655d206174205b736974653a6e616d655d223b),
('user_mail_password_reset_body', 0x733a3430373a225b757365723a6e616d655d2c0d0a0d0a41207265717565737420746f207265736574207468652070617373776f726420666f7220796f7572206163636f756e7420686173206265656e206d616465206174205b736974653a6e616d655d2e0d0a0d0a596f75206d6179206e6f77206c6f6720696e20627920636c69636b696e672074686973206c696e6b206f7220636f7079696e6720616e642070617374696e6720697420746f20796f75722062726f777365723a0d0a0d0a5b757365723a6f6e652d74696d652d6c6f67696e2d75726c5d0d0a0d0a54686973206c696e6b2063616e206f6e6c792062652075736564206f6e636520746f206c6f6720696e20616e642077696c6c206c65616420796f7520746f2061207061676520776865726520796f752063616e2073657420796f75722070617373776f72642e2049742065787069726573206166746572206f6e652064617920616e64206e6f7468696e672077696c6c2068617070656e2069662069742773206e6f7420757365642e0d0a0d0a2d2d20205b736974653a6e616d655d207465616d223b),
('user_mail_password_reset_subject', 0x733a36303a225265706c6163656d656e74206c6f67696e20696e666f726d6174696f6e20666f72205b757365723a6e616d655d206174205b736974653a6e616d655d223b),
('user_mail_register_admin_created_body', 0x733a3437363a225b757365723a6e616d655d2c0d0a0d0a4120736974652061646d696e6973747261746f72206174205b736974653a6e616d655d20686173206372656174656420616e206163636f756e7420666f7220796f752e20596f75206d6179206e6f77206c6f6720696e20627920636c69636b696e672074686973206c696e6b206f7220636f7079696e6720616e642070617374696e6720697420746f20796f75722062726f777365723a0d0a0d0a5b757365723a6f6e652d74696d652d6c6f67696e2d75726c5d0d0a0d0a54686973206c696e6b2063616e206f6e6c792062652075736564206f6e636520746f206c6f6720696e20616e642077696c6c206c65616420796f7520746f2061207061676520776865726520796f752063616e2073657420796f75722070617373776f72642e0d0a0d0a41667465722073657474696e6720796f75722070617373776f72642c20796f752077696c6c2062652061626c6520746f206c6f6720696e206174205b736974653a6c6f67696e2d75726c5d20696e2074686520667574757265207573696e673a0d0a0d0a757365726e616d653a205b757365723a6e616d655d0d0a70617373776f72643a20596f75722070617373776f72640d0a0d0a2d2d20205b736974653a6e616d655d207465616d223b),
('user_mail_register_admin_created_subject', 0x733a35383a22416e2061646d696e6973747261746f72206372656174656420616e206163636f756e7420666f7220796f75206174205b736974653a6e616d655d223b),
('user_mail_register_no_approval_required_body', 0x733a3435303a225b757365723a6e616d655d2c0d0a0d0a5468616e6b20796f7520666f72207265676973746572696e67206174205b736974653a6e616d655d2e20596f75206d6179206e6f77206c6f6720696e20627920636c69636b696e672074686973206c696e6b206f7220636f7079696e6720616e642070617374696e6720697420746f20796f75722062726f777365723a0d0a0d0a5b757365723a6f6e652d74696d652d6c6f67696e2d75726c5d0d0a0d0a54686973206c696e6b2063616e206f6e6c792062652075736564206f6e636520746f206c6f6720696e20616e642077696c6c206c65616420796f7520746f2061207061676520776865726520796f752063616e2073657420796f75722070617373776f72642e0d0a0d0a41667465722073657474696e6720796f75722070617373776f72642c20796f752077696c6c2062652061626c6520746f206c6f6720696e206174205b736974653a6c6f67696e2d75726c5d20696e2074686520667574757265207573696e673a0d0a0d0a757365726e616d653a205b757365723a6e616d655d0d0a70617373776f72643a20596f75722070617373776f72640d0a0d0a2d2d20205b736974653a6e616d655d207465616d223b),
('user_mail_register_no_approval_required_subject', 0x733a34363a224163636f756e742064657461696c7320666f72205b757365723a6e616d655d206174205b736974653a6e616d655d223b),
('user_mail_register_pending_approval_body', 0x733a3238373a225b757365723a6e616d655d2c0d0a0d0a5468616e6b20796f7520666f72207265676973746572696e67206174205b736974653a6e616d655d2e20596f7572206170706c69636174696f6e20666f7220616e206163636f756e742069732063757272656e746c792070656e64696e6720617070726f76616c2e204f6e636520697420686173206265656e20617070726f7665642c20796f752077696c6c207265636569766520616e6f7468657220652d6d61696c20636f6e7461696e696e6720696e666f726d6174696f6e2061626f757420686f7720746f206c6f6720696e2c2073657420796f75722070617373776f72642c20616e64206f746865722064657461696c732e0d0a0d0a0d0a2d2d20205b736974653a6e616d655d207465616d223b),
('user_mail_register_pending_approval_subject', 0x733a37313a224163636f756e742064657461696c7320666f72205b757365723a6e616d655d206174205b736974653a6e616d655d202870656e64696e672061646d696e20617070726f76616c29223b),
('user_mail_status_activated_body', 0x733a3436313a225b757365723a6e616d655d2c0d0a0d0a596f7572206163636f756e74206174205b736974653a6e616d655d20686173206265656e206163746976617465642e0d0a0d0a596f75206d6179206e6f77206c6f6720696e20627920636c69636b696e672074686973206c696e6b206f7220636f7079696e6720616e642070617374696e6720697420696e746f20796f75722062726f777365723a0d0a0d0a5b757365723a6f6e652d74696d652d6c6f67696e2d75726c5d0d0a0d0a54686973206c696e6b2063616e206f6e6c792062652075736564206f6e636520746f206c6f6720696e20616e642077696c6c206c65616420796f7520746f2061207061676520776865726520796f752063616e2073657420796f75722070617373776f72642e0d0a0d0a41667465722073657474696e6720796f75722070617373776f72642c20796f752077696c6c2062652061626c6520746f206c6f6720696e206174205b736974653a6c6f67696e2d75726c5d20696e2074686520667574757265207573696e673a0d0a0d0a757365726e616d653a205b757365723a6e616d655d0d0a70617373776f72643a20596f75722070617373776f72640d0a0d0a2d2d20205b736974653a6e616d655d207465616d223b),
('user_mail_status_activated_notify', 0x693a313b),
('user_mail_status_activated_subject', 0x733a35373a224163636f756e742064657461696c7320666f72205b757365723a6e616d655d206174205b736974653a6e616d655d2028617070726f76656429223b),
('user_mail_status_blocked_body', 0x733a38353a225b757365723a6e616d655d2c0d0a0d0a596f7572206163636f756e74206f6e205b736974653a6e616d655d20686173206265656e20626c6f636b65642e0d0a0d0a2d2d20205b736974653a6e616d655d207465616d223b),
('user_mail_status_blocked_notify', 0x693a303b),
('user_mail_status_blocked_subject', 0x733a35363a224163636f756e742064657461696c7320666f72205b757365723a6e616d655d206174205b736974653a6e616d655d2028626c6f636b656429223b),
('user_mail_status_canceled_body', 0x733a38363a225b757365723a6e616d655d2c0d0a0d0a596f7572206163636f756e74206f6e205b736974653a6e616d655d20686173206265656e2063616e63656c65642e0d0a0d0a2d2d20205b736974653a6e616d655d207465616d223b),
('user_mail_status_canceled_notify', 0x693a303b),
('user_mail_status_canceled_subject', 0x733a35373a224163636f756e742064657461696c7320666f72205b757365723a6e616d655d206174205b736974653a6e616d655d202863616e63656c656429223b),
('user_pictures', 0x693a313b),
('user_picture_default', 0x733a33393a2273697465732f64656661756c742f66696c65732f70696374757265732f6176617461722e706e67223b),
('user_picture_dimensions', 0x733a393a22313032347831303234223b),
('user_picture_file_size', 0x733a333a22383030223b),
('user_picture_guidelines', 0x733a303a22223b),
('user_picture_path', 0x733a383a227069637475726573223b),
('user_picture_style', 0x733a393a227468756d626e61696c223b),
('user_register', 0x733a313a2230223b),
('user_signatures', 0x693a313b),
('authorize_filetransfer_default', 0x733a333a22667470223b),
('authorize_filetransfer_connection_settings_ftp', 0x613a323a7b733a383a22757365726e616d65223b733a383a227773647338303233223b733a383a22616476616e636564223b613a323a7b733a383a22686f73746e616d65223b733a393a226c6f63616c686f7374223b733a343a22706f7274223b733a323a223231223b7d7d),
('node_preview_mt_event', 0x733a313a2231223b),
('node_options_mt_event', 0x613a323a7b693a303b733a363a22737461747573223b693a313b733a373a2270726f6d6f7465223b7d),
('node_submitted_mt_event', 0x693a303b),
('comment_form_location_mt_event', 0x693a313b),
('save_continue_event', 0x733a31393a225361766520616e6420616464206669656c6473223b),
('comment_subject_field_mt_event', 0x693a313b),
('comment_anonymous_mt_event', 0x693a303b),
('comment_default_mode_mt_event', 0x693a313b),
('menu_options_mt_event', 0x613a313a7b693a303b733a393a226d61696e2d6d656e75223b7d),
('menu_parent_mt_event', 0x733a31313a226d61696e2d6d656e753a30223b),
('additional_settings__active_tab_exhibitor', 0x733a393a22656469742d6d656e75223b),
('node_options_exhibitor', 0x613a313a7b693a303b733a363a22737461747573223b7d),
('node_submitted_exhibitor', 0x693a303b),
('save_continue_exhibitor', 0x733a31393a225361766520616e6420616464206669656c6473223b),
('menu_options_exhibitor', 0x613a313a7b693a303b733a393a226d61696e2d6d656e75223b7d),
('menu_parent_exhibitor', 0x733a31313a226d61696e2d6d656e753a30223b),
('additional_settings__active_tab_portfolio', 0x733a393a22656469742d6d656e75223b),
('node_preview_portfolio', 0x733a313a2231223b),
('node_options_portfolio', 0x613a323a7b693a303b733a363a22737461747573223b693a313b733a373a2270726f6d6f7465223b7d),
('node_submitted_portfolio', 0x693a303b),
('save_continue_portfolio', 0x733a31393a225361766520616e6420616464206669656c6473223b),
('comment_portfolio', 0x733a313a2230223b),
('comment_default_mode_portfolio', 0x693a313b),
('comment_default_per_page_portfolio', 0x733a323a223530223b),
('comment_anonymous_portfolio', 0x693a303b),
('comment_subject_field_portfolio', 0x693a303b),
('comment_form_location_portfolio', 0x693a313b),
('comment_preview_portfolio', 0x733a313a2230223b),
('menu_options_portfolio', 0x613a313a7b693a303b733a393a226d61696e2d6d656e75223b7d),
('menu_parent_portfolio', 0x733a31313a226d61696e2d6d656e753a30223b),
('field_bundle_settings_node__portfolio', 0x613a323a7b733a31303a22766965775f6d6f646573223b613a353a7b733a363a22746561736572223b613a313a7b733a31353a22637573746f6d5f73657474696e6773223b623a313b7d733a343a2266756c6c223b613a313a7b733a31353a22637573746f6d5f73657474696e6773223b623a303b7d733a333a22727373223b613a313a7b733a31353a22637573746f6d5f73657474696e6773223b623a303b7d733a31323a227365617263685f696e646578223b613a313a7b733a31353a22637573746f6d5f73657474696e6773223b623a303b7d733a31333a227365617263685f726573756c74223b613a313a7b733a31353a22637573746f6d5f73657474696e6773223b623a303b7d7d733a31323a2265787472615f6669656c6473223b613a323a7b733a343a22666f726d223b613a313a7b733a353a227469746c65223b613a313a7b733a363a22776569676874223b733a313a2230223b7d7d733a373a22646973706c6179223b613a303a7b7d7d7d),
('views_ui_show_listing_filters', 0x693a313b),
('views_ui_show_advanced_help_warning', 0x693a313b),
('views_ui_show_master_display', 0x693a303b),
('views_ui_show_advanced_column', 0x693a303b),
('views_ui_display_embed', 0x693a303b),
('views_ui_custom_theme', 0x733a383a225f64656661756c74223b),
('views_exposed_filter_any_label', 0x733a373a226e65775f616e79223b),
('views_ui_always_live_preview', 0x693a313b),
('views_ui_show_preview_information', 0x693a313b),
('views_ui_show_sql_query_where', 0x733a353a2261626f7665223b),
('views_ui_show_sql_query', 0x693a303b),
('views_ui_show_performance_statistics', 0x693a303b),
('views_show_additional_queries', 0x693a303b),
('pathauto_node_pattern', 0x733a32303a22636f6e74656e742f5b6e6f64653a7469746c655d223b),
('pathauto_taxonomy_term_pattern', 0x733a32393a225b7465726d3a766f636162756c6172795d2f5b7465726d3a6e616d655d223b),
('pathauto_forum_pattern', 0x733a32393a225b7465726d3a766f636162756c6172795d2f5b7465726d3a6e616d655d223b),
('pathauto_user_pattern', 0x733a31373a2275736572732f5b757365723a6e616d655d223b),
('pathauto_blog_pattern', 0x733a31373a22626c6f67732f5b757365723a6e616d655d223b),
('pathauto_punctuation_hyphen', 0x693a313b),
('additional_settings__active_tab_session', 0x733a393a22656469742d6d656e75223b),
('node_preview_session', 0x733a313a2231223b),
('node_options_session', 0x613a323a7b693a303b733a363a22737461747573223b693a313b733a373a2270726f6d6f7465223b7d),
('node_submitted_session', 0x693a313b),
('save_continue_session', 0x733a31393a225361766520616e6420616464206669656c6473223b),
('comment_session', 0x733a313a2232223b),
('comment_default_mode_session', 0x693a313b),
('comment_default_per_page_session', 0x733a323a223530223b),
('comment_anonymous_session', 0x693a303b),
('comment_subject_field_session', 0x693a313b),
('comment_form_location_session', 0x693a313b),
('comment_preview_session', 0x733a313a2231223b),
('menu_options_session', 0x613a313a7b693a303b733a393a226d61696e2d6d656e75223b7d),
('menu_parent_session', 0x733a31313a226d61696e2d6d656e753a30223b),
('field_bundle_settings_node__session', 0x613a323a7b733a31303a22766965775f6d6f646573223b613a303a7b7d733a31323a2265787472615f6669656c6473223b613a323a7b733a343a22666f726d223b613a323a7b733a353a227469746c65223b613a313a7b733a363a22776569676874223b733a323a222d35223b7d733a343a2270617468223b613a313a7b733a363a22776569676874223b733a323a223330223b7d7d733a373a22646973706c6179223b613a303a7b7d7d7d),
('additional_settings__active_tab_speaker', 0x733a31323a22656469742d646973706c6179223b),
('node_preview_speaker', 0x733a313a2231223b),
('node_options_speaker', 0x613a323a7b693a303b733a363a22737461747573223b693a313b733a373a2270726f6d6f7465223b7d),
('node_submitted_speaker', 0x693a303b),
('save_continue_speaker', 0x733a31393a225361766520616e6420616464206669656c6473223b),
('comment_speaker', 0x733a313a2231223b),
('comment_default_mode_speaker', 0x693a313b),
('comment_default_per_page_speaker', 0x733a323a223530223b),
('comment_anonymous_speaker', 0x693a303b),
('comment_subject_field_speaker', 0x693a313b),
('comment_form_location_speaker', 0x693a313b),
('comment_preview_speaker', 0x733a313a2231223b),
('menu_options_speaker', 0x613a313a7b693a303b733a393a226d61696e2d6d656e75223b7d),
('menu_parent_speaker', 0x733a31313a226d61696e2d6d656e753a30223b),
('field_bundle_settings_node__speaker', 0x613a323a7b733a31303a22766965775f6d6f646573223b613a373a7b733a363a22746561736572223b613a313a7b733a31353a22637573746f6d5f73657474696e6773223b623a313b7d733a343a2266756c6c223b613a313a7b733a31353a22637573746f6d5f73657474696e6773223b623a303b7d733a333a22727373223b613a313a7b733a31353a22637573746f6d5f73657474696e6773223b623a303b7d733a31323a227365617263685f696e646578223b613a313a7b733a31353a22637573746f6d5f73657474696e6773223b623a303b7d733a31333a227365617263685f726573756c74223b613a313a7b733a31353a22637573746f6d5f73657474696e6773223b623a303b7d733a353a22746f6b656e223b613a313a7b733a31353a22637573746f6d5f73657474696e6773223b623a303b7d733a383a227265766973696f6e223b613a313a7b733a31353a22637573746f6d5f73657474696e6773223b623a303b7d7d733a31323a2265787472615f6669656c6473223b613a323a7b733a343a22666f726d223b613a323a7b733a353a227469746c65223b613a313a7b733a363a22776569676874223b733a323a222d35223b7d733a343a2270617468223b613a313a7b733a363a22776569676874223b733a323a223330223b7d7d733a373a22646973706c6179223b613a303a7b7d7d7d),
('entityreference:base-tables', 0x613a383a7b733a373a22636f6d6d656e74223b613a323a7b693a303b733a373a22636f6d6d656e74223b693a313b733a333a22636964223b7d733a373a22636f756e747279223b613a323a7b693a303b733a31373a22636f756e74726965735f636f756e747279223b693a313b733a333a22636964223b7d733a343a226e6f6465223b613a323a7b693a303b733a343a226e6f6465223b693a313b733a333a226e6964223b7d733a343a2266696c65223b613a323a7b693a303b733a31323a2266696c655f6d616e61676564223b693a313b733a333a22666964223b7d733a31333a227461786f6e6f6d795f7465726d223b613a323a7b693a303b733a31383a227461786f6e6f6d795f7465726d5f64617461223b693a313b733a333a22746964223b7d733a31393a227461786f6e6f6d795f766f636162756c617279223b613a323a7b693a303b733a31393a227461786f6e6f6d795f766f636162756c617279223b693a313b733a333a22766964223b7d733a343a2275736572223b613a323a7b693a303b733a353a227573657273223b693a313b733a333a22756964223b7d733a31353a22777973697779675f70726f66696c65223b613a323a7b693a303b733a373a2277797369777967223b693a313b733a363a22666f726d6174223b7d7d),
('additional_settings__active_tab_article', 0x733a393a22656469742d6d656e75223b),
('node_preview_article', 0x733a313a2231223b),
('node_options_article', 0x613a323a7b693a303b733a363a22737461747573223b693a313b733a373a2270726f6d6f7465223b7d),
('node_submitted_article', 0x693a303b),
('comment_article', 0x733a313a2231223b),
('comment_default_mode_article', 0x693a313b),
('comment_default_per_page_article', 0x733a323a223530223b),
('comment_anonymous_article', 0x693a303b),
('comment_subject_field_article', 0x693a313b),
('comment_form_location_article', 0x693a313b),
('comment_preview_article', 0x733a313a2231223b),
('menu_options_article', 0x613a313a7b693a303b733a393a226d61696e2d6d656e75223b7d),
('menu_parent_article', 0x733a31313a226d61696e2d6d656e753a30223b),
('field_bundle_settings_user__user', 0x613a323a7b733a31303a22766965775f6d6f646573223b613a323a7b733a343a2266756c6c223b613a313a7b733a31353a22637573746f6d5f73657474696e6773223b623a303b7d733a353a22746f6b656e223b613a313a7b733a31353a22637573746f6d5f73657474696e6773223b623a303b7d7d733a31323a2265787472615f6669656c6473223b613a323a7b733a343a22666f726d223b613a323a7b733a373a226163636f756e74223b613a313a7b733a363a22776569676874223b733a333a222d3130223b7d733a383a2274696d657a6f6e65223b613a313a7b733a363a22776569676874223b733a313a2236223b7d7d733a373a22646973706c6179223b613a313a7b733a373a2273756d6d617279223b613a313a7b733a373a2264656661756c74223b613a323a7b733a363a22776569676874223b733a313a2235223b733a373a2276697369626c65223b623a313b7d7d7d7d7d),
('node_preview_exhibitor', 0x733a313a2231223b),
('comment_exhibitor', 0x733a313a2231223b),
('comment_default_mode_exhibitor', 0x693a313b),
('comment_default_per_page_exhibitor', 0x733a323a223530223b),
('comment_anonymous_exhibitor', 0x693a303b),
('comment_subject_field_exhibitor', 0x693a313b),
('comment_form_location_exhibitor', 0x693a313b),
('comment_preview_exhibitor', 0x733a313a2231223b),
('field_bundle_settings_node__exhibitor', 0x613a323a7b733a31303a22766965775f6d6f646573223b613a373a7b733a363a22746561736572223b613a313a7b733a31353a22637573746f6d5f73657474696e6773223b623a313b7d733a343a2266756c6c223b613a313a7b733a31353a22637573746f6d5f73657474696e6773223b623a303b7d733a333a22727373223b613a313a7b733a31353a22637573746f6d5f73657474696e6773223b623a303b7d733a31323a227365617263685f696e646578223b613a313a7b733a31353a22637573746f6d5f73657474696e6773223b623a303b7d733a31333a227365617263685f726573756c74223b613a313a7b733a31353a22637573746f6d5f73657474696e6773223b623a303b7d733a353a22746f6b656e223b613a313a7b733a31353a22637573746f6d5f73657474696e6773223b623a303b7d733a383a227265766973696f6e223b613a313a7b733a31353a22637573746f6d5f73657474696e6773223b623a303b7d7d733a31323a2265787472615f6669656c6473223b613a323a7b733a343a22666f726d223b613a323a7b733a353a227469746c65223b613a313a7b733a363a22776569676874223b733a313a2230223b7d733a343a2270617468223b613a313a7b733a363a22776569676874223b733a323a223130223b7d7d733a373a22646973706c6179223b613a303a7b7d7d7d),
('additional_settings__active_tab_sponsor', 0x733a31353a22656469742d7375626d697373696f6e223b),
('node_preview_sponsor', 0x733a313a2231223b),
('node_options_sponsor', 0x613a313a7b693a303b733a363a22737461747573223b7d),
('node_submitted_sponsor', 0x693a303b),
('save_continue_sponsor', 0x733a31393a225361766520616e6420616464206669656c6473223b),
('comment_sponsor', 0x733a313a2231223b),
('comment_default_mode_sponsor', 0x693a313b),
('comment_default_per_page_sponsor', 0x733a323a223530223b),
('comment_anonymous_sponsor', 0x693a303b),
('comment_subject_field_sponsor', 0x693a313b),
('comment_form_location_sponsor', 0x693a313b),
('comment_preview_sponsor', 0x733a313a2231223b),
('menu_options_sponsor', 0x613a313a7b693a303b733a393a226d61696e2d6d656e75223b7d),
('menu_parent_sponsor', 0x733a31313a226d61696e2d6d656e753a30223b),
('field_bundle_settings_node__sponsor', 0x613a323a7b733a31303a22766965775f6d6f646573223b613a373a7b733a363a22746561736572223b613a313a7b733a31353a22637573746f6d5f73657474696e6773223b623a313b7d733a343a2266756c6c223b613a313a7b733a31353a22637573746f6d5f73657474696e6773223b623a303b7d733a333a22727373223b613a313a7b733a31353a22637573746f6d5f73657474696e6773223b623a303b7d733a31323a227365617263685f696e646578223b613a313a7b733a31353a22637573746f6d5f73657474696e6773223b623a303b7d733a31333a227365617263685f726573756c74223b613a313a7b733a31353a22637573746f6d5f73657474696e6773223b623a303b7d733a353a22746f6b656e223b613a313a7b733a31353a22637573746f6d5f73657474696e6773223b623a303b7d733a383a227265766973696f6e223b613a313a7b733a31353a22637573746f6d5f73657474696e6773223b623a303b7d7d733a31323a2265787472615f6669656c6473223b613a323a7b733a343a22666f726d223b613a323a7b733a353a227469746c65223b613a313a7b733a363a22776569676874223b733a313a2230223b7d733a343a2270617468223b613a313a7b733a363a22776569676874223b733a313a2231223b7d7d733a373a22646973706c6179223b613a303a7b7d7d7d),
('arrange_fields_position_data_mt_product_node_form', 0x733a3830343a22656469742d7469746c652d647261676761626c652d777261707065722c3070782c3070782c696e7075742c656469742d7469746c652c33323270782c313170782c3b656469742d6669656c642d696d6167652d647261676761626c652d777261707065722c383070782c3070782c2c2c3070782c3070782c3b656469742d626f64792d647261676761626c652d777261707065722c32333070782c3070782c74657874617265612c656469742d626f64792d756e642d302d73756d6d6172792c35363270782c31323870782c3b656469742d6669656c642d746167732d647261676761626c652d777261707065722c3132333070782c3070782c696e7075742c656469742d6669656c642d746167732d756e642c33323270782c313170782c3b656469742d6669656c642d736c69646573686f772d647261676761626c652d777261707065722c3133343070782c3070782c2c2c3070782c3070782c3b656469742d6669656c642d7465617365722d696d6167652d647261676761626c652d777261707065722c3134303070782c3070782c2c2c3070782c3070782c3b656469742d6669656c642d7465617365722d647261676761626c652d777261707065722c3135323070782c3070782c74657874617265612c656469742d6669656c642d7465617365722d756e642d302d76616c75652c35333070782c393670782c3b656469742d6669656c642d7465617365722d626f64792d647261676761626c652d777261707065722c3233303070782c3070782c74657874617265612c656469742d6669656c642d7465617365722d626f64792d756e642d302d76616c75652c35333070782c393670782c3b656469742d6164646974696f6e616c2d73657474696e67732d766572746963616c2d746162732d647261676761626c652d777261707065722c3331303070782c3070782c74657874617265612c656469742d6d656e752d6465736372697074696f6e2c31303070782c31363070782c3b656469742d616374696f6e732d647261676761626c652d777261707065722c3333373070782c3070782c2c2c3070782c3070782c3b7e7e6d6178426f74746f6d7e7e2c333437357078223b),
('date_api_version', 0x733a333a22372e32223b),
('comment_preview_mt_event', 0x733a313a2231223b),
('mail_system', 0x613a313a7b733a31343a2264656661756c742d73797374656d223b733a31373a2244656661756c744d61696c53797374656d223b7d),
('captcha_administration_mode', 0x693a303b),
('captcha_allow_on_admin_pages', 0x693a303b),
('captcha_default_challenge', 0x733a31323a22636170746368612f4d617468223b),
('captcha_add_captcha_description', 0x693a313b),
('captcha_description', 0x733a3130333a2254686973207175657374696f6e20697320666f722074657374696e67207768657468657220796f752061726520612068756d616e2076697369746f7220616e6420746f2070726576656e74206175746f6d61746564207370616d207375626d697373696f6e732e223b),
('captcha_default_validation', 0x733a313a2231223b),
('captcha_persistence', 0x733a313a2231223b),
('captcha_log_wrong_responses', 0x693a303b),
('field_bundle_settings_node__page', 0x613a323a7b733a31303a22766965775f6d6f646573223b613a373a7b733a363a22746561736572223b613a313a7b733a31353a22637573746f6d5f73657474696e6773223b623a313b7d733a343a2266756c6c223b613a313a7b733a31353a22637573746f6d5f73657474696e6773223b623a303b7d733a333a22727373223b613a313a7b733a31353a22637573746f6d5f73657474696e6773223b623a303b7d733a31323a227365617263685f696e646578223b613a313a7b733a31353a22637573746f6d5f73657474696e6773223b623a303b7d733a31333a227365617263685f726573756c74223b613a313a7b733a31353a22637573746f6d5f73657474696e6773223b623a303b7d733a353a22746f6b656e223b613a313a7b733a31353a22637573746f6d5f73657474696e6773223b623a303b7d733a383a227265766973696f6e223b613a313a7b733a31353a22637573746f6d5f73657474696e6773223b623a303b7d7d733a31323a2265787472615f6669656c6473223b613a323a7b733a343a22666f726d223b613a323a7b733a353a227469746c65223b613a313a7b733a363a22776569676874223b733a313a2230223b7d733a343a2270617468223b613a313a7b733a363a22776569676874223b733a313a2233223b7d7d733a373a22646973706c6179223b613a303a7b7d7d7d),
('cache', 0x693a313b),
('cache_lifetime', 0x733a313a2230223b),
('page_cache_maximum_age', 0x733a313a2230223b),
('block_cache', 0x693a313b),
('page_compression', 0x693a313b),
('preprocess_css', 0x693a303b),
('preprocess_js', 0x693a303b),
('mimemail_linkonly', 0x693a303b),
('mimemail_format', 0x733a31303a22706c61696e5f74657874223b),
('mimemail_incoming', 0x693a303b),
('image_captcha_fonts_preview_map_cache', 0x613a333a7b733a33323a223264306536333835306539316565326339393962323265343165623062323063223b4f3a383a22737464436c617373223a333a7b733a333a22757269223b733a36313a2273697465732f616c6c2f6d6f64756c65732f636170746368612f696d6167655f636170746368612f666f6e74732f5465736f782f7465736f782e747466223b733a383a2266696c656e616d65223b733a393a227465736f782e747466223b733a343a226e616d65223b733a353a227465736f78223b7d733a33323a226333316230666533636339653538653938363836373266633938383266333235223b4f3a383a22737464436c617373223a333a7b733a333a22757269223b733a36363a2273697465732f616c6c2f6d6f64756c65732f636170746368612f696d6167655f636170746368612f666f6e74732f54756666792f54756666795f426f6c642e747466223b733a383a2266696c656e616d65223b733a31343a2254756666795f426f6c642e747466223b733a343a226e616d65223b733a31303a2254756666795f426f6c64223b7d733a33323a226365393261346465323061613164366566643133386533636438646665363030223b4f3a383a22737464436c617373223a333a7b733a333a22757269223b733a36313a2273697465732f616c6c2f6d6f64756c65732f636170746368612f696d6167655f636170746368612f666f6e74732f54756666792f54756666792e747466223b733a383a2266696c656e616d65223b733a393a2254756666792e747466223b733a343a226e616d65223b733a353a225475666679223b7d7d),
('mimemail_mail', 0x733a32323a2277656261646d696e4072657461696c696e672e6f7267223b),
('mimemail_simple_address', 0x693a303b),
('mimemail_sitestyle', 0x693a303b),
('mimemail_textonly', 0x693a303b),
('image', 0x733a303a22223b),
('captcha_sid', 0x693a323b),
('captcha_token', 0x733a33323a226233353433323366353534306335353435323231656637663133396363346366223b),
('captcha_response', 0x733a353a224266426569223b),
('image_captcha_image_allowed_chars', 0x733a33393a2261416242436445654666474868696a4b4c4d6d4e505152725354745758595a3233343536373839223b),
('image_captcha_code_length', 0x733a313a2235223b),
('image_captcha_fonts', 0x613a323a7b733a36313a2273697465732f616c6c2f6d6f64756c65732f636170746368612f696d6167655f636170746368612f666f6e74732f5465736f782f7465736f782e747466223b733a36313a2273697465732f616c6c2f6d6f64756c65732f636170746368612f696d6167655f636170746368612f666f6e74732f5465736f782f7465736f782e747466223b733a36313a2273697465732f616c6c2f6d6f64756c65732f636170746368612f696d6167655f636170746368612f666f6e74732f54756666792f54756666792e747466223b733a36313a2273697465732f616c6c2f6d6f64756c65732f636170746368612f696d6167655f636170746368612f666f6e74732f54756666792f54756666792e747466223b7d),
('mimemail_engine', 0x4e3b),
('mailsystem_theme', 0x733a373a2263757272656e74223b),
('image_captcha_font_size', 0x733a323a223330223b),
('image_captcha_character_spacing', 0x733a333a22312e32223b),
('image_captcha_background_color', 0x733a373a2223666666666666223b),
('image_captcha_foreground_color', 0x733a373a2223303030303030223b),
('image_captcha_foreground_color_randomness', 0x733a333a22313030223b),
('image_captcha_file_format', 0x733a313a2231223b),
('image_captcha_distortion_amplitude', 0x733a313a2230223b),
('image_captcha_bilinear_interpolation', 0x693a303b),
('image_captcha_dot_noise', 0x693a303b),
('image_captcha_line_noise', 0x693a303b),
('image_captcha_noise_level', 0x733a313a2235223b),
('mimemail_alter', 0x623a303b),
('mimemail_name', 0x733a31383a224552412044324320436f6e76656e74696f6e223b),
('additional_settings__active_tab_webform', 0x733a31353a22656469742d7375626d697373696f6e223b),
('node_preview_webform', 0x733a313a2231223b),
('node_options_webform', 0x613a323a7b693a303b733a363a22737461747573223b693a313b733a373a2270726f6d6f7465223b7d),
('node_submitted_webform', 0x693a303b),
('comment_webform', 0x733a313a2231223b),
('comment_default_mode_webform', 0x693a303b),
('comment_default_per_page_webform', 0x733a323a223530223b),
('comment_anonymous_webform', 0x693a303b),
('comment_subject_field_webform', 0x693a313b),
('comment_form_location_webform', 0x693a313b),
('comment_preview_webform', 0x733a313a2230223b),
('menu_options_webform', 0x613a313a7b693a303b733a393a226d61696e2d6d656e75223b7d),
('menu_parent_webform', 0x733a31313a226d61696e2d6d656e753a30223b),
('webform_node_types', 0x613a313a7b693a303b733a373a22776562666f726d223b7d),
('webform_template_lang', 0x693a313b),
('webform_template_dest', 0x613a313a7b733a373a22776562666f726d223b733a373a22776562666f726d223b7d),
('webform_template_src', 0x613a313a7b733a373a22776562666f726d223b733a373a22776562666f726d223b7d),
('mimemail_key', 0x733a33323a223364353663316136643265613966376531663266393764363937383762303662223b);
INSERT INTO `variable` (`name`, `value`) VALUES
('arrange_fields_position_data_exhibitor_node_form', 0x733a313738393a22656469742d7469746c652d647261676761626c652d777261707065722c3070782c3070782c696e7075742c656469742d7469746c652c33313870782c313570782c2c2c2c2c3b656469742d6669656c642d70686f6e652d647261676761626c652d777261707065722c35303070782c3070782c696e7075742c656469742d6669656c642d70686f6e652d756e642d302d76616c75652c33313870782c313570782c2c2c2c2c3b656469742d6669656c642d656d61696c2d647261676761626c652d777261707065722c35383070782c3070782c696e7075742c656469742d6669656c642d656d61696c2d756e642d302d76616c75652c33313870782c313570782c2c2c2c2c3b656469742d6669656c642d776562736974652d647261676761626c652d777261707065722c36363070782c3070782c696e7075742c656469742d6669656c642d776562736974652d756e642d302d76616c75652c33313870782c313570782c2c2c2c2c3b656469742d6669656c642d626f6f74682d636f6e746163742d647261676761626c652d777261707065722c37333070782c3070782c696e7075742c656469742d6669656c642d626f6f74682d636f6e746163742d756e642d302d76616c75652c33313870782c313570782c2c2c2c2c3b656469742d6669656c642d6465736372697074696f6e2d647261676761626c652d777261707065722c38303070782c3070782c74657874617265612c656469742d6669656c642d6465736372697074696f6e2d756e642d302d76616c75652c31373970782c3070782c3530302c3230302c2c746f702c3b656469742d6669656c642d73686f772d67756964652d6465736372697074696f6e2d647261676761626c652d777261707065722c3135323070782c3070782c74657874617265612c656469742d6669656c642d73686f772d67756964652d6465736372697074696f6e2d756e642d302d76616c75652c32313870782c3070782c2c3130302c2c746f702c3b656469742d6669656c642d6f72672d747970652d647261676761626c652d777261707065722c373070782c33333070782c2c2c3070782c3070782c2c2c2c2c3b656469742d6669656c642d6572612d6d656d6265722d647261676761626c652d777261707065722c373070782c31383070782c2c2c3070782c3070782c2c2c2c2c3b656469742d6669656c642d696d6167652d647261676761626c652d777261707065722c3232303070782c3070782c2c2c3070782c3070782c3530302c3130302c2c746f702c3b656469742d6669656c642d746167732d647261676761626c652d777261707065722c3235383070782c3070782c696e7075742c656469742d6669656c642d746167732d756e642c33313870782c313570782c2c2c2c2c3b656469742d6669656c642d627573696e6573732d63617465676f726965732d647261676761626c652d777261707065722c32383070782c37343070782c2c2c3070782c3070782c2c2c2c2c3b656469742d6669656c642d626f6f74682d747970652d647261676761626c652d777261707065722c373070782c3070782c2c2c3070782c3070782c2c2c2c2c3b656469742d6669656c642d6d656574696e672d726f6f6d2d647261676761626c652d777261707065722c31393070782c37343070782c696e7075742c656469742d6669656c642d6d656574696e672d726f6f6d2d756e642d302d76616c75652c33313870782c313570782c2c2c2c2c3b656469742d6669656c642d636f72706f726174652d73756974652d647261676761626c652d777261707065722c31393070782c33373070782c696e7075742c656469742d6669656c642d636f72706f726174652d73756974652d756e642d302d76616c75652c33313870782c313570782c2c2c2c2c3b656469742d6669656c642d626f6f74682d647261676761626c652d777261707065722c31393070782c3070782c696e7075742c656469742d6669656c642d626f6f74682d756e642d302d76616c75652c33313870782c313570782c2c2c2c2c3b656469742d6669656c642d616464726573732d647261676761626c652d777261707065722c32383070782c3070782c696e7075742c656469742d6669656c642d616464726573732d756e642d302d66697273742d6e616d652c32303370782c313570782c3530302c2c2c746f702c3b656469742d6164646974696f6e616c2d73657474696e67732d766572746963616c2d746162732d647261676761626c652d777261707065722c3237343070782c3070782c74657874617265612c656469742d6d656e752d6465736372697074696f6e2c31303070782c3070782c2c2c2c2c3b656469742d616374696f6e732d647261676761626c652d777261707065722c3236363070782c33353070782c2c2c3070782c3070782c2c2c2c2c3b7e7e6d6178426f74746f6d7e7e2c333038347078223b),
('additional_settings__active_tab_register', 0x733a393a22656469742d6d656e75223b),
('node_preview_register', 0x733a313a2231223b),
('node_options_register', 0x613a313a7b693a303b733a363a22737461747573223b7d),
('node_submitted_register', 0x693a303b),
('save_continue_register', 0x733a31393a225361766520616e6420616464206669656c6473223b),
('comment_register', 0x733a313a2231223b),
('comment_default_mode_register', 0x693a313b),
('comment_default_per_page_register', 0x733a323a223530223b),
('comment_anonymous_register', 0x693a303b),
('comment_subject_field_register', 0x693a313b),
('comment_form_location_register', 0x693a313b),
('comment_preview_register', 0x733a313a2231223b),
('menu_options_register', 0x613a313a7b693a303b733a393a226d61696e2d6d656e75223b7d),
('menu_parent_register', 0x733a31313a226d61696e2d6d656e753a30223b),
('field_bundle_settings_node__register', 0x613a323a7b733a31303a22766965775f6d6f646573223b613a373a7b733a363a22746561736572223b613a313a7b733a31353a22637573746f6d5f73657474696e6773223b623a313b7d733a343a2266756c6c223b613a313a7b733a31353a22637573746f6d5f73657474696e6773223b623a303b7d733a333a22727373223b613a313a7b733a31353a22637573746f6d5f73657474696e6773223b623a303b7d733a31323a227365617263685f696e646578223b613a313a7b733a31353a22637573746f6d5f73657474696e6773223b623a303b7d733a31333a227365617263685f726573756c74223b613a313a7b733a31353a22637573746f6d5f73657474696e6773223b623a303b7d733a353a22746f6b656e223b613a313a7b733a31353a22637573746f6d5f73657474696e6773223b623a303b7d733a383a227265766973696f6e223b613a313a7b733a31353a22637573746f6d5f73657474696e6773223b623a303b7d7d733a31323a2265787472615f6669656c6473223b613a323a7b733a343a22666f726d223b613a323a7b733a353a227469746c65223b613a313a7b733a363a22776569676874223b733a313a2230223b7d733a343a2270617468223b613a313a7b733a363a22776569676874223b733a313a2237223b7d7d733a373a22646973706c6179223b613a303a7b7d7d7d),
('date_popup_timepicker', 0x733a343a226e6f6e65223b),
('captcha_wrong_response_counter', 0x693a313b),
('additional_settings__active_tab_mt_event', 0x733a31323a22656469742d646973706c6179223b),
('additional_settings__active_tab_slideshow_new', 0x733a31333a22656469742d776f726b666c6f77223b),
('node_preview_slideshow_new', 0x733a313a2231223b),
('node_options_slideshow_new', 0x613a313a7b693a303b733a363a22737461747573223b7d),
('node_submitted_slideshow_new', 0x693a313b),
('captcha_placement_map_cache', 0x613a313a7b733a31373a22636f6e746163745f736974655f666f726d223b613a333a7b733a343a2270617468223b613a303a7b7d733a333a226b6579223b733a373a22616374696f6e73223b733a363a22776569676874223b693a39393b7d7d),
('save_continue_slideshow_new', 0x733a31393a225361766520616e6420616464206669656c6473223b),
('ds_extras_field_template', 0x693a313b),
('ft-default', 0x733a31313a227468656d655f6669656c64223b),
('ft-kill-colon', 0x693a303b),
('ds_extras_fields_extra', 0x693a313b),
('ds_extras_fields_extra_list', 0x733a303a22223b),
('ds_extras_switch_view_mode', 0x693a303b),
('ds_extras_hide_page_title', 0x693a303b),
('ds_extras_hide_page_sidebars', 0x693a303b),
('ds_extras_field_permissions', 0x693a303b),
('ds_extras_region_to_block', 0x693a303b),
('ds_extras_vd', 0x693a303b),
('ds_extras_switch_field', 0x693a303b),
('ds_extras_hidden_region', 0x693a303b),
('comment_slideshow_new', 0x733a313a2231223b),
('comment_default_mode_slideshow_new', 0x693a313b),
('comment_default_per_page_slideshow_new', 0x733a323a223530223b),
('comment_anonymous_slideshow_new', 0x693a303b),
('comment_subject_field_slideshow_new', 0x693a313b),
('comment_form_location_slideshow_new', 0x693a313b),
('comment_preview_slideshow_new', 0x733a313a2231223b),
('menu_options_slideshow_new', 0x613a313a7b693a303b733a393a226d61696e2d6d656e75223b7d),
('menu_parent_slideshow_new', 0x733a31313a226d61696e2d6d656e753a30223b),
('field_bundle_settings_node__slideshow_new', 0x613a323a7b733a31303a22766965775f6d6f646573223b613a373a7b733a363a22746561736572223b613a313a7b733a31353a22637573746f6d5f73657474696e6773223b623a313b7d733a343a2266756c6c223b613a313a7b733a31353a22637573746f6d5f73657474696e6773223b623a303b7d733a333a22727373223b613a313a7b733a31353a22637573746f6d5f73657474696e6773223b623a303b7d733a31323a227365617263685f696e646578223b613a313a7b733a31353a22637573746f6d5f73657474696e6773223b623a303b7d733a31333a227365617263685f726573756c74223b613a313a7b733a31353a22637573746f6d5f73657474696e6773223b623a303b7d733a353a22746f6b656e223b613a313a7b733a31353a22637573746f6d5f73657474696e6773223b623a303b7d733a383a227265766973696f6e223b613a313a7b733a31353a22637573746f6d5f73657474696e6773223b623a303b7d7d733a31323a2265787472615f6669656c6473223b613a323a7b733a343a22666f726d223b613a323a7b733a353a227469746c65223b613a313a7b733a363a22776569676874223b733a313a2230223b7d733a343a2270617468223b613a313a7b733a363a22776569676874223b733a313a2235223b7d7d733a373a22646973706c6179223b613a303a7b7d7d7d),
('arrange_fields_position_data_event_node_form', 0x733a313334313a22656469742d7469746c652d647261676761626c652d777261707065722c3070782c3070782c696e7075742c656469742d7469746c652c33373870782c313570782c2c2c2c2c3b656469742d6669656c642d6576656e742d747970652d647261676761626c652d777261707065722c363070782c3070782c2c2c3070782c3070782c2c2c2c2c3b656469742d6669656c642d646174652d647261676761626c652d777261707065722c343070782c34383070782c696e7075742c656469742d6669656c642d646174652d756e642d302d76616c75652d646174657069636b65722d706f7075702d302c31333870782c313570782c2c2c2c2c3b656469742d6669656c642d74696d652d647261676761626c652d777261707065722c343070782c37323070782c696e7075742c656469742d6669656c642d74696d652d756e642d302d76616c75652c31303870782c313570782c2c2c2c2c3b656469742d6669656c642d6c6f636174696f6e2d647261676761626c652d777261707065722c36313070782c3070782c696e7075742c656469742d6669656c642d6c6f636174696f6e2d756e642d302d76616c75652c33373870782c313570782c2c2c2c2c3b656469742d6669656c642d696d6167652d647261676761626c652d777261707065722c32343070782c3070782c2c2c3070782c3070782c2c2c2c2c3b656469742d626f64792d647261676761626c652d777261707065722c37313070782c3070782c74657874617265612c656469742d626f64792d756e642d302d73756d6d6172792c36393070782c363570782c2c2c2c2c3b656469742d6669656c642d7465617365722d696d6167652d647261676761626c652d777261707065722c3137323070782c3070782c2c2c3070782c3070782c2c2c2c2c3b656469742d6669656c642d7465617365722d647261676761626c652d777261707065722c3138323070782c3070782c74657874617265612c656469742d6669656c642d7465617365722d756e642d302d76616c75652c36393070782c3870782c2c2c2c2c3b656469742d6669656c642d7465617365722d626f64792d647261676761626c652d777261707065722c3233333070782c3070782c74657874617265612c656469742d6669656c642d7465617365722d626f64792d756e642d302d76616c75652c36393070782c363570782c2c2c2c2c3b656469742d6669656c642d746167732d647261676761626c652d777261707065722c3239323070782c3070782c696e7075742c656469742d6669656c642d746167732d756e642c33373870782c313570782c2c2c2c2c3b656469742d6669656c642d6d742d736c69646573686f772d746578742d647261676761626c652d777261707065722c3239383070782c3070782c74657874617265612c656469742d6669656c642d6d742d736c69646573686f772d746578742d756e642d302d76616c75652c36393070782c33353070782c2c2c2c2c3b656469742d6669656c642d736c69646573686f772d647261676761626c652d777261707065722c3338333070782c3070782c2c2c3070782c3070782c2c2c2c2c3b656469742d6164646974696f6e616c2d73657474696e67732d766572746963616c2d746162732d647261676761626c652d777261707065722c3339303070782c3070782c74657874617265612c656469742d6d656e752d6465736372697074696f6e2c31303070782c3070782c2c2c2c2c3b656469742d616374696f6e732d647261676761626c652d777261707065722c3431343070782c3070782c2c2c3070782c3070782c2c2c2c2c3b7e7e6d6178426f74746f6d7e7e2c343230337078223b),
('views_defaults', 0x613a313a7b733a31333a227461786f6e6f6d795f7465726d223b623a303b7d),
('additional_settings__active_tab_event_p', 0x733a393a22656469742d6d656e75223b),
('node_options_event_p', 0x613a313a7b693a303b733a363a22737461747573223b7d),
('node_submitted_event_p', 0x693a313b),
('save_continue_event_p', 0x733a31393a225361766520616e6420616464206669656c6473223b),
('comment_default_per_page_mt_event', 0x733a323a223530223b),
('save_continue_mt_event', 0x733a31393a225361766520616e6420616464206669656c6473223b),
('comment_mt_event', 0x733a313a2231223b),
('menu_options_event_p', 0x613a313a7b693a303b733a393a226d61696e2d6d656e75223b7d),
('menu_parent_event_p', 0x733a31313a226d61696e2d6d656e753a30223b),
('field_bundle_settings_node__mt_event', 0x613a323a7b733a31303a22766965775f6d6f646573223b613a373a7b733a363a22746561736572223b613a313a7b733a31353a22637573746f6d5f73657474696e6773223b623a313b7d733a343a2266756c6c223b613a313a7b733a31353a22637573746f6d5f73657474696e6773223b623a303b7d733a333a22727373223b613a313a7b733a31353a22637573746f6d5f73657474696e6773223b623a303b7d733a31323a227365617263685f696e646578223b613a313a7b733a31353a22637573746f6d5f73657474696e6773223b623a303b7d733a31333a227365617263685f726573756c74223b613a313a7b733a31353a22637573746f6d5f73657474696e6773223b623a303b7d733a353a22746f6b656e223b613a313a7b733a31353a22637573746f6d5f73657474696e6773223b623a303b7d733a383a227265766973696f6e223b613a313a7b733a31353a22637573746f6d5f73657474696e6773223b623a303b7d7d733a31323a2265787472615f6669656c6473223b613a323a7b733a343a22666f726d223b613a323a7b733a353a227469746c65223b613a313a7b733a363a22776569676874223b733a313a2230223b7d733a343a2270617468223b613a313a7b733a363a22776569676874223b733a313a2237223b7d7d733a373a22646973706c6179223b613a303a7b7d7d7d),
('page_manager_search_disabled_node', 0x623a313b);

-- --------------------------------------------------------

--
-- Table structure for table `views_display`
--

CREATE TABLE IF NOT EXISTS `views_display` (
  `vid` int(10) unsigned NOT NULL DEFAULT '0' COMMENT 'The view this display is attached to.',
  `id` varchar(64) NOT NULL DEFAULT '' COMMENT 'An identifier for this display; usually generated from the display_plugin, so should be something like page or page_1 or block_2, etc.',
  `display_title` varchar(64) NOT NULL DEFAULT '' COMMENT 'The title of the display, viewable by the administrator.',
  `display_plugin` varchar(64) NOT NULL DEFAULT '' COMMENT 'The type of the display. Usually page, block or embed, but is pluggable so may be other things.',
  `position` int(11) DEFAULT '0' COMMENT 'The order in which this display is loaded.',
  `display_options` longtext COMMENT 'A serialized array of options for this display; it contains options that are generally only pertinent to that display plugin type.',
  PRIMARY KEY (`vid`,`id`),
  KEY `vid` (`vid`,`position`)
) ENGINE=MyISAM DEFAULT CHARSET=utf8 COMMENT='Stores information about each display attached to a view.';

--
-- Dumping data for table `views_display`
--

INSERT INTO `views_display` (`vid`, `id`, `display_title`, `display_plugin`, `position`, `display_options`) VALUES
(1, 'block_1', 'D2C Highlights', 'block', 2, 'a:3:{s:5:"query";a:2:{s:4:"type";s:11:"views_query";s:7:"options";a:0:{}}s:19:"display_description";s:28:"Display the latest products.";s:17:"block_description";s:14:"D2C Highlights";}'),
(3, 'default', 'Master', 'default', 1, 'a:11:{s:5:"query";a:2:{s:4:"type";s:11:"views_query";s:7:"options";a:1:{s:13:"query_comment";b:0;}}s:6:"access";a:1:{s:4:"type";s:4:"none";}s:5:"cache";a:1:{s:4:"type";s:4:"none";}s:12:"exposed_form";a:1:{s:4:"type";s:5:"basic";}s:5:"pager";a:2:{s:4:"type";s:4:"some";s:7:"options";a:2:{s:14:"items_per_page";s:1:"6";s:6:"offset";s:1:"0";}}s:12:"style_plugin";s:7:"default";s:10:"row_plugin";s:6:"fields";s:11:"row_options";a:2:{s:10:"hide_empty";i:0;s:22:"default_field_elements";i:1;}s:6:"fields";a:1:{s:11:"field_image";a:19:{s:2:"id";s:11:"field_image";s:5:"table";s:22:"field_data_field_image";s:5:"field";s:11:"field_image";s:5:"label";s:0:"";s:5:"alter";a:13:{s:10:"alter_text";i:0;s:9:"make_link";i:0;s:8:"absolute";i:0;s:8:"external";i:0;s:14:"replace_spaces";i:0;s:15:"trim_whitespace";i:0;s:5:"nl2br";i:0;s:13:"word_boundary";i:1;s:8:"ellipsis";i:1;s:9:"more_link";i:0;s:10:"strip_tags";i:0;s:4:"trim";i:0;s:4:"html";i:0;}s:19:"element_label_colon";b:0;s:23:"element_default_classes";i:1;s:10:"hide_empty";i:0;s:10:"empty_zero";i:0;s:16:"hide_alter_empty";i:0;s:17:"click_sort_column";s:3:"fid";s:8:"settings";a:2:{s:11:"image_style";s:9:"thumbnail";s:10:"image_link";s:7:"content";}s:12:"group_column";s:3:"fid";s:10:"group_rows";i:1;s:11:"delta_limit";s:1:"1";s:12:"delta_offset";s:1:"0";s:14:"delta_reversed";i:0;s:16:"delta_first_last";i:0;s:17:"field_api_classes";i:0;}}s:5:"sorts";a:2:{s:6:"sticky";a:4:{s:2:"id";s:6:"sticky";s:5:"table";s:4:"node";s:5:"field";s:6:"sticky";s:5:"order";s:4:"DESC";}s:7:"created";a:4:{s:2:"id";s:7:"created";s:5:"table";s:4:"node";s:5:"field";s:7:"created";s:5:"order";s:4:"DESC";}}s:7:"filters";a:3:{s:12:"status_extra";a:5:{s:2:"id";s:12:"status_extra";s:5:"table";s:4:"node";s:5:"field";s:12:"status_extra";s:5:"group";i:0;s:6:"expose";a:1:{s:8:"operator";b:0;}}s:4:"type";a:5:{s:2:"id";s:4:"type";s:5:"table";s:4:"node";s:5:"field";s:4:"type";s:5:"value";a:1:{s:10:"mt_product";s:10:"mt_product";}s:5:"group";s:1:"0";}s:5:"delta";a:4:{s:2:"id";s:5:"delta";s:5:"table";s:22:"field_data_field_image";s:5:"field";s:5:"delta";s:5:"value";a:1:{s:5:"value";s:1:"0";}}}}'),
(4, 'block_1', 'Promoted posts', 'block', 2, 'a:3:{s:5:"query";a:2:{s:4:"type";s:11:"views_query";s:7:"options";a:0:{}}s:19:"display_description";s:27:"Display the promoted posts.";s:17:"block_description";s:14:"Promoted posts";}'),
(5, 'default', 'Master', 'default', 1, 'a:10:{s:5:"query";a:2:{s:4:"type";s:11:"views_query";s:7:"options";a:1:{s:13:"query_comment";b:0;}}s:5:"title";s:17:"Exhibit & Sponsor";s:6:"access";a:1:{s:4:"type";s:4:"none";}s:5:"cache";a:1:{s:4:"type";s:4:"none";}s:12:"exposed_form";a:1:{s:4:"type";s:5:"basic";}s:5:"pager";a:2:{s:4:"type";s:4:"full";s:7:"options";a:4:{s:14:"items_per_page";s:1:"5";s:6:"offset";s:1:"0";s:2:"id";s:1:"0";s:6:"expose";a:1:{s:26:"items_per_page_options_all";i:0;}}}s:12:"style_plugin";s:7:"default";s:10:"row_plugin";s:4:"node";s:5:"sorts";a:2:{s:6:"sticky";a:4:{s:2:"id";s:6:"sticky";s:5:"table";s:4:"node";s:5:"field";s:6:"sticky";s:5:"order";s:4:"DESC";}s:7:"created";a:4:{s:2:"id";s:7:"created";s:5:"table";s:4:"node";s:5:"field";s:7:"created";s:5:"order";s:4:"DESC";}}s:7:"filters";a:2:{s:12:"status_extra";a:5:{s:2:"id";s:12:"status_extra";s:5:"table";s:4:"node";s:5:"field";s:12:"status_extra";s:5:"group";i:0;s:6:"expose";a:1:{s:8:"operator";b:0;}}s:4:"type";a:5:{s:2:"id";s:4:"type";s:5:"table";s:4:"node";s:5:"field";s:4:"type";s:5:"value";a:1:{s:10:"mt_service";s:10:"mt_service";}s:5:"group";s:1:"0";}}}'),
(6, 'block_1', 'Slideshow', 'block', 2, 'a:3:{s:5:"query";a:2:{s:4:"type";s:11:"views_query";s:7:"options";a:0:{}}s:19:"display_description";s:25:"Display slideshow entries";s:17:"block_description";s:9:"Slideshow";}'),
(2, 'default', 'Master', 'default', 1, 'a:11:{s:5:"query";a:2:{s:4:"type";s:11:"views_query";s:7:"options";a:1:{s:13:"query_comment";b:0;}}s:5:"title";s:6:"Events";s:6:"access";a:1:{s:4:"type";s:4:"none";}s:5:"cache";a:1:{s:4:"type";s:4:"none";}s:12:"exposed_form";a:1:{s:4:"type";s:5:"basic";}s:5:"pager";a:2:{s:4:"type";s:4:"full";s:7:"options";a:4:{s:14:"items_per_page";s:1:"5";s:6:"offset";s:1:"0";s:2:"id";s:1:"0";s:6:"expose";a:1:{s:26:"items_per_page_options_all";i:0;}}}s:12:"style_plugin";s:7:"default";s:10:"row_plugin";s:4:"node";s:5:"sorts";a:2:{s:6:"sticky";a:4:{s:2:"id";s:6:"sticky";s:5:"table";s:4:"node";s:5:"field";s:6:"sticky";s:5:"order";s:4:"DESC";}s:7:"created";a:4:{s:2:"id";s:7:"created";s:5:"table";s:4:"node";s:5:"field";s:7:"created";s:5:"order";s:4:"DESC";}}s:7:"filters";a:2:{s:12:"status_extra";a:5:{s:2:"id";s:12:"status_extra";s:5:"table";s:4:"node";s:5:"field";s:12:"status_extra";s:5:"group";i:1;s:6:"expose";a:1:{s:8:"operator";b:0;}}s:4:"type";a:11:{s:2:"id";s:4:"type";s:5:"table";s:4:"node";s:5:"field";s:4:"type";s:12:"relationship";s:4:"none";s:10:"group_type";s:5:"group";s:7:"ui_name";s:0:"";s:8:"operator";s:2:"in";s:5:"value";a:1:{s:10:"mt_product";s:10:"mt_product";}s:5:"group";i:1;s:7:"exposed";b:0;s:6:"expose";a:9:{s:11:"operator_id";b:0;s:5:"label";s:0:"";s:12:"use_operator";i:0;s:8:"operator";s:0:"";s:10:"identifier";s:0:"";s:8:"required";i:0;s:8:"remember";i:0;s:8:"multiple";i:0;s:6:"reduce";b:0;}}}s:13:"filter_groups";a:2:{s:8:"operator";s:3:"AND";s:6:"groups";a:1:{i:1;s:3:"AND";}}}'),
(2, 'page', 'Page', 'page', 2, 'a:2:{s:5:"query";a:2:{s:4:"type";s:11:"views_query";s:7:"options";a:0:{}}s:4:"path";s:7:"network";}'),
(16, 'default', 'Master', 'default', 1, 'a:10:{s:5:"query";a:2:{s:4:"type";s:11:"views_query";s:7:"options";a:1:{s:13:"query_comment";b:0;}}s:6:"access";a:1:{s:4:"type";s:4:"none";}s:5:"cache";a:1:{s:4:"type";s:4:"none";}s:12:"exposed_form";a:1:{s:4:"type";s:5:"basic";}s:5:"pager";a:2:{s:4:"type";s:4:"full";s:7:"options";a:5:{s:14:"items_per_page";s:1:"0";s:6:"offset";s:1:"0";s:2:"id";s:1:"0";s:11:"total_pages";s:0:"";s:6:"expose";a:7:{s:14:"items_per_page";i:0;s:20:"items_per_page_label";s:14:"Items per page";s:22:"items_per_page_options";s:17:"5, 10, 20, 40, 60";s:26:"items_per_page_options_all";i:0;s:32:"items_per_page_options_all_label";s:7:"- All -";s:6:"offset";i:0;s:12:"offset_label";s:6:"Offset";}}}s:12:"style_plugin";s:7:"default";s:10:"row_plugin";s:4:"node";s:5:"sorts";a:2:{s:6:"sticky";a:4:{s:2:"id";s:6:"sticky";s:5:"table";s:4:"node";s:5:"field";s:6:"sticky";s:5:"order";s:4:"DESC";}s:7:"created";a:4:{s:2:"id";s:7:"created";s:5:"table";s:4:"node";s:5:"field";s:7:"created";s:5:"order";s:4:"DESC";}}s:9:"arguments";a:2:{s:19:"term_node_tid_depth";a:13:{s:2:"id";s:19:"term_node_tid_depth";s:5:"table";s:4:"node";s:5:"field";s:19:"term_node_tid_depth";s:14:"default_action";s:9:"not found";s:9:"exception";a:1:{s:12:"title_enable";i:1;}s:12:"title_enable";i:1;s:5:"title";s:2:"%1";s:21:"default_argument_type";s:5:"fixed";s:7:"summary";a:1:{s:6:"format";s:15:"default_summary";}s:18:"specify_validation";i:1;s:8:"validate";a:1:{s:4:"type";s:13:"taxonomy_term";}s:5:"depth";s:1:"0";s:12:"break_phrase";i:1;}s:28:"term_node_tid_depth_modifier";a:7:{s:2:"id";s:28:"term_node_tid_depth_modifier";s:5:"table";s:4:"node";s:5:"field";s:28:"term_node_tid_depth_modifier";s:9:"exception";a:1:{s:12:"title_enable";i:1;}s:21:"default_argument_type";s:5:"fixed";s:7:"summary";a:1:{s:6:"format";s:15:"default_summary";}s:18:"specify_validation";i:1;}}s:7:"filters";a:1:{s:12:"status_extra";a:5:{s:2:"id";s:12:"status_extra";s:5:"table";s:4:"node";s:5:"field";s:12:"status_extra";s:5:"group";i:0;s:6:"expose";a:1:{s:8:"operator";b:0;}}}}'),
(7, 'default', 'Master', 'default', 1, 'a:14:{s:5:"query";a:2:{s:4:"type";s:11:"views_query";s:7:"options";a:1:{s:13:"query_comment";b:0;}}s:5:"title";s:21:"Attendee Testimonials";s:8:"use_more";b:1;s:15:"use_more_always";b:1;s:6:"access";a:1:{s:4:"type";s:4:"none";}s:5:"cache";a:1:{s:4:"type";s:4:"none";}s:12:"exposed_form";a:1:{s:4:"type";s:5:"basic";}s:5:"pager";a:2:{s:4:"type";s:4:"some";s:7:"options";a:2:{s:14:"items_per_page";s:1:"3";s:6:"offset";s:1:"0";}}s:12:"style_plugin";s:7:"default";s:10:"row_plugin";s:6:"fields";s:11:"row_options";a:2:{s:10:"hide_empty";i:0;s:22:"default_field_elements";i:1;}s:6:"fields";a:3:{s:5:"title";a:11:{s:2:"id";s:5:"title";s:5:"table";s:4:"node";s:5:"field";s:5:"title";s:5:"label";s:0:"";s:5:"alter";a:12:{s:10:"alter_text";i:0;s:9:"make_link";i:0;s:8:"absolute";i:0;s:8:"external";i:0;s:14:"replace_spaces";i:0;s:15:"trim_whitespace";i:0;s:5:"nl2br";i:0;s:13:"word_boundary";i:1;s:8:"ellipsis";i:1;s:10:"strip_tags";i:0;s:4:"trim";i:0;s:4:"html";i:0;}s:19:"element_label_colon";b:0;s:23:"element_default_classes";i:1;s:10:"hide_empty";i:0;s:10:"empty_zero";i:0;s:16:"hide_alter_empty";i:0;s:12:"link_to_node";i:1;}s:14:"field_subtitle";a:11:{s:2:"id";s:14:"field_subtitle";s:5:"table";s:25:"field_data_field_subtitle";s:5:"field";s:14:"field_subtitle";s:5:"label";s:0:"";s:5:"alter";a:12:{s:10:"alter_text";i:0;s:9:"make_link";i:0;s:8:"absolute";i:0;s:8:"external";i:0;s:14:"replace_spaces";i:0;s:15:"trim_whitespace";i:0;s:5:"nl2br";i:0;s:13:"word_boundary";i:1;s:8:"ellipsis";i:1;s:10:"strip_tags";i:0;s:4:"trim";i:0;s:4:"html";i:0;}s:19:"element_label_colon";b:0;s:23:"element_default_classes";i:1;s:10:"hide_empty";i:0;s:10:"empty_zero";i:0;s:16:"hide_alter_empty";i:0;s:17:"field_api_classes";i:0;}s:4:"body";a:11:{s:2:"id";s:4:"body";s:5:"table";s:15:"field_data_body";s:5:"field";s:4:"body";s:5:"label";s:0:"";s:5:"alter";a:12:{s:10:"alter_text";i:0;s:9:"make_link";i:0;s:8:"absolute";i:0;s:8:"external";i:0;s:14:"replace_spaces";i:0;s:15:"trim_whitespace";i:0;s:5:"nl2br";i:0;s:13:"word_boundary";i:1;s:8:"ellipsis";i:1;s:10:"strip_tags";i:0;s:4:"trim";i:0;s:4:"html";i:0;}s:19:"element_label_colon";b:0;s:23:"element_default_classes";i:1;s:10:"hide_empty";i:0;s:10:"empty_zero";i:0;s:16:"hide_alter_empty";i:0;s:17:"field_api_classes";i:0;}}s:5:"sorts";a:2:{s:6:"sticky";a:4:{s:2:"id";s:6:"sticky";s:5:"table";s:4:"node";s:5:"field";s:6:"sticky";s:5:"order";s:4:"DESC";}s:7:"created";a:4:{s:2:"id";s:7:"created";s:5:"table";s:4:"node";s:5:"field";s:7:"created";s:5:"order";s:4:"DESC";}}s:7:"filters";a:2:{s:12:"status_extra";a:5:{s:2:"id";s:12:"status_extra";s:5:"table";s:4:"node";s:5:"field";s:12:"status_extra";s:5:"group";i:0;s:6:"expose";a:1:{s:8:"operator";b:0;}}s:4:"type";a:5:{s:2:"id";s:4:"type";s:5:"table";s:4:"node";s:5:"field";s:4:"type";s:5:"value";a:1:{s:14:"mt_testimonial";s:14:"mt_testimonial";}s:5:"group";s:1:"0";}}}'),
(7, 'page', 'Page', 'page', 2, 'a:6:{s:5:"query";a:2:{s:4:"type";s:11:"views_query";s:7:"options";a:0:{}}s:8:"defaults";a:3:{s:8:"use_more";b:0;s:5:"pager";b:0;s:6:"fields";b:0;}s:15:"use_more_always";b:1;s:5:"pager";a:2:{s:4:"type";s:4:"full";s:7:"options";a:4:{s:14:"items_per_page";s:1:"5";s:6:"offset";s:1:"0";s:2:"id";s:1:"0";s:6:"expose";a:1:{s:26:"items_per_page_options_all";i:0;}}}s:6:"fields";a:3:{s:5:"title";a:12:{s:2:"id";s:5:"title";s:5:"table";s:4:"node";s:5:"field";s:5:"title";s:5:"label";s:0:"";s:7:"exclude";b:1;s:5:"alter";a:12:{s:10:"alter_text";i:0;s:9:"make_link";i:0;s:8:"absolute";i:0;s:8:"external";i:0;s:14:"replace_spaces";i:0;s:15:"trim_whitespace";i:0;s:5:"nl2br";i:0;s:13:"word_boundary";i:1;s:8:"ellipsis";i:1;s:10:"strip_tags";i:0;s:4:"trim";i:0;s:4:"html";i:0;}s:19:"element_label_colon";b:0;s:23:"element_default_classes";i:1;s:10:"hide_empty";i:0;s:10:"empty_zero";i:0;s:16:"hide_alter_empty";i:0;s:12:"link_to_node";i:1;}s:14:"field_subtitle";a:12:{s:2:"id";s:14:"field_subtitle";s:5:"table";s:25:"field_data_field_subtitle";s:5:"field";s:14:"field_subtitle";s:5:"label";s:0:"";s:7:"exclude";b:1;s:5:"alter";a:12:{s:10:"alter_text";i:0;s:9:"make_link";i:0;s:8:"absolute";i:0;s:8:"external";i:0;s:14:"replace_spaces";i:0;s:15:"trim_whitespace";i:0;s:5:"nl2br";i:0;s:13:"word_boundary";i:1;s:8:"ellipsis";i:1;s:10:"strip_tags";i:0;s:4:"trim";i:0;s:4:"html";i:0;}s:19:"element_label_colon";b:0;s:23:"element_default_classes";i:1;s:10:"hide_empty";i:0;s:10:"empty_zero";i:0;s:16:"hide_alter_empty";i:0;s:17:"field_api_classes";i:0;}s:4:"body";a:11:{s:2:"id";s:4:"body";s:5:"table";s:15:"field_data_body";s:5:"field";s:4:"body";s:5:"label";s:0:"";s:5:"alter";a:14:{s:10:"alter_text";i:1;s:4:"text";s:199:"<div class="testimonial page">\r\n<div class="shadow">\r\n<div class="testimonial-inner page">\r\n[body]\r\n</div>\r\n</div>\r\n<div class="testimonial-submitted page">\r\n[title]\r\n[field_subtitle]\r\n</div>\r\n</div>";s:9:"make_link";i:0;s:8:"absolute";i:0;s:8:"external";i:0;s:14:"replace_spaces";i:0;s:15:"trim_whitespace";i:0;s:5:"nl2br";i:0;s:13:"word_boundary";i:1;s:8:"ellipsis";i:1;s:9:"more_link";i:0;s:10:"strip_tags";i:0;s:4:"trim";i:0;s:4:"html";i:0;}s:19:"element_label_colon";b:0;s:23:"element_default_classes";i:1;s:10:"hide_empty";i:0;s:10:"empty_zero";i:0;s:16:"hide_alter_empty";i:0;s:17:"field_api_classes";i:0;}}s:4:"path";s:12:"testimonials";}'),
(7, 'block_1', 'Block', 'block', 3, 'a:4:{s:5:"query";a:2:{s:4:"type";s:11:"views_query";s:7:"options";a:0:{}}s:8:"defaults";a:1:{s:6:"fields";b:0;}s:6:"fields";a:3:{s:5:"title";a:12:{s:2:"id";s:5:"title";s:5:"table";s:4:"node";s:5:"field";s:5:"title";s:5:"label";s:0:"";s:7:"exclude";b:1;s:5:"alter";a:12:{s:10:"alter_text";i:0;s:9:"make_link";i:0;s:8:"absolute";i:0;s:8:"external";i:0;s:14:"replace_spaces";i:0;s:15:"trim_whitespace";i:0;s:5:"nl2br";i:0;s:13:"word_boundary";i:1;s:8:"ellipsis";i:1;s:10:"strip_tags";i:0;s:4:"trim";i:0;s:4:"html";i:0;}s:19:"element_label_colon";b:0;s:23:"element_default_classes";i:1;s:10:"hide_empty";i:0;s:10:"empty_zero";i:0;s:16:"hide_alter_empty";i:0;s:12:"link_to_node";i:1;}s:14:"field_subtitle";a:12:{s:2:"id";s:14:"field_subtitle";s:5:"table";s:25:"field_data_field_subtitle";s:5:"field";s:14:"field_subtitle";s:5:"label";s:0:"";s:7:"exclude";b:1;s:5:"alter";a:12:{s:10:"alter_text";i:0;s:9:"make_link";i:0;s:8:"absolute";i:0;s:8:"external";i:0;s:14:"replace_spaces";i:0;s:15:"trim_whitespace";i:0;s:5:"nl2br";i:0;s:13:"word_boundary";i:1;s:8:"ellipsis";i:1;s:10:"strip_tags";i:0;s:4:"trim";i:0;s:4:"html";i:0;}s:19:"element_label_colon";b:0;s:23:"element_default_classes";i:1;s:10:"hide_empty";i:0;s:10:"empty_zero";i:0;s:16:"hide_alter_empty";i:0;s:17:"field_api_classes";i:0;}s:4:"body";a:11:{s:2:"id";s:4:"body";s:5:"table";s:15:"field_data_body";s:5:"field";s:4:"body";s:5:"label";s:0:"";s:5:"alter";a:14:{s:10:"alter_text";i:1;s:4:"text";s:190:"<div class="testimonial">\r\n\r\n<div class="shadow">\r\n<div class="testimonial-inner">\r\n[body]\r\n</div>\r\n</div>\r\n\r\n<div class="testimonial-submitted">\r\n[title]\r\n[field_subtitle]\r\n</div>\r\n\r\n</div>";s:9:"make_link";i:0;s:8:"absolute";i:0;s:8:"external";i:0;s:14:"replace_spaces";i:0;s:15:"trim_whitespace";i:0;s:5:"nl2br";i:0;s:13:"word_boundary";i:1;s:8:"ellipsis";i:1;s:9:"more_link";i:0;s:10:"strip_tags";i:0;s:4:"trim";i:0;s:4:"html";i:0;}s:19:"element_label_colon";b:0;s:23:"element_default_classes";i:1;s:10:"hide_empty";i:0;s:10:"empty_zero";i:0;s:16:"hide_alter_empty";i:0;s:17:"field_api_classes";i:0;}}s:17:"block_description";s:12:"Testimonials";}'),
(1, 'default', 'Master', 'default', 1, 'a:13:{s:5:"query";a:2:{s:4:"type";s:11:"views_query";s:7:"options";a:1:{s:13:"query_comment";b:0;}}s:5:"title";s:14:"D2C Highlights";s:6:"access";a:1:{s:4:"type";s:4:"none";}s:5:"cache";a:1:{s:4:"type";s:4:"none";}s:12:"exposed_form";a:1:{s:4:"type";s:5:"basic";}s:5:"pager";a:2:{s:4:"type";s:4:"some";s:7:"options";a:2:{s:14:"items_per_page";s:1:"5";s:6:"offset";s:1:"0";}}s:12:"style_plugin";s:7:"default";s:13:"style_options";a:2:{s:8:"grouping";s:0:"";s:9:"row_class";s:8:"clearfix";}s:10:"row_plugin";s:6:"fields";s:11:"row_options";a:2:{s:10:"hide_empty";i:0;s:22:"default_field_elements";i:1;}s:6:"fields";a:4:{s:11:"field_image";a:19:{s:2:"id";s:11:"field_image";s:5:"table";s:22:"field_data_field_image";s:5:"field";s:11:"field_image";s:5:"label";s:0:"";s:5:"alter";a:13:{s:10:"alter_text";i:0;s:9:"make_link";i:0;s:8:"absolute";i:0;s:8:"external";i:0;s:14:"replace_spaces";i:0;s:15:"trim_whitespace";i:0;s:5:"nl2br";i:0;s:13:"word_boundary";i:1;s:8:"ellipsis";i:1;s:9:"more_link";i:0;s:10:"strip_tags";i:0;s:4:"trim";i:0;s:4:"html";i:0;}s:19:"element_label_colon";b:0;s:23:"element_default_classes";i:1;s:10:"hide_empty";i:1;s:10:"empty_zero";i:0;s:16:"hide_alter_empty";i:0;s:17:"click_sort_column";s:3:"fid";s:8:"settings";a:2:{s:11:"image_style";s:5:"small";s:10:"image_link";s:7:"content";}s:12:"group_column";s:3:"fid";s:10:"group_rows";i:1;s:11:"delta_limit";s:1:"1";s:12:"delta_offset";s:1:"0";s:14:"delta_reversed";i:0;s:16:"delta_first_last";i:0;s:17:"field_api_classes";i:0;}s:5:"title";a:11:{s:2:"id";s:5:"title";s:5:"table";s:4:"node";s:5:"field";s:5:"title";s:5:"label";s:0:"";s:5:"alter";a:13:{s:10:"alter_text";i:0;s:9:"make_link";i:0;s:8:"absolute";i:0;s:8:"external";i:0;s:14:"replace_spaces";i:0;s:15:"trim_whitespace";i:0;s:5:"nl2br";i:0;s:13:"word_boundary";i:1;s:8:"ellipsis";i:1;s:9:"more_link";i:0;s:10:"strip_tags";i:0;s:4:"trim";i:0;s:4:"html";i:0;}s:19:"element_label_colon";b:0;s:23:"element_default_classes";i:1;s:10:"hide_empty";i:0;s:10:"empty_zero";i:0;s:16:"hide_alter_empty";i:0;s:12:"link_to_node";i:1;}s:4:"body";a:11:{s:2:"id";s:4:"body";s:5:"table";s:15:"field_data_body";s:5:"field";s:4:"body";s:5:"label";s:0:"";s:5:"alter";a:13:{s:10:"alter_text";i:0;s:9:"make_link";i:0;s:8:"absolute";i:0;s:8:"external";i:0;s:14:"replace_spaces";i:0;s:15:"trim_whitespace";i:0;s:5:"nl2br";i:0;s:10:"max_length";s:2:"75";s:13:"word_boundary";i:1;s:8:"ellipsis";i:1;s:10:"strip_tags";i:1;s:4:"trim";i:1;s:4:"html";i:0;}s:19:"element_label_colon";b:0;s:23:"element_default_classes";i:1;s:10:"hide_empty";i:0;s:10:"empty_zero";i:0;s:16:"hide_alter_empty";i:0;s:17:"field_api_classes";i:0;}s:9:"view_node";a:11:{s:2:"id";s:9:"view_node";s:5:"table";s:17:"views_entity_node";s:5:"field";s:9:"view_node";s:5:"label";s:0:"";s:5:"alter";a:12:{s:10:"alter_text";i:0;s:9:"make_link";i:0;s:8:"absolute";i:0;s:8:"external";i:0;s:14:"replace_spaces";i:0;s:15:"trim_whitespace";i:0;s:5:"nl2br";i:0;s:13:"word_boundary";i:1;s:8:"ellipsis";i:1;s:10:"strip_tags";i:0;s:4:"trim";i:0;s:4:"html";i:0;}s:19:"element_label_colon";b:0;s:23:"element_default_classes";i:1;s:10:"hide_empty";i:0;s:10:"empty_zero";i:0;s:16:"hide_alter_empty";i:0;s:4:"text";s:4:"more";}}s:5:"sorts";a:2:{s:6:"sticky";a:4:{s:2:"id";s:6:"sticky";s:5:"table";s:4:"node";s:5:"field";s:6:"sticky";s:5:"order";s:4:"DESC";}s:7:"created";a:4:{s:2:"id";s:7:"created";s:5:"table";s:4:"node";s:5:"field";s:7:"created";s:5:"order";s:4:"DESC";}}s:7:"filters";a:2:{s:12:"status_extra";a:5:{s:2:"id";s:12:"status_extra";s:5:"table";s:4:"node";s:5:"field";s:12:"status_extra";s:5:"group";i:0;s:6:"expose";a:1:{s:8:"operator";b:0;}}s:4:"type";a:5:{s:2:"id";s:4:"type";s:5:"table";s:4:"node";s:5:"field";s:4:"type";s:5:"value";a:1:{s:10:"mt_product";s:10:"mt_product";}s:5:"group";s:1:"0";}}}'),
(5, 'page', 'Page', 'page', 2, 'a:2:{s:5:"query";a:2:{s:4:"type";s:11:"views_query";s:7:"options";a:0:{}}s:4:"path";s:7:"exhibit";}'),
(6, 'default', 'Master', 'default', 1, 'a:13:{s:5:"query";a:2:{s:4:"type";s:11:"views_query";s:7:"options";a:1:{s:13:"query_comment";b:0;}}s:6:"access";a:1:{s:4:"type";s:4:"none";}s:5:"cache";a:1:{s:4:"type";s:4:"none";}s:12:"exposed_form";a:1:{s:4:"type";s:5:"basic";}s:5:"pager";a:2:{s:4:"type";s:4:"none";s:7:"options";a:1:{s:6:"offset";s:1:"0";}}s:12:"style_plugin";s:4:"list";s:13:"style_options";a:1:{s:8:"grouping";s:0:"";}s:10:"row_plugin";s:6:"fields";s:11:"row_options";a:2:{s:10:"hide_empty";i:0;s:22:"default_field_elements";i:1;}s:6:"fields";a:2:{s:12:"field_teaser";a:11:{s:2:"id";s:12:"field_teaser";s:5:"table";s:23:"field_data_field_teaser";s:5:"field";s:12:"field_teaser";s:5:"label";s:0:"";s:5:"alter";a:14:{s:10:"alter_text";i:1;s:4:"text";s:46:"<div class="flex-caption">[field_teaser]</div>";s:9:"make_link";i:0;s:8:"absolute";i:0;s:8:"external";i:0;s:14:"replace_spaces";i:0;s:15:"trim_whitespace";i:0;s:5:"nl2br";i:0;s:13:"word_boundary";i:1;s:8:"ellipsis";i:1;s:9:"more_link";i:0;s:10:"strip_tags";i:0;s:4:"trim";i:0;s:4:"html";i:0;}s:19:"element_label_colon";b:0;s:23:"element_default_classes";i:1;s:10:"hide_empty";i:0;s:10:"empty_zero";i:0;s:16:"hide_alter_empty";i:0;s:17:"field_api_classes";i:0;}s:18:"field_teaser_image";a:34:{s:2:"id";s:18:"field_teaser_image";s:5:"table";s:29:"field_data_field_teaser_image";s:5:"field";s:18:"field_teaser_image";s:12:"relationship";s:4:"none";s:10:"group_type";s:5:"group";s:7:"ui_name";s:0:"";s:5:"label";s:0:"";s:7:"exclude";i:0;s:5:"alter";a:26:{s:10:"alter_text";i:0;s:4:"text";s:0:"";s:9:"make_link";i:0;s:4:"path";s:0:"";s:8:"absolute";i:0;s:8:"external";i:0;s:14:"replace_spaces";i:0;s:9:"path_case";s:4:"none";s:15:"trim_whitespace";i:0;s:3:"alt";s:0:"";s:3:"rel";s:0:"";s:10:"link_class";s:0:"";s:6:"prefix";s:0:"";s:6:"suffix";s:0:"";s:6:"target";s:0:"";s:5:"nl2br";i:0;s:10:"max_length";s:0:"";s:13:"word_boundary";i:1;s:8:"ellipsis";i:1;s:9:"more_link";i:0;s:14:"more_link_text";s:0:"";s:14:"more_link_path";s:0:"";s:10:"strip_tags";i:0;s:4:"trim";i:0;s:13:"preserve_tags";s:0:"";s:4:"html";i:0;}s:12:"element_type";s:0:"";s:13:"element_class";s:0:"";s:18:"element_label_type";s:0:"";s:19:"element_label_class";s:0:"";s:19:"element_label_colon";b:0;s:20:"element_wrapper_type";s:0:"";s:21:"element_wrapper_class";s:0:"";s:23:"element_default_classes";i:1;s:5:"empty";s:0:"";s:10:"hide_empty";i:0;s:10:"empty_zero";i:0;s:16:"hide_alter_empty";i:1;s:17:"click_sort_column";s:3:"fid";s:4:"type";s:5:"image";s:8:"settings";a:2:{s:11:"image_style";s:0:"";s:10:"image_link";s:0:"";}s:12:"group_column";s:0:"";s:13:"group_columns";a:0:{}s:10:"group_rows";b:1;s:11:"delta_limit";s:3:"all";s:12:"delta_offset";i:0;s:14:"delta_reversed";b:0;s:16:"delta_first_last";b:0;s:10:"multi_type";s:9:"separator";s:9:"separator";s:2:", ";s:17:"field_api_classes";i:0;}}s:5:"sorts";a:2:{s:6:"sticky";a:4:{s:2:"id";s:6:"sticky";s:5:"table";s:4:"node";s:5:"field";s:6:"sticky";s:5:"order";s:4:"DESC";}s:7:"created";a:4:{s:2:"id";s:7:"created";s:5:"table";s:4:"node";s:5:"field";s:7:"created";s:5:"order";s:4:"DESC";}}s:7:"filters";a:3:{s:12:"status_extra";a:5:{s:2:"id";s:12:"status_extra";s:5:"table";s:4:"node";s:5:"field";s:12:"status_extra";s:5:"group";i:1;s:6:"expose";a:1:{s:8:"operator";b:0;}}s:21:"field_slideshow_value";a:5:{s:2:"id";s:21:"field_slideshow_value";s:5:"table";s:26:"field_data_field_slideshow";s:5:"field";s:21:"field_slideshow_value";s:5:"value";a:1:{i:1;s:1:"1";}s:5:"group";i:1;}s:22:"field_teaser_image_fid";a:5:{s:2:"id";s:22:"field_teaser_image_fid";s:5:"table";s:29:"field_data_field_teaser_image";s:5:"field";s:22:"field_teaser_image_fid";s:8:"operator";s:9:"not empty";s:5:"group";i:1;}}s:13:"filter_groups";a:2:{s:8:"operator";s:3:"AND";s:6:"groups";a:1:{i:1;s:3:"AND";}}}'),
(10, 'page', 'Page', 'page', 2, 'a:2:{s:5:"query";a:2:{s:4:"type";s:11:"views_query";s:7:"options";a:0:{}}s:4:"path";s:8:"sessions";}'),
(10, 'default', 'Master', 'default', 1, 'a:12:{s:5:"query";a:2:{s:4:"type";s:11:"views_query";s:7:"options";a:0:{}}s:6:"access";a:1:{s:4:"type";s:4:"perm";}s:5:"cache";a:1:{s:4:"type";s:4:"none";}s:12:"exposed_form";a:1:{s:4:"type";s:5:"basic";}s:5:"pager";a:2:{s:4:"type";s:4:"full";s:7:"options";a:1:{s:14:"items_per_page";s:2:"30";}}s:12:"style_plugin";s:7:"default";s:10:"row_plugin";s:4:"node";s:6:"fields";a:1:{s:5:"title";a:8:{s:2:"id";s:5:"title";s:5:"table";s:4:"node";s:5:"field";s:5:"title";s:5:"label";s:0:"";s:5:"alter";a:8:{s:10:"alter_text";i:0;s:9:"make_link";i:0;s:8:"absolute";i:0;s:4:"trim";i:0;s:13:"word_boundary";i:0;s:8:"ellipsis";i:0;s:10:"strip_tags";i:0;s:4:"html";i:0;}s:10:"hide_empty";i:0;s:10:"empty_zero";i:0;s:12:"link_to_node";i:1;}}s:7:"filters";a:2:{s:6:"status";a:6:{s:5:"value";i:1;s:5:"table";s:4:"node";s:5:"field";s:6:"status";s:2:"id";s:6:"status";s:6:"expose";a:1:{s:8:"operator";b:0;}s:5:"group";i:1;}s:4:"type";a:4:{s:2:"id";s:4:"type";s:5:"table";s:4:"node";s:5:"field";s:4:"type";s:5:"value";a:1:{s:7:"session";s:7:"session";}}}s:5:"sorts";a:1:{s:5:"title";a:4:{s:2:"id";s:5:"title";s:5:"table";s:4:"node";s:5:"field";s:5:"title";s:5:"order";s:4:"DESC";}}s:5:"title";s:8:"Sessions";s:11:"row_options";a:3:{s:10:"build_mode";s:6:"teaser";s:5:"links";b:1;s:8:"comments";b:0;}}'),
(9, 'page', 'Page', 'page', 2, 'a:2:{s:5:"query";a:2:{s:4:"type";s:11:"views_query";s:7:"options";a:0:{}}s:4:"path";s:14:"exhibitor-list";}'),
(4, 'default', 'Master', 'default', 1, 'a:12:{s:5:"query";a:2:{s:4:"type";s:11:"views_query";s:7:"options";a:1:{s:13:"query_comment";b:0;}}s:6:"access";a:1:{s:4:"type";s:4:"none";}s:5:"cache";a:1:{s:4:"type";s:4:"none";}s:12:"exposed_form";a:1:{s:4:"type";s:5:"basic";}s:5:"pager";a:2:{s:4:"type";s:4:"some";s:7:"options";a:2:{s:14:"items_per_page";s:2:"12";s:6:"offset";s:1:"0";}}s:12:"style_plugin";s:7:"default";s:13:"style_options";a:1:{s:9:"row_class";s:16:"one-third column";}s:10:"row_plugin";s:6:"fields";s:11:"row_options";a:4:{s:22:"default_field_elements";i:1;s:6:"inline";a:0:{}s:9:"separator";s:0:"";s:10:"hide_empty";i:0;}s:6:"fields";a:5:{s:5:"title";a:12:{s:2:"id";s:5:"title";s:5:"table";s:4:"node";s:5:"field";s:5:"title";s:5:"label";s:0:"";s:5:"alter";a:14:{s:10:"alter_text";i:1;s:4:"text";s:7:"[title]";s:9:"make_link";i:0;s:8:"absolute";i:0;s:8:"external";i:0;s:14:"replace_spaces";i:0;s:15:"trim_whitespace";i:0;s:5:"nl2br";i:0;s:13:"word_boundary";i:1;s:8:"ellipsis";i:1;s:9:"more_link";i:0;s:10:"strip_tags";i:0;s:4:"trim";i:0;s:4:"html";i:0;}s:12:"element_type";s:2:"h2";s:19:"element_label_colon";b:0;s:23:"element_default_classes";i:1;s:10:"hide_empty";i:0;s:10:"empty_zero";i:0;s:16:"hide_alter_empty";i:0;s:12:"link_to_node";i:1;}s:12:"field_teaser";a:11:{s:2:"id";s:12:"field_teaser";s:5:"table";s:23:"field_data_field_teaser";s:5:"field";s:12:"field_teaser";s:5:"label";s:0:"";s:5:"alter";a:13:{s:10:"alter_text";i:0;s:9:"make_link";i:0;s:8:"absolute";i:0;s:8:"external";i:0;s:14:"replace_spaces";i:0;s:15:"trim_whitespace";i:0;s:5:"nl2br";i:0;s:13:"word_boundary";i:1;s:8:"ellipsis";i:1;s:9:"more_link";i:0;s:10:"strip_tags";i:0;s:4:"trim";i:0;s:4:"html";i:0;}s:19:"element_label_colon";b:0;s:23:"element_default_classes";i:1;s:10:"hide_empty";i:1;s:10:"empty_zero";i:0;s:16:"hide_alter_empty";i:0;s:17:"field_api_classes";i:0;}s:11:"field_image";a:18:{s:2:"id";s:11:"field_image";s:5:"table";s:22:"field_data_field_image";s:5:"field";s:11:"field_image";s:5:"label";s:0:"";s:5:"alter";a:12:{s:10:"alter_text";i:0;s:9:"make_link";i:0;s:8:"absolute";i:0;s:8:"external";i:0;s:14:"replace_spaces";i:0;s:15:"trim_whitespace";i:0;s:5:"nl2br";i:0;s:13:"word_boundary";i:1;s:8:"ellipsis";i:1;s:10:"strip_tags";i:0;s:4:"trim";i:0;s:4:"html";i:0;}s:19:"element_label_colon";b:0;s:23:"element_default_classes";i:1;s:10:"hide_empty";i:1;s:10:"empty_zero";i:0;s:16:"hide_alter_empty";i:0;s:17:"click_sort_column";s:3:"fid";s:8:"settings";a:2:{s:11:"image_style";s:6:"medium";s:10:"image_link";s:7:"content";}s:12:"group_column";s:3:"fid";s:10:"group_rows";i:1;s:11:"delta_limit";s:1:"1";s:12:"delta_offset";s:1:"0";s:14:"delta_reversed";i:0;s:17:"field_api_classes";i:0;}s:4:"body";a:34:{s:2:"id";s:4:"body";s:5:"table";s:15:"field_data_body";s:5:"field";s:4:"body";s:12:"relationship";s:4:"none";s:10:"group_type";s:5:"group";s:7:"ui_name";s:0:"";s:5:"label";s:0:"";s:7:"exclude";i:0;s:5:"alter";a:26:{s:10:"alter_text";i:0;s:4:"text";s:0:"";s:9:"make_link";i:0;s:4:"path";s:0:"";s:8:"absolute";i:0;s:8:"external";i:0;s:14:"replace_spaces";i:0;s:9:"path_case";s:4:"none";s:15:"trim_whitespace";i:0;s:3:"alt";s:0:"";s:3:"rel";s:0:"";s:10:"link_class";s:0:"";s:6:"prefix";s:0:"";s:6:"suffix";s:0:"";s:6:"target";s:0:"";s:5:"nl2br";i:0;s:10:"max_length";s:3:"210";s:13:"word_boundary";i:0;s:8:"ellipsis";i:1;s:9:"more_link";i:0;s:14:"more_link_text";s:0:"";s:14:"more_link_path";s:0:"";s:10:"strip_tags";i:0;s:4:"trim";i:1;s:13:"preserve_tags";s:0:"";s:4:"html";i:1;}s:12:"element_type";s:0:"";s:13:"element_class";s:0:"";s:18:"element_label_type";s:0:"";s:19:"element_label_class";s:0:"";s:19:"element_label_colon";b:0;s:20:"element_wrapper_type";s:0:"";s:21:"element_wrapper_class";s:0:"";s:23:"element_default_classes";i:1;s:5:"empty";s:0:"";s:10:"hide_empty";i:0;s:10:"empty_zero";i:0;s:16:"hide_alter_empty";i:0;s:17:"click_sort_column";s:5:"value";s:4:"type";s:12:"text_default";s:8:"settings";a:0:{}s:12:"group_column";s:5:"value";s:13:"group_columns";a:0:{}s:10:"group_rows";b:1;s:11:"delta_limit";s:3:"all";s:12:"delta_offset";i:0;s:14:"delta_reversed";b:0;s:16:"delta_first_last";b:0;s:10:"multi_type";s:9:"separator";s:9:"separator";s:2:", ";s:17:"field_api_classes";i:0;}s:9:"view_node";a:11:{s:2:"id";s:9:"view_node";s:5:"table";s:17:"views_entity_node";s:5:"field";s:9:"view_node";s:5:"label";s:0:"";s:5:"alter";a:12:{s:10:"alter_text";i:0;s:9:"make_link";i:0;s:8:"absolute";i:0;s:8:"external";i:0;s:14:"replace_spaces";i:0;s:15:"trim_whitespace";i:0;s:5:"nl2br";i:0;s:13:"word_boundary";i:1;s:8:"ellipsis";i:1;s:10:"strip_tags";i:0;s:4:"trim";i:0;s:4:"html";i:0;}s:19:"element_label_colon";b:0;s:23:"element_default_classes";i:1;s:10:"hide_empty";i:0;s:10:"empty_zero";i:0;s:16:"hide_alter_empty";i:0;s:4:"text";s:9:"Read more";}}s:5:"sorts";a:2:{s:6:"sticky";a:4:{s:2:"id";s:6:"sticky";s:5:"table";s:4:"node";s:5:"field";s:6:"sticky";s:5:"order";s:4:"DESC";}s:7:"created";a:4:{s:2:"id";s:7:"created";s:5:"table";s:4:"node";s:5:"field";s:7:"created";s:5:"order";s:4:"DESC";}}s:7:"filters";a:3:{s:4:"type";a:5:{s:2:"id";s:4:"type";s:5:"table";s:4:"node";s:5:"field";s:4:"type";s:5:"value";a:3:{s:4:"blog";s:4:"blog";s:10:"mt_product";s:10:"mt_product";s:10:"mt_service";s:10:"mt_service";}s:5:"group";s:1:"0";}s:7:"promote";a:5:{s:2:"id";s:7:"promote";s:5:"table";s:4:"node";s:5:"field";s:7:"promote";s:5:"value";s:1:"1";s:5:"group";s:1:"0";}s:12:"status_extra";a:4:{s:2:"id";s:12:"status_extra";s:5:"table";s:4:"node";s:5:"field";s:12:"status_extra";s:5:"group";s:1:"0";}}}'),
(9, 'default', 'Master', 'default', 1, 'a:12:{s:5:"query";a:2:{s:4:"type";s:11:"views_query";s:7:"options";a:0:{}}s:6:"access";a:1:{s:4:"type";s:4:"perm";}s:5:"cache";a:1:{s:4:"type";s:4:"none";}s:12:"exposed_form";a:1:{s:4:"type";s:5:"basic";}s:5:"pager";a:2:{s:4:"type";s:4:"full";s:7:"options";a:5:{s:14:"items_per_page";s:1:"0";s:6:"offset";s:1:"0";s:2:"id";s:1:"0";s:11:"total_pages";s:0:"";s:6:"expose";a:7:{s:14:"items_per_page";i:0;s:20:"items_per_page_label";s:14:"Items per page";s:22:"items_per_page_options";s:17:"5, 10, 20, 40, 60";s:26:"items_per_page_options_all";i:0;s:32:"items_per_page_options_all_label";s:7:"- All -";s:6:"offset";i:0;s:12:"offset_label";s:6:"Offset";}}}s:12:"style_plugin";s:5:"table";s:10:"row_plugin";s:6:"fields";s:6:"fields";a:4:{s:5:"title";a:22:{s:2:"id";s:5:"title";s:5:"table";s:4:"node";s:5:"field";s:5:"title";s:12:"relationship";s:4:"none";s:10:"group_type";s:5:"group";s:7:"ui_name";s:0:"";s:5:"label";s:7:"Company";s:7:"exclude";i:0;s:5:"alter";a:26:{s:10:"alter_text";i:0;s:4:"text";s:0:"";s:9:"make_link";i:0;s:4:"path";s:0:"";s:8:"absolute";i:0;s:8:"external";i:0;s:14:"replace_spaces";i:0;s:9:"path_case";s:4:"none";s:15:"trim_whitespace";i:0;s:3:"alt";s:0:"";s:3:"rel";s:0:"";s:10:"link_class";s:0:"";s:6:"prefix";s:0:"";s:6:"suffix";s:0:"";s:6:"target";s:0:"";s:5:"nl2br";i:0;s:10:"max_length";s:0:"";s:13:"word_boundary";i:0;s:8:"ellipsis";i:0;s:9:"more_link";i:0;s:14:"more_link_text";s:0:"";s:14:"more_link_path";s:0:"";s:10:"strip_tags";i:0;s:4:"trim";i:0;s:13:"preserve_tags";s:0:"";s:4:"html";i:0;}s:12:"element_type";s:0:"";s:13:"element_class";s:0:"";s:18:"element_label_type";s:0:"";s:19:"element_label_class";s:0:"";s:19:"element_label_colon";i:1;s:20:"element_wrapper_type";s:0:"";s:21:"element_wrapper_class";s:0:"";s:23:"element_default_classes";i:1;s:5:"empty";s:0:"";s:10:"hide_empty";i:0;s:10:"empty_zero";i:0;s:16:"hide_alter_empty";i:1;s:12:"link_to_node";i:1;}s:11:"field_booth";a:34:{s:2:"id";s:11:"field_booth";s:5:"table";s:22:"field_data_field_booth";s:5:"field";s:11:"field_booth";s:12:"relationship";s:4:"none";s:10:"group_type";s:5:"group";s:7:"ui_name";s:0:"";s:5:"label";s:7:"Booth #";s:7:"exclude";i:0;s:5:"alter";a:26:{s:10:"alter_text";i:0;s:4:"text";s:0:"";s:9:"make_link";i:0;s:4:"path";s:0:"";s:8:"absolute";i:0;s:8:"external";i:0;s:14:"replace_spaces";i:0;s:9:"path_case";s:4:"none";s:15:"trim_whitespace";i:0;s:3:"alt";s:0:"";s:3:"rel";s:0:"";s:10:"link_class";s:0:"";s:6:"prefix";s:0:"";s:6:"suffix";s:0:"";s:6:"target";s:0:"";s:5:"nl2br";i:0;s:10:"max_length";s:0:"";s:13:"word_boundary";i:1;s:8:"ellipsis";i:1;s:9:"more_link";i:0;s:14:"more_link_text";s:0:"";s:14:"more_link_path";s:0:"";s:10:"strip_tags";i:0;s:4:"trim";i:0;s:13:"preserve_tags";s:0:"";s:4:"html";i:0;}s:12:"element_type";s:0:"";s:13:"element_class";s:0:"";s:18:"element_label_type";s:0:"";s:19:"element_label_class";s:0:"";s:19:"element_label_colon";i:1;s:20:"element_wrapper_type";s:0:"";s:21:"element_wrapper_class";s:0:"";s:23:"element_default_classes";i:1;s:5:"empty";s:0:"";s:10:"hide_empty";i:0;s:10:"empty_zero";i:0;s:16:"hide_alter_empty";i:1;s:17:"click_sort_column";s:5:"value";s:4:"type";s:12:"text_default";s:8:"settings";a:0:{}s:12:"group_column";s:5:"value";s:13:"group_columns";a:0:{}s:10:"group_rows";b:1;s:11:"delta_limit";s:3:"all";s:12:"delta_offset";i:0;s:14:"delta_reversed";b:0;s:16:"delta_first_last";b:0;s:10:"multi_type";s:9:"separator";s:9:"separator";s:2:", ";s:17:"field_api_classes";i:0;}s:21:"field_corporate_suite";a:34:{s:2:"id";s:21:"field_corporate_suite";s:5:"table";s:32:"field_data_field_corporate_suite";s:5:"field";s:21:"field_corporate_suite";s:12:"relationship";s:4:"none";s:10:"group_type";s:5:"group";s:7:"ui_name";s:0:"";s:5:"label";s:11:"Corp. Suite";s:7:"exclude";i:0;s:5:"alter";a:26:{s:10:"alter_text";i:0;s:4:"text";s:0:"";s:9:"make_link";i:0;s:4:"path";s:0:"";s:8:"absolute";i:0;s:8:"external";i:0;s:14:"replace_spaces";i:0;s:9:"path_case";s:4:"none";s:15:"trim_whitespace";i:0;s:3:"alt";s:0:"";s:3:"rel";s:0:"";s:10:"link_class";s:0:"";s:6:"prefix";s:0:"";s:6:"suffix";s:0:"";s:6:"target";s:0:"";s:5:"nl2br";i:0;s:10:"max_length";s:0:"";s:13:"word_boundary";i:1;s:8:"ellipsis";i:1;s:9:"more_link";i:0;s:14:"more_link_text";s:0:"";s:14:"more_link_path";s:0:"";s:10:"strip_tags";i:0;s:4:"trim";i:0;s:13:"preserve_tags";s:0:"";s:4:"html";i:0;}s:12:"element_type";s:0:"";s:13:"element_class";s:0:"";s:18:"element_label_type";s:0:"";s:19:"element_label_class";s:0:"";s:19:"element_label_colon";i:1;s:20:"element_wrapper_type";s:0:"";s:21:"element_wrapper_class";s:0:"";s:23:"element_default_classes";i:1;s:5:"empty";s:0:"";s:10:"hide_empty";i:0;s:10:"empty_zero";i:0;s:16:"hide_alter_empty";i:1;s:17:"click_sort_column";s:5:"value";s:4:"type";s:12:"text_default";s:8:"settings";a:0:{}s:12:"group_column";s:5:"value";s:13:"group_columns";a:0:{}s:10:"group_rows";b:1;s:11:"delta_limit";s:3:"all";s:12:"delta_offset";i:0;s:14:"delta_reversed";b:0;s:16:"delta_first_last";b:0;s:10:"multi_type";s:9:"separator";s:9:"separator";s:2:", ";s:17:"field_api_classes";i:0;}s:18:"field_meeting_room";a:34:{s:2:"id";s:18:"field_meeting_room";s:5:"table";s:29:"field_data_field_meeting_room";s:5:"field";s:18:"field_meeting_room";s:12:"relationship";s:4:"none";s:10:"group_type";s:5:"group";s:7:"ui_name";s:0:"";s:5:"label";s:11:"Meeting Rm.";s:7:"exclude";i:0;s:5:"alter";a:26:{s:10:"alter_text";i:0;s:4:"text";s:0:"";s:9:"make_link";i:0;s:4:"path";s:0:"";s:8:"absolute";i:0;s:8:"external";i:0;s:14:"replace_spaces";i:0;s:9:"path_case";s:4:"none";s:15:"trim_whitespace";i:0;s:3:"alt";s:0:"";s:3:"rel";s:0:"";s:10:"link_class";s:0:"";s:6:"prefix";s:0:"";s:6:"suffix";s:0:"";s:6:"target";s:0:"";s:5:"nl2br";i:0;s:10:"max_length";s:0:"";s:13:"word_boundary";i:1;s:8:"ellipsis";i:1;s:9:"more_link";i:0;s:14:"more_link_text";s:0:"";s:14:"more_link_path";s:0:"";s:10:"strip_tags";i:0;s:4:"trim";i:0;s:13:"preserve_tags";s:0:"";s:4:"html";i:0;}s:12:"element_type";s:0:"";s:13:"element_class";s:0:"";s:18:"element_label_type";s:0:"";s:19:"element_label_class";s:0:"";s:19:"element_label_colon";i:1;s:20:"element_wrapper_type";s:0:"";s:21:"element_wrapper_class";s:0:"";s:23:"element_default_classes";i:1;s:5:"empty";s:0:"";s:10:"hide_empty";i:0;s:10:"empty_zero";i:0;s:16:"hide_alter_empty";i:1;s:17:"click_sort_column";s:5:"value";s:4:"type";s:12:"text_default";s:8:"settings";a:0:{}s:12:"group_column";s:5:"value";s:13:"group_columns";a:0:{}s:10:"group_rows";b:1;s:11:"delta_limit";s:3:"all";s:12:"delta_offset";i:0;s:14:"delta_reversed";b:0;s:16:"delta_first_last";b:0;s:10:"multi_type";s:9:"separator";s:9:"separator";s:2:", ";s:17:"field_api_classes";i:0;}}s:7:"filters";a:2:{s:6:"status";a:6:{s:5:"value";i:1;s:5:"table";s:4:"node";s:5:"field";s:6:"status";s:2:"id";s:6:"status";s:6:"expose";a:1:{s:8:"operator";b:0;}s:5:"group";i:1;}s:4:"type";a:4:{s:2:"id";s:4:"type";s:5:"table";s:4:"node";s:5:"field";s:4:"type";s:5:"value";a:1:{s:9:"exhibitor";s:9:"exhibitor";}}}s:5:"sorts";a:1:{s:5:"title";a:9:{s:2:"id";s:5:"title";s:5:"table";s:4:"node";s:5:"field";s:5:"title";s:12:"relationship";s:4:"none";s:10:"group_type";s:5:"group";s:7:"ui_name";s:0:"";s:5:"order";s:3:"ASC";s:7:"exposed";b:0;s:6:"expose";a:1:{s:5:"label";s:0:"";}}}s:5:"title";s:14:"Exhibitor List";s:13:"style_options";a:9:{s:8:"grouping";a:0:{}s:9:"row_class";s:0:"";s:8:"override";i:1;s:6:"sticky";i:0;s:7:"summary";s:0:"";s:7:"columns";a:4:{s:5:"title";s:5:"title";s:11:"field_booth";s:11:"field_booth";s:21:"field_corporate_suite";s:21:"field_corporate_suite";s:18:"field_meeting_room";s:18:"field_meeting_room";}s:4:"info";a:4:{s:5:"title";a:5:{s:8:"sortable";i:1;s:18:"default_sort_order";s:3:"asc";s:5:"align";s:16:"views-align-left";s:9:"separator";s:0:"";s:12:"empty_column";i:0;}s:11:"field_booth";a:5:{s:8:"sortable";i:1;s:18:"default_sort_order";s:3:"asc";s:5:"align";s:17:"views-align-right";s:9:"separator";s:0:"";s:12:"empty_column";i:0;}s:21:"field_corporate_suite";a:5:{s:8:"sortable";i:1;s:18:"default_sort_order";s:3:"asc";s:5:"align";s:17:"views-align-right";s:9:"separator";s:0:"";s:12:"empty_column";i:0;}s:18:"field_meeting_room";a:5:{s:8:"sortable";i:1;s:18:"default_sort_order";s:3:"asc";s:5:"align";s:17:"views-align-right";s:9:"separator";s:0:"";s:12:"empty_column";i:0;}}s:7:"default";s:5:"title";s:11:"empty_table";i:0;}}'),
(11, 'block', 'Block', 'block', 2, 'a:2:{s:5:"query";a:2:{s:4:"type";s:11:"views_query";s:7:"options";a:0:{}}s:5:"field";a:1:{s:5:"title";a:1:{s:12:"link_to_node";i:1;}}}'),
(11, 'default', 'Master', 'default', 1, 'a:11:{s:5:"query";a:2:{s:4:"type";s:11:"views_query";s:7:"options";a:0:{}}s:6:"access";a:1:{s:4:"type";s:4:"perm";}s:5:"cache";a:1:{s:4:"type";s:4:"none";}s:12:"exposed_form";a:1:{s:4:"type";s:5:"basic";}s:5:"pager";a:2:{s:4:"type";s:4:"full";s:7:"options";a:1:{s:14:"items_per_page";s:2:"10";}}s:12:"style_plugin";s:7:"default";s:10:"row_plugin";s:6:"fields";s:6:"fields";a:3:{s:5:"title";a:22:{s:2:"id";s:5:"title";s:5:"table";s:4:"node";s:5:"field";s:5:"title";s:12:"relationship";s:4:"none";s:10:"group_type";s:5:"group";s:7:"ui_name";s:0:"";s:5:"label";s:0:"";s:7:"exclude";i:0;s:5:"alter";a:26:{s:10:"alter_text";i:0;s:4:"text";s:0:"";s:9:"make_link";i:0;s:4:"path";s:0:"";s:8:"absolute";i:0;s:8:"external";i:0;s:14:"replace_spaces";i:0;s:9:"path_case";s:4:"none";s:15:"trim_whitespace";i:0;s:3:"alt";s:0:"";s:3:"rel";s:0:"";s:10:"link_class";s:0:"";s:6:"prefix";s:0:"";s:6:"suffix";s:0:"";s:6:"target";s:0:"";s:5:"nl2br";i:0;s:10:"max_length";s:0:"";s:13:"word_boundary";i:0;s:8:"ellipsis";i:0;s:9:"more_link";i:0;s:14:"more_link_text";s:0:"";s:14:"more_link_path";s:0:"";s:10:"strip_tags";i:0;s:4:"trim";i:0;s:13:"preserve_tags";s:0:"";s:4:"html";i:0;}s:12:"element_type";s:0:"";s:13:"element_class";s:0:"";s:18:"element_label_type";s:0:"";s:19:"element_label_class";s:0:"";s:19:"element_label_colon";b:0;s:20:"element_wrapper_type";s:0:"";s:21:"element_wrapper_class";s:0:"";s:23:"element_default_classes";i:1;s:5:"empty";s:0:"";s:10:"hide_empty";i:0;s:10:"empty_zero";i:0;s:16:"hide_alter_empty";i:1;s:12:"link_to_node";i:1;}s:4:"body";a:34:{s:2:"id";s:4:"body";s:5:"table";s:15:"field_data_body";s:5:"field";s:4:"body";s:12:"relationship";s:4:"none";s:10:"group_type";s:5:"group";s:7:"ui_name";s:0:"";s:5:"label";s:0:"";s:7:"exclude";i:0;s:5:"alter";a:26:{s:10:"alter_text";i:0;s:4:"text";s:0:"";s:9:"make_link";i:0;s:4:"path";s:0:"";s:8:"absolute";i:0;s:8:"external";i:0;s:14:"replace_spaces";i:0;s:9:"path_case";s:4:"none";s:15:"trim_whitespace";i:0;s:3:"alt";s:0:"";s:3:"rel";s:0:"";s:10:"link_class";s:0:"";s:6:"prefix";s:0:"";s:6:"suffix";s:0:"";s:6:"target";s:0:"";s:5:"nl2br";i:0;s:10:"max_length";s:0:"";s:13:"word_boundary";i:1;s:8:"ellipsis";i:1;s:9:"more_link";i:0;s:14:"more_link_text";s:0:"";s:14:"more_link_path";s:0:"";s:10:"strip_tags";i:0;s:4:"trim";i:0;s:13:"preserve_tags";s:0:"";s:4:"html";i:0;}s:12:"element_type";s:0:"";s:13:"element_class";s:0:"";s:18:"element_label_type";s:0:"";s:19:"element_label_class";s:0:"";s:19:"element_label_colon";b:0;s:20:"element_wrapper_type";s:0:"";s:21:"element_wrapper_class";s:0:"";s:23:"element_default_classes";i:1;s:5:"empty";s:0:"";s:10:"hide_empty";i:0;s:10:"empty_zero";i:0;s:16:"hide_alter_empty";i:1;s:17:"click_sort_column";s:5:"value";s:4:"type";s:12:"text_default";s:8:"settings";a:0:{}s:12:"group_column";s:5:"value";s:13:"group_columns";a:0:{}s:10:"group_rows";b:1;s:11:"delta_limit";s:3:"all";s:12:"delta_offset";i:0;s:14:"delta_reversed";b:0;s:16:"delta_first_last";b:0;s:10:"multi_type";s:9:"separator";s:9:"separator";s:2:", ";s:17:"field_api_classes";i:0;}s:12:"field_teaser";a:34:{s:2:"id";s:12:"field_teaser";s:5:"table";s:23:"field_data_field_teaser";s:5:"field";s:12:"field_teaser";s:12:"relationship";s:4:"none";s:10:"group_type";s:5:"group";s:7:"ui_name";s:0:"";s:5:"label";s:0:"";s:7:"exclude";i:0;s:5:"alter";a:26:{s:10:"alter_text";i:0;s:4:"text";s:0:"";s:9:"make_link";i:0;s:4:"path";s:0:"";s:8:"absolute";i:0;s:8:"external";i:0;s:14:"replace_spaces";i:0;s:9:"path_case";s:4:"none";s:15:"trim_whitespace";i:0;s:3:"alt";s:0:"";s:3:"rel";s:0:"";s:10:"link_class";s:0:"";s:6:"prefix";s:0:"";s:6:"suffix";s:0:"";s:6:"target";s:0:"";s:5:"nl2br";i:0;s:10:"max_length";s:0:"";s:13:"word_boundary";i:1;s:8:"ellipsis";i:1;s:9:"more_link";i:0;s:14:"more_link_text";s:0:"";s:14:"more_link_path";s:0:"";s:10:"strip_tags";i:0;s:4:"trim";i:0;s:13:"preserve_tags";s:0:"";s:4:"html";i:0;}s:12:"element_type";s:0:"";s:13:"element_class";s:0:"";s:18:"element_label_type";s:0:"";s:19:"element_label_class";s:0:"";s:19:"element_label_colon";b:0;s:20:"element_wrapper_type";s:0:"";s:21:"element_wrapper_class";s:0:"";s:23:"element_default_classes";i:1;s:5:"empty";s:0:"";s:10:"hide_empty";i:0;s:10:"empty_zero";i:0;s:16:"hide_alter_empty";i:1;s:17:"click_sort_column";s:5:"value";s:4:"type";s:12:"text_default";s:8:"settings";a:0:{}s:12:"group_column";s:5:"value";s:13:"group_columns";a:0:{}s:10:"group_rows";b:1;s:11:"delta_limit";s:3:"all";s:12:"delta_offset";i:0;s:14:"delta_reversed";b:0;s:16:"delta_first_last";b:0;s:10:"multi_type";s:9:"separator";s:9:"separator";s:2:", ";s:17:"field_api_classes";i:0;}}s:7:"filters";a:2:{s:6:"status";a:6:{s:5:"value";i:1;s:5:"table";s:4:"node";s:5:"field";s:6:"status";s:2:"id";s:6:"status";s:6:"expose";a:1:{s:8:"operator";b:0;}s:5:"group";i:1;}s:4:"type";a:4:{s:2:"id";s:4:"type";s:5:"table";s:4:"node";s:5:"field";s:4:"type";s:5:"value";a:1:{s:7:"article";s:7:"article";}}}s:5:"sorts";a:1:{s:7:"created";a:4:{s:2:"id";s:7:"created";s:5:"table";s:4:"node";s:5:"field";s:7:"created";s:5:"order";s:4:"DESC";}}s:5:"title";s:9:"Show News";}'),
(13, 'default', 'Master', 'default', 1, 'a:10:{s:5:"query";a:2:{s:4:"type";s:11:"views_query";s:7:"options";a:1:{s:13:"query_comment";b:0;}}s:5:"title";s:8:"Speakers";s:6:"access";a:1:{s:4:"type";s:4:"none";}s:5:"cache";a:1:{s:4:"type";s:4:"none";}s:12:"exposed_form";a:1:{s:4:"type";s:5:"basic";}s:5:"pager";a:2:{s:4:"type";s:4:"full";s:7:"options";a:4:{s:14:"items_per_page";s:1:"5";s:6:"offset";s:1:"0";s:2:"id";s:1:"0";s:6:"expose";a:1:{s:26:"items_per_page_options_all";i:0;}}}s:12:"style_plugin";s:7:"default";s:10:"row_plugin";s:4:"node";s:5:"sorts";a:2:{s:6:"sticky";a:4:{s:2:"id";s:6:"sticky";s:5:"table";s:4:"node";s:5:"field";s:6:"sticky";s:5:"order";s:4:"DESC";}s:7:"created";a:4:{s:2:"id";s:7:"created";s:5:"table";s:4:"node";s:5:"field";s:7:"created";s:5:"order";s:4:"DESC";}}s:7:"filters";a:2:{s:12:"status_extra";a:5:{s:2:"id";s:12:"status_extra";s:5:"table";s:4:"node";s:5:"field";s:12:"status_extra";s:5:"group";i:0;s:6:"expose";a:1:{s:8:"operator";b:0;}}s:4:"type";a:11:{s:2:"id";s:4:"type";s:5:"table";s:4:"node";s:5:"field";s:4:"type";s:12:"relationship";s:4:"none";s:10:"group_type";s:5:"group";s:7:"ui_name";s:0:"";s:8:"operator";s:2:"in";s:5:"value";a:1:{s:7:"speaker";s:7:"speaker";}s:5:"group";s:1:"0";s:7:"exposed";b:0;s:6:"expose";a:9:{s:11:"operator_id";b:0;s:5:"label";s:0:"";s:12:"use_operator";i:0;s:8:"operator";s:0:"";s:10:"identifier";s:0:"";s:8:"required";i:0;s:8:"remember";i:0;s:8:"multiple";i:0;s:6:"reduce";b:0;}}}}'),
(13, 'page', 'Page', 'page', 2, 'a:2:{s:5:"query";a:2:{s:4:"type";s:11:"views_query";s:7:"options";a:0:{}}s:4:"path";s:8:"speakers";}'),
(14, 'page', 'Page', 'page', 2, 'a:2:{s:5:"query";a:2:{s:4:"type";s:11:"views_query";s:7:"options";a:0:{}}s:4:"path";s:8:"schedule";}'),
(15, 'page', 'Page', 'page', 2, 'a:2:{s:5:"query";a:2:{s:4:"type";s:11:"views_query";s:7:"options";a:0:{}}s:4:"path";s:8:"register";}'),
(15, 'default', 'Master', 'default', 1, 'a:11:{s:5:"query";a:2:{s:4:"type";s:11:"views_query";s:7:"options";a:1:{s:13:"query_comment";b:0;}}s:5:"title";s:8:"Register";s:6:"access";a:1:{s:4:"type";s:4:"none";}s:5:"cache";a:1:{s:4:"type";s:4:"none";}s:12:"exposed_form";a:1:{s:4:"type";s:5:"basic";}s:5:"pager";a:2:{s:4:"type";s:4:"full";s:7:"options";a:4:{s:14:"items_per_page";s:1:"5";s:6:"offset";s:1:"0";s:2:"id";s:1:"0";s:6:"expose";a:1:{s:26:"items_per_page_options_all";i:0;}}}s:12:"style_plugin";s:7:"default";s:10:"row_plugin";s:4:"node";s:5:"sorts";a:1:{s:6:"sticky";a:4:{s:2:"id";s:6:"sticky";s:5:"table";s:4:"node";s:5:"field";s:6:"sticky";s:5:"order";s:4:"DESC";}}s:7:"filters";a:2:{s:12:"status_extra";a:5:{s:2:"id";s:12:"status_extra";s:5:"table";s:4:"node";s:5:"field";s:12:"status_extra";s:5:"group";i:0;s:6:"expose";a:1:{s:8:"operator";b:0;}}s:4:"type";a:11:{s:2:"id";s:4:"type";s:5:"table";s:4:"node";s:5:"field";s:4:"type";s:12:"relationship";s:4:"none";s:10:"group_type";s:5:"group";s:7:"ui_name";s:0:"";s:8:"operator";s:2:"in";s:5:"value";a:1:{s:8:"register";s:8:"register";}s:5:"group";s:1:"0";s:7:"exposed";b:0;s:6:"expose";a:9:{s:11:"operator_id";b:0;s:5:"label";s:0:"";s:12:"use_operator";i:0;s:8:"operator";s:0:"";s:10:"identifier";s:0:"";s:8:"required";i:0;s:8:"remember";i:0;s:8:"multiple";i:0;s:6:"reduce";b:0;}}}s:11:"row_options";a:4:{s:12:"relationship";s:4:"none";s:9:"view_mode";s:6:"teaser";s:5:"links";i:1;s:8:"comments";i:0;}}');
INSERT INTO `views_display` (`vid`, `id`, `display_title`, `display_plugin`, `position`, `display_options`) VALUES
(14, 'default', 'Master', 'default', 1, 'a:13:{s:5:"query";a:2:{s:4:"type";s:11:"views_query";s:7:"options";a:0:{}}s:6:"access";a:1:{s:4:"type";s:4:"perm";}s:5:"cache";a:1:{s:4:"type";s:4:"none";}s:12:"exposed_form";a:1:{s:4:"type";s:5:"basic";}s:5:"pager";a:2:{s:4:"type";s:4:"full";s:7:"options";a:5:{s:14:"items_per_page";s:1:"0";s:6:"offset";s:1:"0";s:2:"id";s:1:"0";s:11:"total_pages";s:0:"";s:6:"expose";a:7:{s:14:"items_per_page";i:0;s:20:"items_per_page_label";s:14:"Items per page";s:22:"items_per_page_options";s:17:"5, 10, 20, 40, 60";s:26:"items_per_page_options_all";i:0;s:32:"items_per_page_options_all_label";s:7:"- All -";s:6:"offset";i:0;s:12:"offset_label";s:6:"Offset";}}}s:12:"style_plugin";s:5:"table";s:10:"row_plugin";s:6:"fields";s:6:"fields";a:4:{s:10:"field_time";a:34:{s:2:"id";s:10:"field_time";s:5:"table";s:21:"field_data_field_time";s:5:"field";s:10:"field_time";s:12:"relationship";s:4:"none";s:10:"group_type";s:5:"group";s:7:"ui_name";s:0:"";s:5:"label";s:4:"Time";s:7:"exclude";i:0;s:5:"alter";a:26:{s:10:"alter_text";i:0;s:4:"text";s:0:"";s:9:"make_link";i:0;s:4:"path";s:0:"";s:8:"absolute";i:0;s:8:"external";i:0;s:14:"replace_spaces";i:0;s:9:"path_case";s:4:"none";s:15:"trim_whitespace";i:0;s:3:"alt";s:0:"";s:3:"rel";s:0:"";s:10:"link_class";s:0:"";s:6:"prefix";s:0:"";s:6:"suffix";s:0:"";s:6:"target";s:0:"";s:5:"nl2br";i:0;s:10:"max_length";s:0:"";s:13:"word_boundary";i:1;s:8:"ellipsis";i:1;s:9:"more_link";i:0;s:14:"more_link_text";s:0:"";s:14:"more_link_path";s:0:"";s:10:"strip_tags";i:0;s:4:"trim";i:0;s:13:"preserve_tags";s:0:"";s:4:"html";i:0;}s:12:"element_type";s:0:"";s:13:"element_class";s:0:"";s:18:"element_label_type";s:0:"";s:19:"element_label_class";s:0:"";s:19:"element_label_colon";i:0;s:20:"element_wrapper_type";s:0:"";s:21:"element_wrapper_class";s:0:"";s:23:"element_default_classes";i:1;s:5:"empty";s:0:"";s:10:"hide_empty";i:0;s:10:"empty_zero";i:0;s:16:"hide_alter_empty";i:1;s:17:"click_sort_column";s:5:"value";s:4:"type";s:17:"timefield_default";s:8:"settings";a:1:{s:14:"display_format";a:5:{s:4:"hour";s:1:"g";s:6:"minute";s:1:"i";s:9:"separator";s:1:":";s:6:"period";s:1:"a";s:16:"period_separator";s:0:"";}}s:12:"group_column";s:5:"value";s:13:"group_columns";a:0:{}s:10:"group_rows";b:1;s:11:"delta_limit";s:3:"all";s:12:"delta_offset";i:0;s:14:"delta_reversed";b:0;s:16:"delta_first_last";b:0;s:10:"multi_type";s:9:"separator";s:9:"separator";s:2:", ";s:17:"field_api_classes";i:0;}s:5:"title";a:22:{s:2:"id";s:5:"title";s:5:"table";s:4:"node";s:5:"field";s:5:"title";s:12:"relationship";s:4:"none";s:10:"group_type";s:5:"group";s:7:"ui_name";s:0:"";s:5:"label";s:5:"Event";s:7:"exclude";i:0;s:5:"alter";a:26:{s:10:"alter_text";i:0;s:4:"text";s:0:"";s:9:"make_link";i:0;s:4:"path";s:0:"";s:8:"absolute";i:0;s:8:"external";i:0;s:14:"replace_spaces";i:0;s:9:"path_case";s:4:"none";s:15:"trim_whitespace";i:0;s:3:"alt";s:0:"";s:3:"rel";s:0:"";s:10:"link_class";s:0:"";s:6:"prefix";s:0:"";s:6:"suffix";s:0:"";s:6:"target";s:0:"";s:5:"nl2br";i:0;s:10:"max_length";s:0:"";s:13:"word_boundary";i:1;s:8:"ellipsis";i:1;s:9:"more_link";i:0;s:14:"more_link_text";s:0:"";s:14:"more_link_path";s:0:"";s:10:"strip_tags";i:0;s:4:"trim";i:0;s:13:"preserve_tags";s:0:"";s:4:"html";i:0;}s:12:"element_type";s:0:"";s:13:"element_class";s:0:"";s:18:"element_label_type";s:0:"";s:19:"element_label_class";s:0:"";s:19:"element_label_colon";i:0;s:20:"element_wrapper_type";s:0:"";s:21:"element_wrapper_class";s:0:"";s:23:"element_default_classes";i:1;s:5:"empty";s:0:"";s:10:"hide_empty";i:0;s:10:"empty_zero";i:0;s:16:"hide_alter_empty";i:1;s:12:"link_to_node";i:1;}s:14:"field_location";a:34:{s:2:"id";s:14:"field_location";s:5:"table";s:25:"field_data_field_location";s:5:"field";s:14:"field_location";s:12:"relationship";s:4:"none";s:10:"group_type";s:5:"group";s:7:"ui_name";s:0:"";s:5:"label";s:8:"Location";s:7:"exclude";i:0;s:5:"alter";a:26:{s:10:"alter_text";i:0;s:4:"text";s:0:"";s:9:"make_link";i:0;s:4:"path";s:0:"";s:8:"absolute";i:0;s:8:"external";i:0;s:14:"replace_spaces";i:0;s:9:"path_case";s:4:"none";s:15:"trim_whitespace";i:0;s:3:"alt";s:0:"";s:3:"rel";s:0:"";s:10:"link_class";s:0:"";s:6:"prefix";s:0:"";s:6:"suffix";s:0:"";s:6:"target";s:0:"";s:5:"nl2br";i:0;s:10:"max_length";s:0:"";s:13:"word_boundary";i:1;s:8:"ellipsis";i:1;s:9:"more_link";i:0;s:14:"more_link_text";s:0:"";s:14:"more_link_path";s:0:"";s:10:"strip_tags";i:0;s:4:"trim";i:0;s:13:"preserve_tags";s:0:"";s:4:"html";i:0;}s:12:"element_type";s:0:"";s:13:"element_class";s:0:"";s:18:"element_label_type";s:0:"";s:19:"element_label_class";s:0:"";s:19:"element_label_colon";i:1;s:20:"element_wrapper_type";s:0:"";s:21:"element_wrapper_class";s:0:"";s:23:"element_default_classes";i:1;s:5:"empty";s:0:"";s:10:"hide_empty";i:0;s:10:"empty_zero";i:0;s:16:"hide_alter_empty";i:1;s:17:"click_sort_column";s:5:"value";s:4:"type";s:12:"text_default";s:8:"settings";a:0:{}s:12:"group_column";s:5:"value";s:13:"group_columns";a:0:{}s:10:"group_rows";b:1;s:11:"delta_limit";s:3:"all";s:12:"delta_offset";i:0;s:14:"delta_reversed";b:0;s:16:"delta_first_last";b:0;s:10:"multi_type";s:9:"separator";s:9:"separator";s:2:", ";s:17:"field_api_classes";i:0;}s:10:"field_date";a:34:{s:2:"id";s:10:"field_date";s:5:"table";s:21:"field_data_field_date";s:5:"field";s:10:"field_date";s:12:"relationship";s:4:"none";s:10:"group_type";s:5:"group";s:7:"ui_name";s:0:"";s:5:"label";s:0:"";s:7:"exclude";i:1;s:5:"alter";a:26:{s:10:"alter_text";i:0;s:4:"text";s:0:"";s:9:"make_link";i:0;s:4:"path";s:0:"";s:8:"absolute";i:0;s:8:"external";i:0;s:14:"replace_spaces";i:0;s:9:"path_case";s:4:"none";s:15:"trim_whitespace";i:0;s:3:"alt";s:0:"";s:3:"rel";s:0:"";s:10:"link_class";s:0:"";s:6:"prefix";s:0:"";s:6:"suffix";s:0:"";s:6:"target";s:0:"";s:5:"nl2br";i:0;s:10:"max_length";s:0:"";s:13:"word_boundary";i:1;s:8:"ellipsis";i:1;s:9:"more_link";i:0;s:14:"more_link_text";s:0:"";s:14:"more_link_path";s:0:"";s:10:"strip_tags";i:0;s:4:"trim";i:0;s:13:"preserve_tags";s:0:"";s:4:"html";i:0;}s:12:"element_type";s:0:"";s:13:"element_class";s:0:"";s:18:"element_label_type";s:2:"h2";s:19:"element_label_class";s:0:"";s:19:"element_label_colon";b:0;s:20:"element_wrapper_type";s:0:"";s:21:"element_wrapper_class";s:0:"";s:23:"element_default_classes";i:1;s:5:"empty";s:0:"";s:10:"hide_empty";i:0;s:10:"empty_zero";i:0;s:16:"hide_alter_empty";i:1;s:17:"click_sort_column";s:5:"value";s:4:"type";s:12:"date_default";s:8:"settings";a:6:{s:11:"format_type";s:4:"long";s:6:"fromto";s:4:"both";s:15:"multiple_number";s:0:"";s:13:"multiple_from";s:0:"";s:11:"multiple_to";s:0:"";s:16:"show_repeat_rule";s:4:"show";}s:12:"group_column";s:5:"value";s:13:"group_columns";a:0:{}s:10:"group_rows";b:1;s:11:"delta_limit";s:3:"all";s:12:"delta_offset";i:0;s:14:"delta_reversed";b:0;s:16:"delta_first_last";b:0;s:10:"multi_type";s:9:"separator";s:9:"separator";s:2:", ";s:17:"field_api_classes";i:0;}}s:7:"filters";a:2:{s:6:"status";a:6:{s:5:"value";i:1;s:5:"table";s:4:"node";s:5:"field";s:6:"status";s:2:"id";s:6:"status";s:6:"expose";a:1:{s:8:"operator";b:0;}s:5:"group";i:1;}s:4:"type";a:11:{s:2:"id";s:4:"type";s:5:"table";s:4:"node";s:5:"field";s:4:"type";s:12:"relationship";s:4:"none";s:10:"group_type";s:5:"group";s:7:"ui_name";s:0:"";s:8:"operator";s:2:"in";s:5:"value";a:1:{s:5:"event";s:5:"event";}s:5:"group";s:1:"1";s:7:"exposed";b:0;s:6:"expose";a:9:{s:11:"operator_id";b:0;s:5:"label";s:0:"";s:12:"use_operator";i:0;s:8:"operator";s:0:"";s:10:"identifier";s:0:"";s:8:"required";i:0;s:8:"remember";i:0;s:8:"multiple";i:0;s:6:"reduce";b:0;}}}s:5:"sorts";a:2:{s:16:"field_date_value";a:9:{s:2:"id";s:16:"field_date_value";s:5:"table";s:21:"field_data_field_date";s:5:"field";s:16:"field_date_value";s:12:"relationship";s:4:"none";s:10:"group_type";s:5:"group";s:7:"ui_name";s:0:"";s:5:"order";s:3:"ASC";s:7:"exposed";b:0;s:6:"expose";a:1:{s:5:"label";s:0:"";}}s:16:"field_time_value";a:9:{s:2:"id";s:16:"field_time_value";s:5:"table";s:21:"field_data_field_time";s:5:"field";s:16:"field_time_value";s:12:"relationship";s:4:"none";s:10:"group_type";s:5:"group";s:7:"ui_name";s:0:"";s:5:"order";s:3:"ASC";s:7:"exposed";b:0;s:6:"expose";a:1:{s:5:"label";s:0:"";}}}s:5:"title";s:18:"Schedule of Events";s:13:"style_options";a:9:{s:8:"grouping";a:1:{i:0;a:3:{s:5:"field";s:10:"field_date";s:8:"rendered";i:1;s:14:"rendered_strip";i:1;}}s:9:"row_class";s:0:"";s:8:"override";i:1;s:6:"sticky";i:0;s:7:"summary";s:4:"Test";s:7:"columns";a:4:{s:10:"field_time";s:10:"field_time";s:5:"title";s:5:"title";s:14:"field_location";s:14:"field_location";s:10:"field_date";s:10:"field_date";}s:4:"info";a:4:{s:10:"field_time";a:5:{s:8:"sortable";i:0;s:18:"default_sort_order";s:3:"asc";s:5:"align";s:16:"views-align-left";s:9:"separator";s:0:"";s:12:"empty_column";i:0;}s:5:"title";a:5:{s:8:"sortable";i:0;s:18:"default_sort_order";s:3:"asc";s:5:"align";s:16:"views-align-left";s:9:"separator";s:0:"";s:12:"empty_column";i:0;}s:14:"field_location";a:5:{s:8:"sortable";i:0;s:18:"default_sort_order";s:3:"asc";s:5:"align";s:16:"views-align-left";s:9:"separator";s:0:"";s:12:"empty_column";i:0;}s:10:"field_date";a:5:{s:8:"sortable";i:0;s:18:"default_sort_order";s:3:"asc";s:5:"align";s:16:"views-align-left";s:9:"separator";s:0:"";s:12:"empty_column";i:0;}}s:7:"default";s:10:"field_date";s:11:"empty_table";i:0;}s:6:"header";a:0:{}}'),
(16, 'page', 'Page', 'page', 2, 'a:2:{s:5:"query";a:2:{s:4:"type";s:11:"views_query";s:7:"options";a:0:{}}s:4:"path";s:15:"taxonomy/term/%";}'),
(16, 'feed', 'Feed', 'feed', 3, 'a:6:{s:5:"query";a:2:{s:4:"type";s:11:"views_query";s:7:"options";a:0:{}}s:5:"pager";a:2:{s:4:"type";s:4:"full";s:7:"options";a:1:{s:14:"items_per_page";i:15;}}s:12:"style_plugin";s:3:"rss";s:10:"row_plugin";s:8:"node_rss";s:4:"path";s:22:"taxonomy/term/%/%/feed";s:8:"displays";a:2:{s:4:"page";s:4:"page";s:7:"default";i:0;}}'),
(17, 'page', 'Page', 'page', 2, 'a:3:{s:5:"query";a:2:{s:4:"type";s:11:"views_query";s:7:"options";a:0:{}}s:8:"defaults";a:1:{s:16:"hide_admin_links";b:0;}s:4:"path";s:5:"event";}'),
(17, 'default', 'Master', 'default', 1, 'a:11:{s:5:"query";a:2:{s:4:"type";s:11:"views_query";s:7:"options";a:1:{s:13:"query_comment";b:0;}}s:5:"title";s:8:"Products";s:15:"use_more_always";b:0;s:6:"access";a:1:{s:4:"type";s:4:"none";}s:5:"cache";a:1:{s:4:"type";s:4:"none";}s:12:"exposed_form";a:1:{s:4:"type";s:5:"basic";}s:5:"pager";a:2:{s:4:"type";s:4:"full";s:7:"options";a:3:{s:14:"items_per_page";s:1:"5";s:6:"offset";s:1:"0";s:2:"id";s:1:"0";}}s:12:"style_plugin";s:7:"default";s:10:"row_plugin";s:4:"node";s:5:"sorts";a:2:{s:6:"sticky";a:4:{s:2:"id";s:6:"sticky";s:5:"table";s:4:"node";s:5:"field";s:6:"sticky";s:5:"order";s:4:"DESC";}s:7:"created";a:4:{s:2:"id";s:7:"created";s:5:"table";s:4:"node";s:5:"field";s:7:"created";s:5:"order";s:4:"DESC";}}s:7:"filters";a:2:{s:12:"status_extra";a:5:{s:2:"id";s:12:"status_extra";s:5:"table";s:4:"node";s:5:"field";s:12:"status_extra";s:5:"group";i:0;s:6:"expose";a:1:{s:8:"operator";b:0;}}s:4:"type";a:5:{s:2:"id";s:4:"type";s:5:"table";s:4:"node";s:5:"field";s:4:"type";s:5:"value";a:1:{s:10:"mt_product";s:10:"mt_product";}s:5:"group";s:1:"0";}}}'),
(18, 'page', 'Page', 'page', 2, 'a:2:{s:5:"query";a:2:{s:4:"type";s:11:"views_query";s:7:"options";a:0:{}}s:4:"path";s:6:"events";}'),
(18, 'default', 'Master', 'default', 1, 'a:10:{s:5:"query";a:2:{s:4:"type";s:11:"views_query";s:7:"options";a:1:{s:13:"query_comment";b:0;}}s:5:"title";s:6:"Events";s:6:"access";a:1:{s:4:"type";s:4:"none";}s:5:"cache";a:1:{s:4:"type";s:4:"none";}s:12:"exposed_form";a:1:{s:4:"type";s:5:"basic";}s:5:"pager";a:2:{s:4:"type";s:4:"full";s:7:"options";a:4:{s:14:"items_per_page";s:1:"5";s:6:"offset";s:1:"0";s:2:"id";s:1:"0";s:6:"expose";a:1:{s:26:"items_per_page_options_all";i:0;}}}s:12:"style_plugin";s:7:"default";s:10:"row_plugin";s:4:"node";s:5:"sorts";a:2:{s:6:"sticky";a:4:{s:2:"id";s:6:"sticky";s:5:"table";s:4:"node";s:5:"field";s:6:"sticky";s:5:"order";s:4:"DESC";}s:7:"created";a:4:{s:2:"id";s:7:"created";s:5:"table";s:4:"node";s:5:"field";s:7:"created";s:5:"order";s:4:"DESC";}}s:7:"filters";a:2:{s:12:"status_extra";a:5:{s:2:"id";s:12:"status_extra";s:5:"table";s:4:"node";s:5:"field";s:12:"status_extra";s:5:"group";i:0;s:6:"expose";a:1:{s:8:"operator";b:0;}}s:4:"type";a:11:{s:2:"id";s:4:"type";s:5:"table";s:4:"node";s:5:"field";s:4:"type";s:12:"relationship";s:4:"none";s:10:"group_type";s:5:"group";s:7:"ui_name";s:0:"";s:8:"operator";s:2:"in";s:5:"value";a:1:{s:8:"mt_event";s:8:"mt_event";}s:5:"group";s:1:"0";s:7:"exposed";b:0;s:6:"expose";a:9:{s:11:"operator_id";b:0;s:5:"label";s:0:"";s:12:"use_operator";i:0;s:8:"operator";s:0:"";s:10:"identifier";s:0:"";s:8:"required";i:0;s:8:"remember";i:0;s:8:"multiple";i:0;s:6:"reduce";b:0;}}}}');

-- --------------------------------------------------------

--
-- Table structure for table `views_view`
--

CREATE TABLE IF NOT EXISTS `views_view` (
  `vid` int(10) unsigned NOT NULL AUTO_INCREMENT COMMENT 'The view ID of the field, defined by the database.',
  `name` varchar(128) NOT NULL DEFAULT '' COMMENT 'The unique name of the view. This is the primary field views are loaded from, and is used so that views may be internal and not necessarily in the database. May only be alphanumeric characters plus underscores.',
  `description` varchar(255) DEFAULT '' COMMENT 'A description of the view for the admin interface.',
  `tag` varchar(255) DEFAULT '' COMMENT 'A tag used to group/sort views in the admin interface',
  `base_table` varchar(64) NOT NULL DEFAULT '' COMMENT 'What table this view is based on, such as node, user, comment, or term.',
  `human_name` varchar(255) DEFAULT '' COMMENT 'A human readable name used to be displayed in the admin interface',
  `core` int(11) DEFAULT '0' COMMENT 'Stores the drupal core version of the view.',
  PRIMARY KEY (`vid`),
  UNIQUE KEY `name` (`name`)
) ENGINE=MyISAM  DEFAULT CHARSET=utf8 COMMENT='Stores the general data for a view.' AUTO_INCREMENT=21 ;

--
-- Dumping data for table `views_view`
--

INSERT INTO `views_view` (`vid`, `name`, `description`, `tag`, `base_table`, `human_name`, `core`) VALUES
(1, 'latest_products', 'A view to emulate Drupal core''s handling of taxonomy/term.', 'default', 'node', 'Latest products', 7),
(2, 'products', 'A view to display everything related to networking (networking events, special events, etc.)', 'default', 'node', 'Products', 7),
(3, 'products_in_use', 'A view to emulate Drupal core''s handling of taxonomy/term.', 'default', 'node', 'Products in use', 7),
(4, 'promoted_posts', 'A view to emulate Drupal core''s handling of taxonomy/term.', 'default', 'node', 'Promoted posts', 7),
(5, 'services', 'A view to emulate Drupal core''s handling of taxonomy/term.', 'default', 'node', 'Exhibit/Sponsor', 7),
(6, 'slideshow', 'A view to emulate Drupal core''s handling of taxonomy/term.', 'default', 'node', 'Slideshow', 7),
(7, 'testimonials', 'A view to emulate Drupal core''s handling of taxonomy/term.', 'default', 'node', 'Testimonials', 7),
(10, 'sessions', '', 'default', 'node', 'Sessions', 7),
(9, 'exhibitor_list', '', 'default', 'node', 'Exhibitor List', 7),
(11, 'show_news', '', 'default', 'node', 'Show News', 7),
(13, 'speakers', 'A view to emulate Drupal core''s handling of taxonomy/term.', 'default', 'node', 'Speakers', 7),
(14, 'schedule', '', 'default', 'node', 'Schedule', 7),
(15, 'register', 'A view to display everything related to networking (networking events, special events, etc.)', 'default', 'node', 'Register', 7),
(16, 'taxonomy_term', 'A view to emulate Drupal core''s handling of taxonomy/term.', 'default', 'node', 'Taxonomy term', 7);

-- --------------------------------------------------------

--
-- Table structure for table `watchdog`
--

CREATE TABLE IF NOT EXISTS `watchdog` (
  `wid` int(11) NOT NULL AUTO_INCREMENT COMMENT 'Primary Key: Unique watchdog event ID.',
  `uid` int(11) NOT NULL DEFAULT '0' COMMENT 'The users.uid of the user who triggered the event.',
  `type` varchar(64) NOT NULL DEFAULT '' COMMENT 'Type of log message, for example "user" or "page not found."',
  `message` longtext NOT NULL COMMENT 'Text of log message to be passed into the t() function.',
  `variables` longblob NOT NULL COMMENT 'Serialized array of variables that match the message string and that is passed into the t() function.',
  `severity` tinyint(3) unsigned NOT NULL DEFAULT '0' COMMENT 'The severity level of the event; ranges from 0 (Emergency) to 7 (Debug)',
  `link` varchar(255) DEFAULT '' COMMENT 'Link to view the result of the event.',
  `location` text NOT NULL COMMENT 'URL of the origin of the event.',
  `referer` text COMMENT 'URL of referring page.',
  `hostname` varchar(128) NOT NULL DEFAULT '' COMMENT 'Hostname of the user who triggered the event.',
  `timestamp` int(11) NOT NULL DEFAULT '0' COMMENT 'Unix timestamp of when event occurred.',
  PRIMARY KEY (`wid`),
  KEY `type` (`type`),
  KEY `uid` (`uid`)
) ENGINE=MyISAM  DEFAULT CHARSET=utf8 COMMENT='Table that contains logs of all system events.' AUTO_INCREMENT=118655 ;



-- --------------------------------------------------------

--
-- Table structure for table `webform`
--

CREATE TABLE IF NOT EXISTS `webform` (
  `nid` int(10) unsigned NOT NULL COMMENT 'The node identifier of a webform.',
  `confirmation` text NOT NULL COMMENT 'The confirmation message or URL displayed to the user after submitting a form.',
  `confirmation_format` varchar(255) DEFAULT NULL COMMENT 'The filter_format.format of the confirmation message.',
  `redirect_url` varchar(255) DEFAULT '<confirmation>' COMMENT 'The URL a user is redirected to after submitting a form.',
  `status` tinyint(4) NOT NULL DEFAULT '1' COMMENT 'Boolean value of a webform for open (1) or closed (0).',
  `block` tinyint(4) NOT NULL DEFAULT '0' COMMENT 'Boolean value for whether this form be available as a block.',
  `teaser` tinyint(4) NOT NULL DEFAULT '0' COMMENT 'Boolean value for whether the entire form should be displayed on the teaser.',
  `allow_draft` tinyint(4) NOT NULL DEFAULT '0' COMMENT 'Boolean value for whether submissions to this form be saved as a draft.',
  `auto_save` tinyint(4) NOT NULL DEFAULT '0' COMMENT 'Boolean value for whether submissions to this form should be auto-saved between pages.',
  `submit_notice` tinyint(4) NOT NULL DEFAULT '1' COMMENT 'Boolean value for whether to show or hide the previous submissions notification.',
  `submit_text` varchar(255) DEFAULT NULL COMMENT 'The title of the submit button on the form.',
  `submit_limit` tinyint(4) NOT NULL DEFAULT '-1' COMMENT 'The number of submissions a single user is allowed to submit within an interval. -1 is unlimited.',
  `submit_interval` int(11) NOT NULL DEFAULT '-1' COMMENT 'The amount of time in seconds that must pass before a user can submit another submission within the set limit.',
  `total_submit_limit` int(11) NOT NULL DEFAULT '-1' COMMENT 'The total number of submissions allowed within an interval. -1 is unlimited.',
  `total_submit_interval` int(11) NOT NULL DEFAULT '-1' COMMENT 'The amount of time in seconds that must pass before another submission can be submitted within the set limit.',
  PRIMARY KEY (`nid`)
) ENGINE=MyISAM DEFAULT CHARSET=utf8 COMMENT='Table for storing additional properties for webform nodes.';

--
-- Dumping data for table `webform`
--

INSERT INTO `webform` (`nid`, `confirmation`, `confirmation_format`, `redirect_url`, `status`, `block`, `teaser`, `allow_draft`, `auto_save`, `submit_notice`, `submit_text`, `submit_limit`, `submit_interval`, `total_submit_limit`, `total_submit_interval`) VALUES
(39, '<p>Thank you for submitting a session for the 2013 ERA D2C Convention. Sessions will be chosen by a vote of the ERA Content Committee, the ERA Staff and ERA members. Finalists will be notified by May 1, 2013. Should you have any questions please contact Vi Paynich at <a href="mailto:vpaynich@retailing.org">vpaynich@retailing.org</a>&nbsp;or call 909-606-3406.</p>', 'full_html', '<confirmation>', 1, 0, 0, 0, 0, 0, '', -1, -1, -1, -1),
(90, '', NULL, '<confirmation>', 1, 0, 0, 0, 0, 1, '', -1, -1, -1, -1);

-- --------------------------------------------------------

--
-- Table structure for table `webform_component`
--

CREATE TABLE IF NOT EXISTS `webform_component` (
  `nid` int(10) unsigned NOT NULL DEFAULT '0' COMMENT 'The node identifier of a webform.',
  `cid` smallint(5) unsigned NOT NULL DEFAULT '0' COMMENT 'The identifier for this component within this node, starts at 0 for each node.',
  `pid` smallint(5) unsigned NOT NULL DEFAULT '0' COMMENT 'If this component has a parent fieldset, the cid of that component.',
  `form_key` varchar(128) DEFAULT NULL COMMENT 'When the form is displayed and processed, this key can be used to reference the results.',
  `name` varchar(255) DEFAULT NULL COMMENT 'The label for this component.',
  `type` varchar(16) DEFAULT NULL COMMENT 'The field type of this component (textfield, select, hidden, etc.).',
  `value` text NOT NULL COMMENT 'The default value of the component when displayed to the end-user.',
  `extra` text NOT NULL COMMENT 'Additional information unique to the display or processing of this component.',
  `mandatory` tinyint(4) NOT NULL DEFAULT '0' COMMENT 'Boolean flag for if this component is required.',
  `weight` smallint(6) NOT NULL DEFAULT '0' COMMENT 'Determines the position of this component in the form.',
  PRIMARY KEY (`nid`,`cid`)
) ENGINE=MyISAM DEFAULT CHARSET=utf8 COMMENT='Stores information about components for webform nodes.';

--
-- Dumping data for table `webform_component`
--

INSERT INTO `webform_component` (`nid`, `cid`, `pid`, `form_key`, `name`, `type`, `value`, `extra`, `mandatory`, `weight`) VALUES
(39, 1, 13, 'instructions', 'Instructions', 'markup', '<p>Please provide information for the main contact for this proposal.</p>', 'a:2:{s:6:"format";s:9:"full_html";s:7:"private";i:0;}', 0, 0),
(90, 1, 0, 'your_name', 'Your Name', 'textfield', '', 'a:5:{s:13:"title_display";s:6:"before";s:7:"private";i:0;s:8:"disabled";i:0;s:6:"unique";i:0;s:20:"conditional_operator";s:1:"=";}', 1, 0),
(39, 17, 0, 'session_description', 'Session Description', 'fieldset', '', 'a:4:{s:13:"title_display";i:0;s:7:"private";i:0;s:11:"collapsible";i:0;s:9:"collapsed";i:0;}', 0, 48),
(39, 16, 14, 'session_descobj_text', 'Session Decription & Objectives', 'markup', '<p><strong>TIP: </strong>Remember, your title is vital to the selection process. Make sure your first impression is a memorable one. (8 words max.)</p>', 'a:3:{s:20:"conditional_operator";s:1:"=";s:6:"format";s:9:"full_html";s:7:"private";i:0;}', 0, 8),
(39, 3, 13, 'first', 'First', 'textfield', '', 'a:5:{s:13:"title_display";s:6:"before";s:7:"private";i:0;s:8:"disabled";i:0;s:6:"unique";i:0;s:20:"conditional_operator";s:1:"=";}', 1, 1),
(39, 4, 13, 'last_name', 'Last', 'textfield', '', 'a:5:{s:13:"title_display";s:6:"before";s:7:"private";i:0;s:8:"disabled";i:0;s:6:"unique";i:0;s:20:"conditional_operator";s:1:"=";}', 1, 2),
(39, 5, 13, 'title', 'Title', 'textfield', '', 'a:5:{s:13:"title_display";s:6:"before";s:7:"private";i:0;s:8:"disabled";i:0;s:6:"unique";i:0;s:20:"conditional_operator";s:1:"=";}', 1, 3),
(39, 6, 13, 'company', 'Company', 'textfield', '', 'a:4:{s:13:"title_display";s:6:"before";s:7:"private";i:0;s:8:"disabled";i:0;s:6:"unique";i:0;}', 1, 4),
(39, 7, 13, 'email', 'Email', 'email', '', 'a:4:{s:13:"title_display";s:6:"before";s:7:"private";i:0;s:8:"disabled";i:0;s:6:"unique";i:0;}', 1, 5),
(39, 25, 20, 'prispkr_last', 'Last', 'textfield', '', 'a:13:{s:13:"title_display";s:6:"before";s:7:"private";i:0;s:8:"disabled";i:0;s:6:"unique";i:0;s:20:"conditional_operator";s:1:"=";s:5:"width";s:0:"";s:9:"maxlength";s:0:"";s:12:"field_prefix";s:0:"";s:12:"field_suffix";s:0:"";s:11:"description";s:0:"";s:10:"attributes";a:0:{}s:21:"conditional_component";s:0:"";s:18:"conditional_values";s:0:"";}', 1, 22),
(39, 24, 20, 'prispkr_first', 'First', 'textfield', '', 'a:13:{s:13:"title_display";s:6:"before";s:7:"private";i:0;s:8:"disabled";i:0;s:6:"unique";i:0;s:20:"conditional_operator";s:1:"=";s:5:"width";s:0:"";s:9:"maxlength";s:0:"";s:12:"field_prefix";s:0:"";s:12:"field_suffix";s:0:"";s:11:"description";s:0:"";s:10:"attributes";a:0:{}s:21:"conditional_component";s:0:"";s:18:"conditional_values";s:0:"";}', 1, 21),
(39, 8, 13, 'phone', 'Mobile Phone', 'phone', '', 'a:9:{s:7:"country";s:2:"ca";s:18:"phone_country_code";i:0;s:26:"phone_default_country_code";s:1:"1";s:20:"phone_int_max_length";s:2:"15";s:18:"ca_phone_separator";s:1:"-";s:20:"ca_phone_parentheses";i:1;s:13:"title_display";s:6:"before";s:7:"private";i:0;s:8:"disabled";i:0;}', 1, 6),
(39, 101, 0, 'long_sessionformat', 'Session Format', 'fieldset', '', 'a:11:{s:13:"title_display";i:0;s:7:"private";i:0;s:11:"collapsible";i:0;s:9:"collapsed";i:0;s:31:"webform_conditional_field_value";s:1:"2";s:23:"webform_conditional_cid";s:2:"58";s:28:"webform_conditional_operator";s:1:"=";s:11:"description";s:0:"";s:21:"conditional_component";s:0:"";s:20:"conditional_operator";s:1:"=";s:18:"conditional_values";s:0:"";}', 0, 45),
(39, 102, 101, 'session_text', 'Session Format', 'markup', '<p>All proposed sessions should be <strong>45 minutes</strong> in length, with another <strong>15 minutes</strong> reserved for questions and answers. <strong>Select one of the following:</strong></p>', 'a:5:{s:20:"conditional_operator";s:1:"=";s:6:"format";s:9:"full_html";s:7:"private";i:0;s:21:"conditional_component";s:0:"";s:18:"conditional_values";s:0:"";}', 0, 8),
(39, 20, 0, 'speaker_type', 'Speaker', 'fieldset', '', 'a:7:{s:13:"title_display";i:0;s:7:"private";i:0;s:11:"collapsible";i:0;s:9:"collapsed";i:0;s:31:"webform_conditional_field_value";s:1:"1";s:23:"webform_conditional_cid";s:2:"58";s:28:"webform_conditional_operator";s:1:"=";}', 0, 50),
(39, 21, 20, 'speaker_txt', 'speaker_txt', 'markup', '<p><strong>IMPORTANT:</strong> A speaker selected for your session may <strong><span style="color: rgb(255, 0, 0);">NOT</span> </strong>speak on additional panels/sessions (one person per session per ERA conference). Provide a high-resolution headshot of the speaker. We prefer a JPG or TIFF file that is a minimum 300 dpi.</p>', 'a:2:{s:6:"format";s:9:"full_html";s:7:"private";i:0;}', 0, 20),
(39, 14, 0, 'session_descobj', 'Session Title', 'fieldset', '', 'a:4:{s:13:"title_display";i:0;s:7:"private";i:0;s:11:"collapsible";i:0;s:9:"collapsed";i:0;}', 0, 47),
(39, 13, 0, 'contact_info', 'Contact Information', 'fieldset', '', 'a:8:{s:13:"title_display";i:0;s:7:"private";i:0;s:11:"collapsible";i:0;s:9:"collapsed";i:0;s:11:"description";s:0:"";s:21:"conditional_component";s:0:"";s:20:"conditional_operator";s:1:"=";s:18:"conditional_values";s:0:"";}', 0, 46),
(39, 18, 17, 'session_desc_txt', 'Session Description', 'markup', 'Write a description of your proposed session. Be sure to include 3 specific objectives of your educational content. It should answer the question: why should anyone attend this session?', 'a:5:{s:20:"conditional_operator";s:1:"=";s:6:"format";s:8:"php_code";s:7:"private";i:0;s:21:"conditional_component";s:0:"";s:18:"conditional_values";s:0:"";}', 0, 17),
(39, 15, 14, 'session_title', 'Session Title:', 'textfield', '', 'a:13:{s:13:"title_display";s:6:"inline";s:7:"private";i:0;s:8:"disabled";i:0;s:6:"unique";i:0;s:20:"conditional_operator";s:1:"=";s:5:"width";s:0:"";s:9:"maxlength";s:0:"";s:12:"field_prefix";s:0:"";s:12:"field_suffix";s:0:"";s:11:"description";s:0:"";s:10:"attributes";a:0:{}s:21:"conditional_component";s:0:"";s:18:"conditional_values";s:0:"";}', 1, 9),
(39, 61, 60, 'speaker_txt', 'speaker_txt', 'markup', '<p><strong>IMPORTANT:</strong> All proposed speakers/panelists <strong><span style="color: rgb(255, 0, 0);">MUST</span></strong> be confirmed beforehand. Only ONE company representative per session will be allowed. A speaker selected for your session may NOT speak on additional panels/sessions (one person per session per ERA conference). <strong>Total number of panelists (including moderator) should not exceed <span style="color: rgb(255, 0, 0);">4</span></strong>. Provide a high-resolution headshot for all speakers. We prefer a JPG or TIFF file that is a minimum 300 dpi.</p>', 'a:5:{s:20:"conditional_operator";s:1:"=";s:6:"format";s:9:"full_html";s:7:"private";i:0;s:21:"conditional_component";s:0:"";s:18:"conditional_values";s:0:"";}', 0, 20),
(39, 19, 17, 'session_body', 'Description', 'textarea', '', 'a:6:{s:11:"description";s:94:"Note: If selected, your description will appear in all promotional materials. (100 words max.)";s:13:"title_display";s:4:"none";s:7:"private";i:0;s:9:"resizable";i:1;s:8:"disabled";i:0;s:20:"conditional_operator";s:1:"=";}', 1, 18),
(39, 107, 104, 'prispkr_last', 'Last', 'textfield', '', 'a:13:{s:13:"title_display";s:6:"before";s:7:"private";i:0;s:8:"disabled";i:0;s:6:"unique";i:0;s:20:"conditional_operator";s:1:"=";s:5:"width";s:0:"";s:9:"maxlength";s:0:"";s:12:"field_prefix";s:0:"";s:12:"field_suffix";s:0:"";s:11:"description";s:0:"";s:10:"attributes";a:0:{}s:21:"conditional_component";s:0:"";s:18:"conditional_values";s:0:"";}', 0, 24),
(39, 105, 104, 'speakers_type', 'Speaker Type:', 'select', '', 'a:14:{s:13:"title_display";s:6:"inline";s:7:"private";i:0;s:6:"aslist";i:0;s:7:"optrand";i:0;s:20:"conditional_operator";s:1:"=";s:5:"items";s:33:"1|MODERATOR\n2|SPEAKER\n3|PANELIST\n";s:8:"multiple";i:0;s:11:"custom_keys";i:0;s:12:"other_option";N;s:10:"other_text";s:8:"Other...";s:11:"description";s:0:"";s:14:"options_source";s:0:"";s:21:"conditional_component";s:0:"";s:18:"conditional_values";s:0:"";}', 0, 22),
(39, 104, 89, 'additional_speaker5', 'Speaker 4', 'fieldset', '', 'a:8:{s:13:"title_display";i:0;s:7:"private";i:0;s:11:"collapsible";i:1;s:9:"collapsed";i:1;s:11:"description";s:0:"";s:21:"conditional_component";s:0:"";s:20:"conditional_operator";s:1:"=";s:18:"conditional_values";s:0:"";}', 0, 30),
(39, 26, 20, 'prispkr_title', 'Title', 'textfield', '', 'a:13:{s:13:"title_display";s:6:"before";s:7:"private";i:0;s:8:"disabled";i:0;s:6:"unique";i:0;s:20:"conditional_operator";s:1:"=";s:5:"width";s:0:"";s:9:"maxlength";s:0:"";s:12:"field_prefix";s:0:"";s:12:"field_suffix";s:0:"";s:11:"description";s:0:"";s:10:"attributes";a:0:{}s:21:"conditional_component";s:0:"";s:18:"conditional_values";s:0:"";}', 1, 23),
(39, 27, 20, 'prispkr_company', 'Company', 'textfield', '', 'a:13:{s:13:"title_display";s:6:"before";s:7:"private";i:0;s:8:"disabled";i:0;s:6:"unique";i:0;s:20:"conditional_operator";s:1:"=";s:5:"width";s:0:"";s:9:"maxlength";s:0:"";s:12:"field_prefix";s:0:"";s:12:"field_suffix";s:0:"";s:11:"description";s:0:"";s:10:"attributes";a:0:{}s:21:"conditional_component";s:0:"";s:18:"conditional_values";s:0:"";}', 1, 24),
(39, 28, 20, 'prispker_email', 'Email', 'email', '', 'a:10:{s:13:"title_display";s:6:"before";s:7:"private";i:0;s:8:"disabled";i:0;s:6:"unique";i:0;s:20:"conditional_operator";s:1:"=";s:5:"width";s:0:"";s:11:"description";s:0:"";s:10:"attributes";a:0:{}s:21:"conditional_component";s:0:"";s:18:"conditional_values";s:0:"";}', 1, 25),
(39, 29, 20, 'prispker_phone', 'Mobile Phone', 'phone', '', 'a:9:{s:7:"country";s:2:"ca";s:18:"phone_country_code";i:1;s:26:"phone_default_country_code";s:1:"1";s:20:"phone_int_max_length";s:2:"15";s:18:"ca_phone_separator";s:1:"-";s:20:"ca_phone_parentheses";i:1;s:13:"title_display";s:6:"before";s:7:"private";i:0;s:8:"disabled";i:0;}', 1, 26),
(39, 30, 20, 'prispkr_bio', 'Bio', 'textarea', '', 'a:11:{s:13:"title_display";i:0;s:7:"private";i:0;s:9:"resizable";i:1;s:8:"disabled";i:0;s:20:"conditional_operator";s:1:"=";s:4:"cols";s:0:"";s:4:"rows";s:0:"";s:11:"description";s:0:"";s:10:"attributes";a:0:{}s:21:"conditional_component";s:0:"";s:18:"conditional_values";s:0:"";}', 1, 27),
(90, 2, 0, 'your_e_mail_address', 'Your e-mail address', 'email', '', 'a:5:{s:13:"title_display";s:6:"before";s:7:"private";i:0;s:8:"disabled";i:0;s:6:"unique";i:0;s:20:"conditional_operator";s:1:"=";}', 1, 1),
(90, 3, 0, 'subject', 'Subject', 'textfield', '', 'a:5:{s:13:"title_display";s:6:"before";s:7:"private";i:0;s:8:"disabled";i:0;s:6:"unique";i:0;s:20:"conditional_operator";s:1:"=";}', 1, 2),
(90, 4, 0, 'issue_category', 'Issue Category', 'select', '', 'a:8:{s:13:"title_display";s:6:"before";s:7:"private";i:0;s:6:"aslist";i:1;s:7:"optrand";i:0;s:20:"conditional_operator";s:1:"=";s:5:"items";s:82:"1|Exhibitor/Sponsor\n2|General Qustion\n3|Housing\n4|Membership\n5|Registration Issue\n";s:8:"multiple";i:0;s:11:"custom_keys";i:0;}', 1, 3),
(90, 5, 0, 'summary', 'Summary', 'textarea', '', 'a:4:{s:13:"title_display";i:0;s:7:"private";i:0;s:9:"resizable";i:1;s:8:"disabled";i:0;}', 1, 4),
(39, 110, 104, 'prispker_email', 'Email', 'email', '', 'a:10:{s:13:"title_display";s:6:"before";s:7:"private";i:0;s:8:"disabled";i:0;s:6:"unique";i:0;s:20:"conditional_operator";s:1:"=";s:5:"width";s:0:"";s:11:"description";s:0:"";s:10:"attributes";a:0:{}s:21:"conditional_component";s:0:"";s:18:"conditional_values";s:0:"";}', 0, 27),
(39, 111, 104, 'prispker_phone', 'Mobile Phone', 'phone', '', 'a:15:{s:7:"country";s:2:"ca";s:18:"phone_country_code";i:1;s:26:"phone_default_country_code";s:1:"1";s:20:"phone_int_max_length";s:2:"15";s:18:"ca_phone_separator";s:1:"-";s:20:"ca_phone_parentheses";i:1;s:13:"title_display";s:6:"before";s:7:"private";i:0;s:8:"disabled";i:0;s:5:"width";s:0:"";s:10:"attributes";a:0:{}s:11:"description";s:0:"";s:21:"conditional_component";s:0:"";s:20:"conditional_operator";s:1:"=";s:18:"conditional_values";s:0:"";}', 0, 28),
(39, 112, 104, 'prispkr_bio', 'Bio', 'textarea', '', 'a:11:{s:13:"title_display";i:0;s:7:"private";i:0;s:9:"resizable";i:1;s:8:"disabled";i:0;s:20:"conditional_operator";s:1:"=";s:4:"cols";s:0:"";s:4:"rows";s:0:"";s:11:"description";s:0:"";s:10:"attributes";a:0:{}s:21:"conditional_component";s:0:"";s:18:"conditional_values";s:0:"";}', 0, 29),
(39, 109, 104, 'prispkr_company', 'Company', 'textfield', '', 'a:13:{s:13:"title_display";s:6:"before";s:7:"private";i:0;s:8:"disabled";i:0;s:6:"unique";i:0;s:20:"conditional_operator";s:1:"=";s:5:"width";s:0:"";s:9:"maxlength";s:0:"";s:12:"field_prefix";s:0:"";s:12:"field_suffix";s:0:"";s:11:"description";s:0:"";s:10:"attributes";a:0:{}s:21:"conditional_component";s:0:"";s:18:"conditional_values";s:0:"";}', 0, 26),
(39, 108, 104, 'prispkr_title', 'Title', 'textfield', '', 'a:13:{s:13:"title_display";s:6:"before";s:7:"private";i:0;s:8:"disabled";i:0;s:6:"unique";i:0;s:20:"conditional_operator";s:1:"=";s:5:"width";s:0:"";s:9:"maxlength";s:0:"";s:12:"field_prefix";s:0:"";s:12:"field_suffix";s:0:"";s:11:"description";s:0:"";s:10:"attributes";a:0:{}s:21:"conditional_component";s:0:"";s:18:"conditional_values";s:0:"";}', 0, 25),
(39, 103, 101, 'session_list', 'session_list', 'select', '', 'a:14:{s:13:"title_display";s:4:"none";s:7:"private";i:0;s:6:"aslist";i:0;s:7:"optrand";i:0;s:20:"conditional_operator";s:1:"=";s:5:"items";s:86:"Best Practices|Best Practices\nCase Study|Case Study\nPanel Discussion|Panel Discussion\n";s:8:"multiple";i:0;s:11:"custom_keys";i:0;s:12:"other_option";N;s:10:"other_text";s:8:"Other...";s:11:"description";s:0:"";s:14:"options_source";s:0:"";s:21:"conditional_component";s:0:"";s:18:"conditional_values";s:0:"";}', 1, 9),
(39, 99, 98, 'session_text', 'Session Format', 'markup', '<p>Proposed Lightning sessions should have <u>only</u> <strong>1</strong> speaker. However, under special circumstances, ERA may consider 2 speakers max. Your proposed session should offer Best Practices or a compelling Case Study with takeaways.</p>', 'a:2:{s:6:"format";s:9:"full_html";s:7:"private";i:0;}', 0, 8),
(39, 98, 0, 'short_sessionformat', 'Session Format', 'fieldset', '', 'a:7:{s:13:"title_display";i:0;s:7:"private";i:0;s:11:"collapsible";i:0;s:9:"collapsed";i:0;s:31:"webform_conditional_field_value";s:1:"1";s:23:"webform_conditional_cid";s:2:"58";s:28:"webform_conditional_operator";s:1:"=";}', 0, 44),
(39, 59, 0, 'submission_form_type', 'Session Type', 'fieldset', '', 'a:5:{s:13:"title_display";i:0;s:7:"private";i:0;s:11:"collapsible";i:0;s:9:"collapsed";i:0;s:20:"conditional_operator";s:1:"=";}', 0, 43),
(39, 60, 0, 'short_speaker_type', 'Moderators / Speakers / Panelists', 'fieldset', '', 'a:7:{s:13:"title_display";i:0;s:7:"private";i:0;s:11:"collapsible";i:0;s:9:"collapsed";i:0;s:31:"webform_conditional_field_value";s:1:"2";s:23:"webform_conditional_cid";s:2:"58";s:28:"webform_conditional_operator";s:1:"=";}', 0, 49),
(39, 58, 59, 'submission_type', 'type:', 'select', '1', 'a:8:{s:13:"title_display";s:4:"none";s:7:"private";i:0;s:6:"aslist";i:0;s:7:"optrand";i:0;s:20:"conditional_operator";s:1:"=";s:5:"items";s:69:"1|15-Minute Lightning Session\n2|60-Minute Panel Discussion / Session\n";s:8:"multiple";i:0;s:11:"custom_keys";i:1;}', 1, 44),
(39, 62, 60, 'primary_speaker', 'Moderator  ', 'fieldset', '', 'a:4:{s:13:"title_display";i:0;s:7:"private";i:0;s:11:"collapsible";i:0;s:9:"collapsed";i:0;}', 0, 21),
(39, 106, 104, 'prispkr_first', 'First', 'textfield', '', 'a:13:{s:13:"title_display";s:6:"before";s:7:"private";i:0;s:8:"disabled";i:0;s:6:"unique";i:0;s:20:"conditional_operator";s:1:"=";s:5:"width";s:0:"";s:9:"maxlength";s:0:"";s:12:"field_prefix";s:0:"";s:12:"field_suffix";s:0:"";s:11:"description";s:0:"";s:10:"attributes";a:0:{}s:21:"conditional_component";s:0:"";s:18:"conditional_values";s:0:"";}', 0, 23),
(39, 63, 62, 'speakers_type', 'Speaker Type:', 'select', '', 'a:14:{s:13:"title_display";s:6:"inline";s:7:"private";i:0;s:6:"aslist";i:0;s:7:"optrand";i:0;s:20:"conditional_operator";s:1:"=";s:5:"items";s:33:"1|MODERATOR\n2|SPEAKER\n3|PANELIST\n";s:8:"multiple";i:0;s:11:"custom_keys";i:0;s:12:"other_option";N;s:10:"other_text";s:8:"Other...";s:11:"description";s:0:"";s:14:"options_source";s:0:"";s:21:"conditional_component";s:0:"";s:18:"conditional_values";s:0:"";}', 1, 22),
(39, 64, 62, 'prispkr_first', 'First', 'textfield', '', 'a:13:{s:13:"title_display";s:6:"before";s:7:"private";i:0;s:8:"disabled";i:0;s:6:"unique";i:0;s:20:"conditional_operator";s:1:"=";s:5:"width";s:0:"";s:9:"maxlength";s:0:"";s:12:"field_prefix";s:0:"";s:12:"field_suffix";s:0:"";s:11:"description";s:0:"";s:10:"attributes";a:0:{}s:21:"conditional_component";s:0:"";s:18:"conditional_values";s:0:"";}', 1, 23),
(39, 65, 62, 'prispkr_last', 'Last', 'textfield', '', 'a:13:{s:13:"title_display";s:6:"before";s:7:"private";i:0;s:8:"disabled";i:0;s:6:"unique";i:0;s:20:"conditional_operator";s:1:"=";s:5:"width";s:0:"";s:9:"maxlength";s:0:"";s:12:"field_prefix";s:0:"";s:12:"field_suffix";s:0:"";s:11:"description";s:0:"";s:10:"attributes";a:0:{}s:21:"conditional_component";s:0:"";s:18:"conditional_values";s:0:"";}', 1, 24),
(39, 66, 62, 'prispkr_title', 'Title', 'textfield', '', 'a:13:{s:13:"title_display";s:6:"before";s:7:"private";i:0;s:8:"disabled";i:0;s:6:"unique";i:0;s:20:"conditional_operator";s:1:"=";s:5:"width";s:0:"";s:9:"maxlength";s:0:"";s:12:"field_prefix";s:0:"";s:12:"field_suffix";s:0:"";s:11:"description";s:0:"";s:10:"attributes";a:0:{}s:21:"conditional_component";s:0:"";s:18:"conditional_values";s:0:"";}', 1, 25),
(39, 67, 62, 'prispkr_company', 'Company', 'textfield', '', 'a:13:{s:13:"title_display";s:6:"before";s:7:"private";i:0;s:8:"disabled";i:0;s:6:"unique";i:0;s:20:"conditional_operator";s:1:"=";s:5:"width";s:0:"";s:9:"maxlength";s:0:"";s:12:"field_prefix";s:0:"";s:12:"field_suffix";s:0:"";s:11:"description";s:0:"";s:10:"attributes";a:0:{}s:21:"conditional_component";s:0:"";s:18:"conditional_values";s:0:"";}', 1, 26),
(39, 68, 62, 'prispker_email', 'Email', 'email', '', 'a:10:{s:13:"title_display";s:6:"before";s:7:"private";i:0;s:8:"disabled";i:0;s:6:"unique";i:0;s:20:"conditional_operator";s:1:"=";s:5:"width";s:0:"";s:11:"description";s:0:"";s:10:"attributes";a:0:{}s:21:"conditional_component";s:0:"";s:18:"conditional_values";s:0:"";}', 1, 27),
(39, 69, 62, 'prispker_phone', 'Mobile Phone', 'phone', '', 'a:9:{s:7:"country";s:2:"ca";s:18:"phone_country_code";i:1;s:26:"phone_default_country_code";s:1:"1";s:20:"phone_int_max_length";s:2:"15";s:18:"ca_phone_separator";s:1:"-";s:20:"ca_phone_parentheses";i:1;s:13:"title_display";s:6:"before";s:7:"private";i:0;s:8:"disabled";i:0;}', 1, 28),
(39, 70, 62, 'prispkr_bio', 'Bio', 'textarea', '', 'a:11:{s:13:"title_display";i:0;s:7:"private";i:0;s:9:"resizable";i:1;s:8:"disabled";i:0;s:20:"conditional_operator";s:1:"=";s:4:"cols";s:0:"";s:4:"rows";s:0:"";s:11:"description";s:0:"";s:10:"attributes";a:0:{}s:21:"conditional_component";s:0:"";s:18:"conditional_values";s:0:"";}', 1, 29),
(39, 71, 62, 'additional_speaker2', 'Speaker 1', 'fieldset', '', 'a:4:{s:13:"title_display";i:0;s:7:"private";i:0;s:11:"collapsible";i:1;s:9:"collapsed";i:0;}', 0, 30),
(39, 72, 71, 'speakers_type', 'Speaker Type:', 'select', '', 'a:14:{s:13:"title_display";s:6:"inline";s:7:"private";i:0;s:6:"aslist";i:0;s:7:"optrand";i:0;s:20:"conditional_operator";s:1:"=";s:5:"items";s:33:"1|MODERATOR\n2|SPEAKER\n3|PANELIST\n";s:8:"multiple";i:0;s:11:"custom_keys";i:0;s:12:"other_option";N;s:10:"other_text";s:8:"Other...";s:11:"description";s:0:"";s:14:"options_source";s:0:"";s:21:"conditional_component";s:0:"";s:18:"conditional_values";s:0:"";}', 1, 22),
(39, 73, 71, 'prispkr_first', 'First', 'textfield', '', 'a:13:{s:13:"title_display";s:6:"before";s:7:"private";i:0;s:8:"disabled";i:0;s:6:"unique";i:0;s:20:"conditional_operator";s:1:"=";s:5:"width";s:0:"";s:9:"maxlength";s:0:"";s:12:"field_prefix";s:0:"";s:12:"field_suffix";s:0:"";s:11:"description";s:0:"";s:10:"attributes";a:0:{}s:21:"conditional_component";s:0:"";s:18:"conditional_values";s:0:"";}', 1, 23),
(39, 74, 71, 'prispkr_last', 'Last', 'textfield', '', 'a:13:{s:13:"title_display";s:6:"before";s:7:"private";i:0;s:8:"disabled";i:0;s:6:"unique";i:0;s:20:"conditional_operator";s:1:"=";s:5:"width";s:0:"";s:9:"maxlength";s:0:"";s:12:"field_prefix";s:0:"";s:12:"field_suffix";s:0:"";s:11:"description";s:0:"";s:10:"attributes";a:0:{}s:21:"conditional_component";s:0:"";s:18:"conditional_values";s:0:"";}', 1, 24),
(39, 75, 71, 'prispkr_title', 'Title', 'textfield', '', 'a:13:{s:13:"title_display";s:6:"before";s:7:"private";i:0;s:8:"disabled";i:0;s:6:"unique";i:0;s:20:"conditional_operator";s:1:"=";s:5:"width";s:0:"";s:9:"maxlength";s:0:"";s:12:"field_prefix";s:0:"";s:12:"field_suffix";s:0:"";s:11:"description";s:0:"";s:10:"attributes";a:0:{}s:21:"conditional_component";s:0:"";s:18:"conditional_values";s:0:"";}', 1, 25),
(39, 76, 71, 'prispkr_company', 'Company', 'textfield', '', 'a:13:{s:13:"title_display";s:6:"before";s:7:"private";i:0;s:8:"disabled";i:0;s:6:"unique";i:0;s:20:"conditional_operator";s:1:"=";s:5:"width";s:0:"";s:9:"maxlength";s:0:"";s:12:"field_prefix";s:0:"";s:12:"field_suffix";s:0:"";s:11:"description";s:0:"";s:10:"attributes";a:0:{}s:21:"conditional_component";s:0:"";s:18:"conditional_values";s:0:"";}', 1, 26),
(39, 77, 71, 'prispker_email', 'Email', 'email', '', 'a:10:{s:13:"title_display";s:6:"before";s:7:"private";i:0;s:8:"disabled";i:0;s:6:"unique";i:0;s:20:"conditional_operator";s:1:"=";s:5:"width";s:0:"";s:11:"description";s:0:"";s:10:"attributes";a:0:{}s:21:"conditional_component";s:0:"";s:18:"conditional_values";s:0:"";}', 1, 27),
(39, 78, 71, 'prispker_phone', 'Mobile Phone', 'phone', '', 'a:9:{s:7:"country";s:2:"ca";s:18:"phone_country_code";i:1;s:26:"phone_default_country_code";s:1:"1";s:20:"phone_int_max_length";s:2:"15";s:18:"ca_phone_separator";s:1:"-";s:20:"ca_phone_parentheses";i:1;s:13:"title_display";s:6:"before";s:7:"private";i:0;s:8:"disabled";i:0;}', 1, 28),
(39, 79, 71, 'prispkr_bio', 'Bio', 'textarea', '', 'a:11:{s:13:"title_display";i:0;s:7:"private";i:0;s:9:"resizable";i:1;s:8:"disabled";i:0;s:20:"conditional_operator";s:1:"=";s:4:"cols";s:0:"";s:4:"rows";s:0:"";s:11:"description";s:0:"";s:10:"attributes";a:0:{}s:21:"conditional_component";s:0:"";s:18:"conditional_values";s:0:"";}', 1, 29),
(39, 80, 71, 'additional_speaker3', 'Speaker 2', 'fieldset', '', 'a:8:{s:13:"title_display";i:0;s:7:"private";i:0;s:11:"collapsible";i:1;s:9:"collapsed";i:1;s:11:"description";s:0:"";s:21:"conditional_component";s:0:"";s:20:"conditional_operator";s:1:"=";s:18:"conditional_values";s:0:"";}', 0, 31),
(39, 81, 80, 'speakers_type', 'Speaker Type:', 'select', '', 'a:7:{s:13:"title_display";s:6:"inline";s:7:"private";i:0;s:6:"aslist";i:0;s:7:"optrand";i:0;s:5:"items";s:33:"1|MODERATOR\n2|SPEAKER\n3|PANELIST\n";s:8:"multiple";i:0;s:11:"custom_keys";i:0;}', 0, 22),
(39, 82, 80, 'prispkr_first', 'First', 'textfield', '', 'a:13:{s:13:"title_display";s:6:"before";s:7:"private";i:0;s:8:"disabled";i:0;s:6:"unique";i:0;s:20:"conditional_operator";s:1:"=";s:5:"width";s:0:"";s:9:"maxlength";s:0:"";s:12:"field_prefix";s:0:"";s:12:"field_suffix";s:0:"";s:11:"description";s:0:"";s:10:"attributes";a:0:{}s:21:"conditional_component";s:0:"";s:18:"conditional_values";s:0:"";}', 0, 23),
(39, 83, 80, 'prispkr_last', 'Last', 'textfield', '', 'a:13:{s:13:"title_display";s:6:"before";s:7:"private";i:0;s:8:"disabled";i:0;s:6:"unique";i:0;s:20:"conditional_operator";s:1:"=";s:5:"width";s:0:"";s:9:"maxlength";s:0:"";s:12:"field_prefix";s:0:"";s:12:"field_suffix";s:0:"";s:11:"description";s:0:"";s:10:"attributes";a:0:{}s:21:"conditional_component";s:0:"";s:18:"conditional_values";s:0:"";}', 0, 24),
(39, 84, 80, 'prispkr_title', 'Title', 'textfield', '', 'a:13:{s:13:"title_display";s:6:"before";s:7:"private";i:0;s:8:"disabled";i:0;s:6:"unique";i:0;s:20:"conditional_operator";s:1:"=";s:5:"width";s:0:"";s:9:"maxlength";s:0:"";s:12:"field_prefix";s:0:"";s:12:"field_suffix";s:0:"";s:11:"description";s:0:"";s:10:"attributes";a:0:{}s:21:"conditional_component";s:0:"";s:18:"conditional_values";s:0:"";}', 0, 25),
(39, 85, 80, 'prispkr_company', 'Company', 'textfield', '', 'a:13:{s:13:"title_display";s:6:"before";s:7:"private";i:0;s:8:"disabled";i:0;s:6:"unique";i:0;s:20:"conditional_operator";s:1:"=";s:5:"width";s:0:"";s:9:"maxlength";s:0:"";s:12:"field_prefix";s:0:"";s:12:"field_suffix";s:0:"";s:11:"description";s:0:"";s:10:"attributes";a:0:{}s:21:"conditional_component";s:0:"";s:18:"conditional_values";s:0:"";}', 0, 26),
(39, 86, 80, 'prispker_email', 'Email', 'email', '', 'a:10:{s:13:"title_display";s:6:"before";s:7:"private";i:0;s:8:"disabled";i:0;s:6:"unique";i:0;s:20:"conditional_operator";s:1:"=";s:5:"width";s:0:"";s:11:"description";s:0:"";s:10:"attributes";a:0:{}s:21:"conditional_component";s:0:"";s:18:"conditional_values";s:0:"";}', 0, 27),
(39, 87, 80, 'prispker_phone', 'Mobile Phone', 'phone', '', 'a:15:{s:7:"country";s:2:"ca";s:18:"phone_country_code";i:1;s:26:"phone_default_country_code";s:1:"1";s:20:"phone_int_max_length";s:2:"15";s:18:"ca_phone_separator";s:1:"-";s:20:"ca_phone_parentheses";i:1;s:13:"title_display";s:6:"before";s:7:"private";i:0;s:8:"disabled";i:0;s:5:"width";s:0:"";s:10:"attributes";a:0:{}s:11:"description";s:0:"";s:21:"conditional_component";s:0:"";s:20:"conditional_operator";s:1:"=";s:18:"conditional_values";s:0:"";}', 0, 28),
(39, 88, 80, 'prispkr_bio', 'Bio', 'textarea', '', 'a:11:{s:13:"title_display";i:0;s:7:"private";i:0;s:9:"resizable";i:1;s:8:"disabled";i:0;s:20:"conditional_operator";s:1:"=";s:4:"cols";s:0:"";s:4:"rows";s:0:"";s:11:"description";s:0:"";s:10:"attributes";a:0:{}s:21:"conditional_component";s:0:"";s:18:"conditional_values";s:0:"";}', 0, 29),
(39, 89, 80, 'additional_speaker4', 'Speaker 3', 'fieldset', '', 'a:8:{s:13:"title_display";i:0;s:7:"private";i:0;s:11:"collapsible";i:1;s:9:"collapsed";i:1;s:11:"description";s:0:"";s:21:"conditional_component";s:0:"";s:20:"conditional_operator";s:1:"=";s:18:"conditional_values";s:0:"";}', 0, 30),
(39, 90, 89, 'speakers_type', 'Speaker Type:', 'select', '', 'a:14:{s:13:"title_display";s:6:"inline";s:7:"private";i:0;s:6:"aslist";i:0;s:7:"optrand";i:0;s:20:"conditional_operator";s:1:"=";s:5:"items";s:33:"1|MODERATOR\n2|SPEAKER\n3|PANELIST\n";s:8:"multiple";i:0;s:11:"custom_keys";i:0;s:12:"other_option";N;s:10:"other_text";s:8:"Other...";s:11:"description";s:0:"";s:14:"options_source";s:0:"";s:21:"conditional_component";s:0:"";s:18:"conditional_values";s:0:"";}', 0, 22),
(39, 91, 89, 'prispkr_first', 'First', 'textfield', '', 'a:13:{s:13:"title_display";s:6:"before";s:7:"private";i:0;s:8:"disabled";i:0;s:6:"unique";i:0;s:20:"conditional_operator";s:1:"=";s:5:"width";s:0:"";s:9:"maxlength";s:0:"";s:12:"field_prefix";s:0:"";s:12:"field_suffix";s:0:"";s:11:"description";s:0:"";s:10:"attributes";a:0:{}s:21:"conditional_component";s:0:"";s:18:"conditional_values";s:0:"";}', 0, 23),
(39, 92, 89, 'prispkr_last', 'Last', 'textfield', '', 'a:13:{s:13:"title_display";s:6:"before";s:7:"private";i:0;s:8:"disabled";i:0;s:6:"unique";i:0;s:20:"conditional_operator";s:1:"=";s:5:"width";s:0:"";s:9:"maxlength";s:0:"";s:12:"field_prefix";s:0:"";s:12:"field_suffix";s:0:"";s:11:"description";s:0:"";s:10:"attributes";a:0:{}s:21:"conditional_component";s:0:"";s:18:"conditional_values";s:0:"";}', 0, 24),
(39, 93, 89, 'prispkr_title', 'Title', 'textfield', '', 'a:13:{s:13:"title_display";s:6:"before";s:7:"private";i:0;s:8:"disabled";i:0;s:6:"unique";i:0;s:20:"conditional_operator";s:1:"=";s:5:"width";s:0:"";s:9:"maxlength";s:0:"";s:12:"field_prefix";s:0:"";s:12:"field_suffix";s:0:"";s:11:"description";s:0:"";s:10:"attributes";a:0:{}s:21:"conditional_component";s:0:"";s:18:"conditional_values";s:0:"";}', 0, 25),
(39, 94, 89, 'prispkr_company', 'Company', 'textfield', '', 'a:13:{s:13:"title_display";s:6:"before";s:7:"private";i:0;s:8:"disabled";i:0;s:6:"unique";i:0;s:20:"conditional_operator";s:1:"=";s:5:"width";s:0:"";s:9:"maxlength";s:0:"";s:12:"field_prefix";s:0:"";s:12:"field_suffix";s:0:"";s:11:"description";s:0:"";s:10:"attributes";a:0:{}s:21:"conditional_component";s:0:"";s:18:"conditional_values";s:0:"";}', 0, 26),
(39, 95, 89, 'prispker_email', 'Email', 'email', '', 'a:10:{s:13:"title_display";s:6:"before";s:7:"private";i:0;s:8:"disabled";i:0;s:6:"unique";i:0;s:20:"conditional_operator";s:1:"=";s:5:"width";s:0:"";s:11:"description";s:0:"";s:10:"attributes";a:0:{}s:21:"conditional_component";s:0:"";s:18:"conditional_values";s:0:"";}', 0, 27),
(39, 96, 89, 'prispker_phone', 'Mobile Phone', 'phone', '', 'a:15:{s:7:"country";s:2:"ca";s:18:"phone_country_code";i:1;s:26:"phone_default_country_code";s:1:"1";s:20:"phone_int_max_length";s:2:"15";s:18:"ca_phone_separator";s:1:"-";s:20:"ca_phone_parentheses";i:1;s:13:"title_display";s:6:"before";s:7:"private";i:0;s:8:"disabled";i:0;s:5:"width";s:0:"";s:10:"attributes";a:0:{}s:11:"description";s:0:"";s:21:"conditional_component";s:0:"";s:20:"conditional_operator";s:1:"=";s:18:"conditional_values";s:0:"";}', 0, 28),
(39, 97, 89, 'prispkr_bio', 'Bio', 'textarea', '', 'a:11:{s:13:"title_display";i:0;s:7:"private";i:0;s:9:"resizable";i:1;s:8:"disabled";i:0;s:20:"conditional_operator";s:1:"=";s:4:"cols";s:0:"";s:4:"rows";s:0:"";s:11:"description";s:0:"";s:10:"attributes";a:0:{}s:21:"conditional_component";s:0:"";s:18:"conditional_values";s:0:"";}', 0, 29);

-- --------------------------------------------------------

--
-- Table structure for table `webform_emails`
--

CREATE TABLE IF NOT EXISTS `webform_emails` (
  `nid` int(10) unsigned NOT NULL DEFAULT '0' COMMENT 'The node identifier of a webform.',
  `eid` smallint(5) unsigned NOT NULL DEFAULT '0' COMMENT 'The e-mail identifier for this row’s settings.',
  `email` text COMMENT 'The e-mail address that will be sent to upon submission. This may be an e-mail address, the special key "default" or a numeric value. If a numeric value is used, the value of a component will be substituted on submission.',
  `subject` varchar(255) DEFAULT NULL COMMENT 'The e-mail subject that will be used. This may be a string, the special key "default" or a numeric value. If a numeric value is used, the value of a component will be substituted on submission.',
  `from_name` varchar(255) DEFAULT NULL COMMENT 'The e-mail "from" name that will be used. This may be a string, the special key "default" or a numeric value. If a numeric value is used, the value of a component will be substituted on submission.',
  `from_address` varchar(255) DEFAULT NULL COMMENT 'The e-mail "from" e-mail address that will be used. This may be a string, the special key "default" or a numeric value. If a numeric value is used, the value of a component will be substituted on submission.',
  `template` text COMMENT 'A template that will be used for the sent e-mail. This may be a string or the special key "default", which will use the template provided by the theming layer.',
  `excluded_components` text NOT NULL COMMENT 'A list of components that will not be included in the %email_values token. A list of CIDs separated by commas.',
  `html` tinyint(3) unsigned NOT NULL DEFAULT '0' COMMENT 'Determines if the e-mail will be sent in an HTML format. Requires Mime Mail module.',
  `attachments` tinyint(3) unsigned NOT NULL DEFAULT '0' COMMENT 'Determines if the e-mail will include file attachments. Requires Mime Mail module.',
  PRIMARY KEY (`nid`,`eid`)
) ENGINE=MyISAM DEFAULT CHARSET=utf8 COMMENT='Holds information regarding e-mails that should be sent...';

--
-- Dumping data for table `webform_emails`
--

INSERT INTO `webform_emails` (`nid`, `eid`, `email`, `subject`, `from_name`, `from_address`, `template`, `excluded_components`, `html`, `attachments`) VALUES
(39, 1, 'VPaynich@retailing.org', '2013 ERA D2C Convention Session Submission Form ', 'default', 'D2Cshow@retailing.org', 'default', '99,102,1,16,18,61,21', 0, 0),
(39, 2, 'jrozario@retailing.org', '2013 ERA D2C Convention Session Submission Form ', 'default', 'D2Cshow@retailing.org', 'default', '99,102,1,16,18,61,21', 0, 0);

-- --------------------------------------------------------

--
-- Table structure for table `webform_last_download`
--

CREATE TABLE IF NOT EXISTS `webform_last_download` (
  `nid` int(10) unsigned NOT NULL DEFAULT '0' COMMENT 'The node identifier of a webform.',
  `uid` int(10) unsigned NOT NULL DEFAULT '0' COMMENT 'The user identifier.',
  `sid` int(10) unsigned NOT NULL DEFAULT '0' COMMENT 'The last downloaded submission number.',
  `requested` int(10) unsigned NOT NULL DEFAULT '0' COMMENT 'Timestamp of last download request.',
  PRIMARY KEY (`nid`,`uid`)
) ENGINE=MyISAM DEFAULT CHARSET=utf8 COMMENT='Stores last submission number per user download.';

--
-- Dumping data for table `webform_last_download`
--

INSERT INTO `webform_last_download` (`nid`, `uid`, `sid`, `requested`) VALUES
(39, 5, 2, 1359755121);

-- --------------------------------------------------------

--
-- Table structure for table `webform_roles`
--

CREATE TABLE IF NOT EXISTS `webform_roles` (
  `nid` int(10) unsigned NOT NULL DEFAULT '0' COMMENT 'The node identifier of a webform.',
  `rid` int(10) unsigned NOT NULL DEFAULT '0' COMMENT 'The role identifier.',
  PRIMARY KEY (`nid`,`rid`)
) ENGINE=MyISAM DEFAULT CHARSET=utf8 COMMENT='Holds access information regarding which roles are...';

--
-- Dumping data for table `webform_roles`
--

INSERT INTO `webform_roles` (`nid`, `rid`) VALUES
(39, 1),
(39, 2),
(90, 1),
(90, 2);

-- --------------------------------------------------------

--
-- Table structure for table `webform_submissions`
--

CREATE TABLE IF NOT EXISTS `webform_submissions` (
  `sid` int(10) unsigned NOT NULL AUTO_INCREMENT COMMENT 'The unique identifier for this submission.',
  `nid` int(10) unsigned NOT NULL DEFAULT '0' COMMENT 'The node identifier of a webform.',
  `uid` int(10) unsigned NOT NULL DEFAULT '0' COMMENT 'The id of the user that completed this submission.',
  `is_draft` tinyint(4) NOT NULL DEFAULT '0' COMMENT 'Is this a draft of the submission?',
  `submitted` int(11) NOT NULL DEFAULT '0' COMMENT 'Timestamp of when the form was submitted.',
  `remote_addr` varchar(128) DEFAULT NULL COMMENT 'The IP address of the user that submitted the form.',
  PRIMARY KEY (`sid`),
  UNIQUE KEY `sid_nid` (`sid`,`nid`),
  KEY `nid_uid_sid` (`nid`,`uid`,`sid`),
  KEY `nid_sid` (`nid`,`sid`)
) ENGINE=MyISAM  DEFAULT CHARSET=utf8 COMMENT='Holds general information about submissions outside of...' AUTO_INCREMENT=5 ;

-- --------------------------------------------------------

--
-- Table structure for table `webform_submitted_data`
--

CREATE TABLE IF NOT EXISTS `webform_submitted_data` (
  `nid` int(10) unsigned NOT NULL DEFAULT '0' COMMENT 'The node identifier of a webform.',
  `sid` int(10) unsigned NOT NULL DEFAULT '0' COMMENT 'The unique identifier for this submission.',
  `cid` smallint(5) unsigned NOT NULL DEFAULT '0' COMMENT 'The identifier for this component within this node, starts at 0 for each node.',
  `no` varchar(128) NOT NULL DEFAULT '0' COMMENT 'Usually this value is 0, but if a field has multiple values (such as a time or date), it may require multiple rows in the database.',
  `data` mediumtext NOT NULL COMMENT 'The submitted value of this field, may be serialized for some components.',
  PRIMARY KEY (`nid`,`sid`,`cid`,`no`),
  KEY `nid` (`nid`),
  KEY `sid_nid` (`sid`,`nid`)
) ENGINE=MyISAM DEFAULT CHARSET=utf8 COMMENT='Stores all submitted field data for webform submissions.';

-- --------------------------------------------------------

--
-- Table structure for table `webform_validation_rule`
--

CREATE TABLE IF NOT EXISTS `webform_validation_rule` (
  `ruleid` int(10) unsigned NOT NULL AUTO_INCREMENT COMMENT 'Unique identifier for a rule',
  `rulename` varchar(255) NOT NULL DEFAULT '' COMMENT 'Name for the rule',
  `nid` int(10) unsigned NOT NULL DEFAULT '0' COMMENT 'The webform node.nid',
  `validator` varchar(255) NOT NULL DEFAULT '' COMMENT 'The validator key',
  `data` varchar(255) DEFAULT NULL COMMENT 'Additional rule data',
  `error_message` varchar(255) DEFAULT NULL COMMENT 'Rule error message',
  PRIMARY KEY (`ruleid`),
  KEY `nid` (`nid`)
) ENGINE=MyISAM DEFAULT CHARSET=utf8 COMMENT='Stores rule definitions' AUTO_INCREMENT=1 ;

-- --------------------------------------------------------

--
-- Table structure for table `webform_validation_rule_components`
--

CREATE TABLE IF NOT EXISTS `webform_validation_rule_components` (
  `ruleid` int(10) unsigned NOT NULL DEFAULT '0' COMMENT 'Unique identifier for a rule',
  `cid` int(10) unsigned NOT NULL DEFAULT '0' COMMENT 'The webform component id',
  PRIMARY KEY (`ruleid`,`cid`)
) ENGINE=MyISAM DEFAULT CHARSET=utf8 COMMENT='Stores components linked to a rule';

-- --------------------------------------------------------

--
-- Table structure for table `wysiwyg`
--

CREATE TABLE IF NOT EXISTS `wysiwyg` (
  `format` varchar(255) NOT NULL COMMENT 'The filter_format.format of the text format.',
  `editor` varchar(128) NOT NULL DEFAULT '' COMMENT 'Internal name of the editor attached to the text format.',
  `settings` text COMMENT 'Configuration settings for the editor.',
  PRIMARY KEY (`format`)
) ENGINE=MyISAM DEFAULT CHARSET=utf8 COMMENT='Stores Wysiwyg profiles.';

--
-- Dumping data for table `wysiwyg`
--

INSERT INTO `wysiwyg` (`format`, `editor`, `settings`) VALUES
('filtered_html', '', NULL),
('ckhtml', 'ckeditor', 'a:20:{s:7:"default";i:1;s:11:"user_choose";i:0;s:11:"show_toggle";i:1;s:5:"theme";s:8:"advanced";s:8:"language";s:2:"en";s:7:"buttons";a:1:{s:7:"default";a:12:{s:4:"Bold";i:1;s:6:"Italic";i:1;s:9:"Underline";i:1;s:11:"JustifyLeft";i:1;s:13:"JustifyCenter";i:1;s:12:"NumberedList";i:1;s:4:"Undo";i:1;s:4:"Redo";i:1;s:5:"Image";i:1;s:3:"Cut";i:1;s:4:"Font";i:1;s:8:"FontSize";i:1;}}s:11:"toolbar_loc";s:3:"top";s:13:"toolbar_align";s:4:"left";s:8:"path_loc";s:6:"bottom";s:8:"resizing";i:1;s:11:"verify_html";i:1;s:12:"preformatted";i:0;s:22:"convert_fonts_to_spans";i:1;s:17:"remove_linebreaks";i:1;s:23:"apply_source_formatting";i:0;s:27:"paste_auto_cleanup_on_paste";i:0;s:13:"block_formats";s:32:"p,address,pre,h2,h3,h4,h5,h6,div";s:11:"css_setting";s:5:"theme";s:8:"css_path";s:0:"";s:11:"css_classes";s:0:"";}'),
('full_html', 'ckeditor', 'a:20:{s:7:"default";i:1;s:11:"user_choose";i:0;s:11:"show_toggle";i:1;s:5:"theme";s:8:"advanced";s:8:"language";s:2:"en";s:7:"buttons";a:2:{s:7:"default";a:49:{s:4:"Bold";i:1;s:6:"Italic";i:1;s:9:"Underline";i:1;s:6:"Strike";i:1;s:11:"JustifyLeft";i:1;s:13:"JustifyCenter";i:1;s:12:"JustifyRight";i:1;s:12:"JustifyBlock";i:1;s:7:"BidiLtr";i:1;s:7:"BidiRtl";i:1;s:12:"BulletedList";i:1;s:12:"NumberedList";i:1;s:7:"Outdent";i:1;s:6:"Indent";i:1;s:4:"Undo";i:1;s:4:"Redo";i:1;s:4:"Link";i:1;s:6:"Unlink";i:1;s:6:"Anchor";i:1;s:5:"Image";i:1;s:9:"TextColor";i:1;s:7:"BGColor";i:1;s:11:"Superscript";i:1;s:10:"Blockquote";i:1;s:6:"Source";i:1;s:14:"HorizontalRule";i:1;s:3:"Cut";i:1;s:4:"Copy";i:1;s:5:"Paste";i:1;s:9:"PasteText";i:1;s:13:"PasteFromWord";i:1;s:10:"ShowBlocks";i:1;s:12:"RemoveFormat";i:1;s:11:"SpecialChar";i:1;s:6:"Format";i:1;s:4:"Font";i:1;s:8:"FontSize";i:1;s:6:"Styles";i:1;s:5:"Table";i:1;s:9:"SelectAll";i:1;s:4:"Find";i:1;s:7:"Replace";i:1;s:5:"Flash";i:1;s:6:"Smiley";i:1;s:9:"CreateDiv";i:1;s:6:"Iframe";i:1;s:8:"Maximize";i:1;s:12:"SpellChecker";i:1;s:5:"Scayt";i:1;}s:6:"drupal";a:1:{s:5:"break";i:1;}}s:11:"toolbar_loc";s:3:"top";s:13:"toolbar_align";s:4:"left";s:8:"path_loc";s:6:"bottom";s:8:"resizing";i:1;s:11:"verify_html";i:1;s:12:"preformatted";i:0;s:22:"convert_fonts_to_spans";i:1;s:17:"remove_linebreaks";i:1;s:23:"apply_source_formatting";i:0;s:27:"paste_auto_cleanup_on_paste";i:0;s:13:"block_formats";s:32:"p,address,pre,h2,h3,h4,h5,h6,div";s:11:"css_setting";s:5:"theme";s:8:"css_path";s:0:"";s:11:"css_classes";s:0:"";}'),
('plain_text', '', NULL),
('php_code', '', NULL);

-- --------------------------------------------------------

--
-- Table structure for table `wysiwyg_user`
--

CREATE TABLE IF NOT EXISTS `wysiwyg_user` (
  `uid` int(10) unsigned NOT NULL DEFAULT '0' COMMENT 'The users.uid of the user.',
  `format` varchar(255) DEFAULT NULL COMMENT 'The filter_format.format of the text format.',
  `status` tinyint(3) unsigned NOT NULL DEFAULT '0' COMMENT 'Boolean indicating whether the format is enabled by default.',
  KEY `uid` (`uid`),
  KEY `format` (`format`)
) ENGINE=MyISAM DEFAULT CHARSET=utf8 COMMENT='Stores user preferences for wysiwyg profiles.';

