-- Table structure for table `registry_file`
--

CREATE TABLE IF NOT EXISTS `registry_file` (
  `filename` varchar(255) NOT NULL COMMENT 'Path to the file.',
  `hash` varchar(64) NOT NULL COMMENT 'sha-256 hash of the file’s contents when last parsed.',
  PRIMARY KEY (`filename`)
) ENGINE=MyISAM DEFAULT CHARSET=utf8 COMMENT='Files parsed to build the registry.';

--
-- Dumping data for table `registry_file`
--

INSERT INTO `registry_file` (`filename`, `hash`) VALUES
('includes/actions.inc', 'f36b066681463c7dfe189e0430cb1a89bf66f7e228cbb53cdfcd93987193f759'),
('includes/ajax.inc', 'e9c0653a0df32a81577d64980d74ef4f2423573b15fc86e9d7aa65227b52f470'),
('includes/archiver.inc', 'bdbb21b712a62f6b913590b609fd17cd9f3c3b77c0d21f68e71a78427ed2e3e9'),
('includes/authorize.inc', 'a8f26e722ddba490cdc0fcf80238af45f0f88e977b2e0c90c0c21d9df3380748'),
('includes/batch.inc', '059da9e36e1f3717f27840aae73f10dea7d6c8daf16f6520401cc1ca3b4c0388'),
('includes/batch.queue.inc', '554b2e92e1dad0f7fd5a19cb8dff7e109f10fbe2441a5692d076338ec908de0f'),
('includes/bootstrap.inc', '1ad376074bf816f88251357fd55be2df573177f43460587f87b6ec13d4414083'),
('includes/cache-install.inc', 'e7ed123c5805703c84ad2cce9c1ca46b3ce8caeeea0d8ef39a3024a4ab95fa0e'),
('includes/cache.inc', '0a70a291f7ce423d1aab4816ef06a6eaf58b454a03a1f419ff309c1147c4765b'),
('includes/common.inc', '406419b0744dcfd092fe4ef8eb0df4dccb282c2c61e7eb43f4dd210abb8cffaa'),
('includes/database/database.inc', 'a9ae2e56f476a49e643b54fb20565de67d9408e025da1def7213407d2f02fc3c'),
('includes/database/log.inc', '4ecbdf9022d8c612310b41af575f10b0d4c041c0fbc41c6dc7e1f2ab6eacce6b'),
('includes/database/mysql/database.inc', 'dee977eebac5a6e933a6bdfd50d30563d442ae225eef506c21c73051ee880b64'),
('includes/database/mysql/install.inc', '6ae316941f771732fbbabed7e1d6b4cbb41b1f429dd097d04b3345aa15e461a0'),
('includes/database/mysql/query.inc', 'e2a5457ec40a8f88f6a822bdc77f74865e4c02206fc733c2945c8897f46093de'),
('includes/database/mysql/schema.inc', '53fdbfa7edb9722eaf1cfe2862652c4d1c9d8f97a9d558af525cfba35dd1c945'),
('includes/database/pgsql/database.inc', 'c2e61154b2307e8c4e9b60ace82c7e09ab8182aa8910a34cd8f2a7c66e1d5864'),
('includes/database/pgsql/install.inc', '585b80c5bbd6f134bff60d06397f15154657a577d4da8d1b181858905f09dea5'),
('includes/database/pgsql/query.inc', 'cb4c84f8f1ffc73098ed71137248dcd078a505a7530e60d979d74b3a3cdaa658'),
('includes/database/pgsql/schema.inc', '8fd647e4557522283caef63e528c6e403fc0751a46e94aac867a281af85eac27'),
('includes/database/pgsql/select.inc', 'ce06c4353d4322e519e1c90ca863e6666edc370fb3c12568fedf466334b2e2be'),
('includes/database/prefetch.inc', 'd32c8be47de08641f48327260d0df0dfa97543a2cd8902979bbe1586e273fee4'),
('includes/database/query.inc', 'cf7063348d0fed4366265347a274a1f5bbf1448531205cf3bd68055f20c0c992'),
('includes/database/schema.inc', '7eb7251f331109757173353263d1031493c1198ae17a165a6f5a03d3f14f93e7'),
('includes/database/select.inc', '80f33c7685b08a2f89178d82143225ade9bd464a8a5dac8bdff3b89f48270386'),
('includes/database/sqlite/database.inc', '5e27f620705c731fa4d301894e82e30637a0742de0c0309be50ad30244b31e52'),
('includes/database/sqlite/install.inc', '381f3db8c59837d961978ba3097bb6443534ed1659fd713aa563963fa0c42cc5'),
('includes/database/sqlite/query.inc', '61e0459c0c9252ca465b86c475d88e09ea34c8cdb28220eb37a7d44357f5474f'),
('includes/database/sqlite/schema.inc', '238414785aa96dd27f10f48c961783f4d1091392beee8d0e7ca8ae774e917da2'),
('includes/database/sqlite/select.inc', '4ecb9d21d2f07237f7603e925519886dde0b8da82f96999b865ff0803438744e'),
('includes/date.inc', '18c047be64f201e16d189f1cc47ed9dcf0a145151b1ee187e90511b24e5d2b36'),
('includes/entity.inc', '26686167f5d515d17f607daef9eb1ab8858dc257cd0c807ec625681b3e3bf479'),
('includes/errors.inc', 'b4adafbd9ccbc578bc42af78d14d7d3fa508fa10981555aacc9ff5e00a1fa1d8'),
('includes/file.inc', '042fed00746880123a3e4d95f138a3d8bc169a77b9cbae98cd05c1840375297d'),
('includes/file.mimetypes.inc', 'f88c967550576694b7a1ce2afd0f2f1bbc1a91d21cc2c20f86c44d39ff353867'),
('includes/filetransfer/filetransfer.inc', '4391b7228bd952fb351c9431a7c226b4e8a23d9a7307b9ffa63e097c17b25467'),
('includes/filetransfer/ftp.inc', '589ebf4b8bd4a2973aa56a156ac1fa83b6c73e703391361fb573167670e0d832'),
('includes/filetransfer/local.inc', '7cbfdb46abbdf539640db27e66fb30e5265128f31002bd0dfc3af16ae01a9492'),
('includes/filetransfer/ssh.inc', '002e24a24cac133d12728bd3843868ce378681237d7fad420761af84e6efe5ad'),
('includes/form.inc', 'dff72a18902a749492117ab349e35de34ea239543e7cd47df0d41ebc4e88fd97'),
('includes/graph.inc', 'd9ab806d219478d71f8cdc3861c0d44d5defc62872bf829e2194aba552da7f3e'),
('includes/image.inc', '22c8ff48d46276b9bea1ad2cf4af9b65abcf69fb5ebca441259e774190fa5863'),
('includes/install.core.inc', 'a56ff7412d5fb68221a9f3bdd9f710d9f331f2d2c4bbb62ed98cb3c79c6882d5'),
('includes/install.inc', '23455f095ebd75c49ef8bf2a18145f77b6633670a5eb9eab860d907b0ba25f35'),
('includes/iso.inc', 'f53653843c75e12aa0b05e7197c5aebdf794e2517b9902fc07994fb7cb8f3ed6'),
('includes/json-encode.inc', '02a822a652d00151f79db9aa9e171c310b69b93a12f549bc2ce00533a8efa14e'),
('includes/language.inc', '2660a308eefd99f1aec300d1f8e51365a4331ca8af2b9056e5df528cd5b03a89'),
('includes/locale.inc', '2ec00f6167fda3eca53a031344070b1d16398951acba735c55fedd1a2f178321'),
('includes/lock.inc', 'daa62e95528f6b986b85680b600a896452bf2ce6f38921242857dcc5a3460a1b'),
('includes/mail.inc', 'bb50727f20717ffa17cbe11ddb27bd004bd814fc26115c3fca4b06f4cec179fa'),
('includes/menu.inc', '1fa6f6b0ffc711e352b48ef7f78e399536ed91ba56ad7ed333e34ed7a93228c1'),
('includes/module.inc', 'c12df1e05bb0c546722fe9c5221e3a1a91de504a66b5aeb6fe8ef8348a048d35'),
('includes/pager.inc', '6f9494b85c07a2cc3be4e54aff2d2757485238c476a7da084d25bde1d88be6d8'),
('includes/password.inc', 'aba5df25a237c14cc69335c4cf72d57da130144410ab04d10917d9da21cd606c'),
('includes/path.inc', '1d939d6b59b07ef41e71c9d616c2e9a34712dd81f6110e1a1f280613b3228738'),
('includes/registry.inc', '4ffb8c9c8c179c1417ff01790f339edf50b5f7cc0c8bb976eef6858cc71e9bc8'),
('includes/session.inc', '8293e6cc9f081ecdc4e8cfcdec885a79df01b9007030fe6b467a85c87ebb5d82'),
('includes/stream_wrappers.inc', '323e418fda2fdd29a44d8618f8855a92172c377eb745412d58ca55fdcaa8f2d1'),
('includes/tablesort.inc', '3f3cb2820920f7edc0c3d046ffba4fc4e3b73a699a2492780371141cf501aa50'),
('includes/theme.inc', '2d32fc405e7bbede8d0b5baf1f83aed679179cd0e679a8c4630916a0899954b5'),
('includes/theme.maintenance.inc', 'd110314b4d943c3e965fcefe452f6873b53cd6a8844154467dfcbb2b6142dc82'),
('includes/token.inc', 'a975300558711bb49406a5c7f78294648baa2e5c912cb66f0c78bb2991c0f3c3'),
('includes/unicode.entities.inc', '2b858138596d961fbaa4c6e3986e409921df7f76b6ee1b109c4af5970f1e0f54'),
('includes/unicode.inc', '3d5a4756f7af1f9de84f7614b6cd87449af43f4bb1e2a77bb2c73589f5826f61'),
('includes/update.inc', 'fff87274155c7c8243baf14440b21034dfde792bc3482839eb530764bd2ee349'),
('includes/updater.inc', 'd2da0e74ed86e93c209f16069f3d32e1a134ceb6c06a0044f78e841a1b54e380'),
('includes/utility.inc', '9b834814fd3f5ef10ce1946be30ef1ddf3f283c749f1ef1a4ebf845ecd524d59'),
('includes/xmlrpc.inc', 'c5b6ea78adeb135373d11aeaaea057d9fa8995faa4e8c0fec9b7c647f15cc4e0'),
('includes/xmlrpcs.inc', '79dc6e9882f4c506123d7dd8e228a61e22c46979c3aab21a5b1afa315ef6639c'),
('modules/user/user.test', '9ea5caaa81214da80156b5282baf88f35cd810f86d7ec12a81495b28aecc8715'),
('modules/user/user.module', 'e85b89e1dd716dbd77c2f7152a0d9e3fe622ae73ac9ced242beba15999e2d280'),
('modules/update/update.test', '6775fc28b2a9f9f9b6536c5abecf3f4007fbe4c8ea29a08705be9d0579844137'),
('modules/taxonomy/taxonomy.test', '382c35ed6dfaf5b046a481dae4f16da4ed89bdc12c17d91efa50a9deaa1775ec'),
('modules/field/field.attach.inc', 'f576b1b8d3d6bf7bb6c8684bc6e7e9e752002c3a4735a5b93e44cef35ffbd024'),
('modules/field/field.module', 'dc83d93ab1f2ad80e8ae419eaf0a5e67250000cd787f8e873f810ce9c7ccf538'),
('modules/field/modules/field_sql_storage/field_sql_storage.test', '8ede9843d771e307dfd3d7e7562976b07e0e0a9310a5cf409413581f199c897f'),
('modules/field/modules/list/tests/list.test', '9f366469763beb3fe0571d66318bac6df293fd15f4eb5cfe4850b9fb9a509f38'),
('modules/field/modules/number/number.test', 'cb55fbc3a1ceed154af673af727b4c5ee6ac2e7dc9d4e1cbc33f3f8e2269146c'),
('modules/field/modules/options/options.test', '8c6dd464fdb5cca90b0260bcfa5f56941b4b28edd879b23a795f0442f5368d4c'),
('modules/field/modules/text/text.test', '9d74c6d039f55dd7d6447a59186da8d48bf20617bfe58424612798f649797586'),
('modules/field/tests/field.test', 'fc642546736b585471d76d6e6bc35c7709381026b0e147a095e4037c64d9cdba'),
('modules/taxonomy/taxonomy.module', '68f8fb4ec2f8e212b2c639dc07175a43682a34e19413dffcf940d43b2eba9413'),
('modules/system/system.test', 'ca539539bea3d2c070552f79dbae279e2872ba9d48af386c89ab6c1fc95488da'),
('modules/system/system.updater.inc', 'e2eeed65b833a6215f807b113f6fb4cc3cc487e93efcb1402ed87c536d2c9ea6'),
('modules/system/system.tar.inc', '8a31d91f7b3cd7eac25b3fa46e1ed9a8527c39718ba76c3f8c0bbbeaa3aa4086'),
('modules/system/system.queue.inc', 'caf4feda51bdf7ad62cf782bc23274d367154e51897f2732f07bd06982d85ab1'),
('modules/system/system.mail.inc', '3c2c06b55bded609e72add89db41af3bb405d42b9553793acba5fe51be8861d8'),
('modules/system/system.archiver.inc', 'faa849f3e646a910ab82fd6c8bbf0a4e6b8c60725d7ba81ec0556bd716616cd1'),
('modules/search/search.test', '1fe9dfc982953f42f67d7eee9a855e7248373067ba55cfff001d8a750b83e695'),
('modules/rdf/rdf.test', '358e2ae2069a15c6ba828f3428ab979632ece7aa0ba33a6a5bdbc1d065961373'),
('modules/search/search.extender.inc', 'fea036745113dca3fea52ba956af605c4789f4acfa2ab1650a5843c6e173d7fe'),
('modules/shortcut/shortcut.test', 'b506a253353066e1f995e7f0e3541dadb8ef3c3ff9cf795db96e26599a0b6b7a'),
('modules/php/php.test', '870df8146f7a7c8fec0b051c4c8adfe1573da51c5faa4dc4a2e8439df2a84ccf'),
('modules/node/node.module', '179ea020a2832645a41f9241a7b7abf1626c954e9c2bbd36d781e27b48471557'),
('modules/node/node.test', 'a9e2c0e334ac50916e8b7b99c25e3470fe0900f82716770655ad00e8d9c1967b'),
('modules/menu/menu.test', 'b8ee602184584fab464900a946090dc1f3d81c15b8176004ee62022814632430'),
('modules/image/image.test', '4ff412f8946d1354971c950b0bff12179b8f95fe1585da0d46267ecb42109da6'),
('modules/help/help.test', 'c6f03ece30548a6a345afcfac920d85afc418596a19dc4cf43f994391c5050d9'),
('modules/filter/filter.test', '7fc6863df7cd7f2b3ba9e8fcdb92675f97d8c39ec8dad4fb93db48dca679c236'),
('modules/file/tests/file.test', 'bb776eb42762d3b429600d591fb0781982951f5cc74e09f860eb89dc4d0fb8f6'),
('modules/dblog/dblog.test', '702c6a6207a73d8a29c857d8ca298e9740a02f09072da2f5624e7090e8a92acf'),
('modules/field_ui/field_ui.test', 'c40ecf17d601036f92b419938617a51d64a92821cdb2171793b76f7abdd2c9ff'),
('profiles/tophit/tophit.profile', 'ecc533d1ff20f37ad49cfaceeeafb3038639685e8c3a1bf34665b5a9167de523'),
('sites/all/modules/ctools/includes/context.inc', '0c155dc983c1b739ac9c4562684bd6d7d69e4035a7c49b3be32eb813c8f7acc7'),
('sites/all/modules/ctools/includes/math-expr.inc', '3386323b01da62e02c9f3607cd7f0a0d46f1af90a107a07aed726b1fa8c28235'),
('sites/all/modules/ctools/includes/stylizer.inc', 'd04102c9076971a712e422ccf4011b7d428f14385501044361fe5b4b6f9f1c6d'),
('sites/all/modules/ctools/plugins/export_ui/ctools_export_ui.class.php', 'e4a74565ebb5c9cd9c98246790ea36c7b9cd3febd347a5b764736d8460c32d89'),
('sites/all/modules/mtt_twitter/mtt_twitter.module', '8030d2812639aff08115ffcfca4c430c6a26e633cc2b6d53a59f638c0109e544'),
('sites/all/modules/views/handlers/views_handler_area.inc', '38724826fb6634f4d2c430eb8a4ee5e6b1d41f0591c502e23927a69bbfd5ce43'),
('sites/all/modules/views/handlers/views_handler_area_result.inc', 'ea8067c651c4bcc7c275529153b17d5f98aae2aaa727f0b323e22cccecd56c23'),
('sites/all/modules/views/handlers/views_handler_area_text.inc', 'c7e1bdcd91a1d5db3ff93f854fdf156021976bbd475039ffe16fb9d9443ec455'),
('sites/all/modules/views/handlers/views_handler_area_view.inc', 'edbdd64949db641f010955691e338f88dc6c8d5f05ec15c14cc5f7b4461ec0bc'),
('sites/all/modules/views/handlers/views_handler_argument.inc', 'd8d8a25b7df43c83ac38daef9264a6f85eaa7bd3e9556e79d1e88bdf03ab48be'),
('sites/all/modules/views/handlers/views_handler_argument_date.inc', '5823b8b88795618ecb48dd3e3831afc7f329af3169a535449fa8a9696e8c6431'),
('sites/all/modules/views/handlers/views_handler_argument_formula.inc', '1c6c0302525148d7124ee5c8afde9105f06255ff4d2a645b2dfca59336ea2939'),
('sites/all/modules/views/handlers/views_handler_argument_group_by_numeric.inc', '6c008a379e84c2b68f0e43f4c150150f819a816f1d6ea4a6117dd4738757b15d'),
('sites/all/modules/views/handlers/views_handler_argument_many_to_one.inc', 'abe661b795db33fc60cafc394fc17b88fd4a0d8326a29255acbdb75a3bf3fd43'),
('sites/all/modules/views/handlers/views_handler_argument_null.inc', '73a022e90c7a933b5d857680c54f8ab298ad972073780c279f222b75f4d4cd2c'),
('sites/all/modules/views/handlers/views_handler_argument_numeric.inc', 'a96f4b26dfceb3236a833d2869a518914c6237c9af45b19d0d02b01018b02d36'),
('sites/all/modules/views/handlers/views_handler_argument_string.inc', '052b0adbb7aafd922c3c0ba7cd8f920a3cd3e7733aeb11ccd0e7a39ed5ee6ec0'),
('sites/all/modules/views/handlers/views_handler_field.inc', 'd73a4a5c3df4aedb767590e6f63a999626ee102f4cb3462ba87db723c85d6b46'),
('sites/all/modules/views/handlers/views_handler_field_boolean.inc', '21e7f54c094fb28f8b93236cb40905df3e52920f9f574bec80a3e92e0ee36cd6'),
('sites/all/modules/views/handlers/views_handler_field_contextual_links.inc', '70f1d244b90a904826886b625964a5994a3e15cf7555cd80e925bd80002b507a'),
('sites/all/modules/views/handlers/views_handler_field_counter.inc', '2a846f52aae3c017c6f445040ab680de60953382d575412b213ce5b1eaac6cc2'),
('sites/all/modules/views/handlers/views_handler_field_custom.inc', '264375d30cf7c91ced040fd37d337bd43248cdcf96ca7315548403fa3880b4a8'),
('sites/all/modules/views/handlers/views_handler_field_date.inc', '5ccbdbfd86799558973219c8c4763284934ed2449f3d00f6353a0b69abcac81f'),
('sites/all/modules/views/handlers/views_handler_field_entity.inc', 'cdc3240e54bb149b95dab8fc3903570f7dbd5f367b30cc95fb8611d706e6da5d'),
('sites/all/modules/views/handlers/views_handler_field_machine_name.inc', 'b64013c85b02c107d2c15c26b1c3320fc3ef1f6909730bebe7eb063c8a663cc7'),
('sites/all/modules/views/handlers/views_handler_field_markup.inc', '3088014e96bf72c591550f4a66719372a92e006b2f370c098c8eaada5b83e51e'),
('sites/all/modules/views/handlers/views_handler_field_math.inc', '8a9fad407cbf5b172756ae2e6198cb6b73605fb97919e1cce7e05392bab5a15d'),
('sites/all/modules/views/handlers/views_handler_field_numeric.inc', 'f271285273c27a3064b6af976e7276955caaccadef66c3619dbb03d366b12043'),
('sites/all/modules/views/handlers/views_handler_field_prerender_list.inc', '9c4e02e69d86c761e3daf42e3cad1b98ef6e673ac32d37a06ec3ac6cbd87c8d7'),
('sites/all/modules/views/handlers/views_handler_field_serialized.inc', 'e0df3ba002de38f6c9d84faa88123fd3475a0db65280359c247d6660e9504b94'),
('sites/all/modules/views/handlers/views_handler_field_time_interval.inc', '7ed2d4a5aad1492ceed5a008c23564698bfffef5f7b55371fa413554d457fa17'),
('sites/all/modules/views/handlers/views_handler_field_url.inc', '62cf62165b8b4647981decd5e552eedb021eba3639e298c5f2405eece53780df'),
('sites/all/modules/views/handlers/views_handler_filter.inc', 'aa810aa0bd2efaf2b8eaf6c190041eee19bd4cadd7df268dffa271a79bb64b19'),
('sites/all/modules/views/handlers/views_handler_filter_boolean_operator.inc', 'f8cb5fb8ddc7ce3be39b6f75e9ed8788d6d37a146de7f96d7b04c894b6bd6890'),
('sites/all/modules/views/handlers/views_handler_filter_boolean_operator_string.inc', 'be9e033d829cf682b3f8815676d34522c605b6d4690ada7aa7ac38fe738994d9'),
('sites/all/modules/views/handlers/views_handler_filter_date.inc', 'decd76c0d5b728c23ba5a41a19fb0d691f43f77c89b9ec3f851af27c3fef1cc8'),
('sites/all/modules/views/handlers/views_handler_filter_equality.inc', '0a7c92884ef84877b98410589a3251d8d3f98e934bb352a3c72a311bcae4e4ec'),
('sites/all/modules/views/handlers/views_handler_filter_group_by_numeric.inc', 'f0569c4137f71c0772b6b1a6b8871c5b7459c9fd863ab3346ae183d183deda45'),
('sites/all/modules/views/handlers/views_handler_filter_in_operator.inc', 'c6bb59aa0b24cd2fa48bc7ae320de8725aac223b129032a59eb5afd7ff39ddd7'),
('sites/all/modules/views/handlers/views_handler_filter_many_to_one.inc', 'e9f03d99cb402e73dff587eb1396c8c526819fc17c17b3281ba80d2fa6bb5fad'),
('sites/all/modules/views/handlers/views_handler_filter_numeric.inc', 'f709fe4410e9450fbccb3efdb0e128d0ae3ed60616d31d05f0b923bb983fe51f'),
('sites/all/modules/views/handlers/views_handler_filter_string.inc', '876595d4777cdec699154faf110e45fb54019c7017ee58ba775700cef3047e91'),
('sites/all/modules/views/handlers/views_handler_relationship.inc', '88cff2941680ea83144e3a27aa9e239fa877901abeb490138de36b79fc7899fc'),
('sites/all/modules/views/handlers/views_handler_relationship_groupwise_max.inc', '89a1bed9b7d47d7566b3dee90215bdbf16ebe5a23497c26ba767fd8a5406d41a'),
('sites/all/modules/views/handlers/views_handler_sort.inc', '90203164f507d75a689787cc0af200085d88537c66046197cc5a790c99143e62'),
('sites/all/modules/views/handlers/views_handler_sort_date.inc', '45e7e1a10e8bd3200ad5a8e3acb44c69886988f90f3ac03acf15651505f29ba5'),
('sites/all/modules/views/handlers/views_handler_sort_group_by_numeric.inc', '07edd49f58658f281b42fd4efdaf066037d61b1447c2be97ea948eb40469de86'),
('sites/all/modules/views/handlers/views_handler_sort_menu_hierarchy.inc', '6c99b64431cbf92e51488d977060c6a37825019621ce7251ef0a2ebd4faf7863'),
('sites/all/modules/views/handlers/views_handler_sort_random.inc', 'de222b78b5422dac43677728864f8308a1a9b29f89354467d702db8ff5fdefb6'),
('sites/all/modules/views/includes/base.inc', '85ece4b3f27da18a7ba6a8814683e1a4e044ee1cc9a468f8fceb4297d2e39aba'),
('sites/all/modules/views/includes/handlers.inc', '3d2f9b061da848c8f729808e9202be1c4c69e408b570f0b9d676b67e2246fb13'),
('sites/all/modules/views/includes/plugins.inc', 'fb79c75f6940617f6cc76c85ebd7a7fde75f8eb8de7bdeabafdfd7b6012d8017'),
('sites/all/modules/views/includes/view.inc', '9b618f93d36c9602a086697560d843dcfa3cee65ca829e0f539506a995566636'),
('sites/all/modules/views/modules/aggregator/views_handler_argument_aggregator_category_cid.inc', '1e2c6da1659296994b59af832fb41f2f5670030c6cc2b5cd809eebfd0813771b'),
('sites/all/modules/views/modules/aggregator/views_handler_argument_aggregator_fid.inc', '07b65d57942ae1e88f2f80a399e580f47c8be693abbe212d46081d577ec369b2'),
('sites/all/modules/views/modules/aggregator/views_handler_argument_aggregator_iid.inc', '15662feb4007640011741ab46ffa65c68d67244300e9c0809a989bc4fefa8082'),
('sites/all/modules/views/modules/aggregator/views_handler_field_aggregator_category.inc', '956e8419c3c01ada5f7a7c402a1d28819cfbc3f51287ea1edf4ac8d7557c0ced'),
('sites/all/modules/views/modules/aggregator/views_handler_field_aggregator_title_link.inc', '6fef41eec6979478fe9a29a964ae2683dd8481b0d0c14b1f4a0f6f05d0211627'),
('sites/all/modules/views/modules/aggregator/views_handler_field_aggregator_xss.inc', 'd2c3c6ab6c8f40d5b8a0de60031701329bc776dea9f4c8354fa05819eaeb811c'),
('sites/all/modules/views/modules/aggregator/views_handler_filter_aggregator_category_cid.inc', '3e1a3dfca668c1d59b280f10b97d2ca70e8b554efb954c847fba3bba147da518'),
('sites/all/modules/views/modules/aggregator/views_plugin_row_aggregator_rss.inc', '2b3803d135f43fd0d8ffca491a392ab61c37c3e51913bfa26d93a6db8cf689ca'),
('sites/all/modules/views/modules/comment/views_handler_argument_comment_user_uid.inc', 'c88a7d7e6baf355f08b991fbc65339ac8ac6153d7960198a4da6a77182b22e1f'),
('sites/all/modules/views/modules/comment/views_handler_field_comment.inc', '0f4f0bb95c4ffc4612ce12263ee47bd08427c0d5c6fabd6397e8de54366a8a86'),
('sites/all/modules/views/modules/comment/views_handler_field_comment_depth.inc', '923509b84de82c6946cd2b10e37cfe947bc4ac75b0a378ad8baca1c58bb2a45a'),
('sites/all/modules/views/modules/comment/views_handler_field_comment_link.inc', 'db3d3e6cb886e3fd54469a8b6fef197552c9e6ef2c053c7b3a5413c25b135807'),
('sites/all/modules/views/modules/comment/views_handler_field_comment_link_approve.inc', '388736cc5e76f94c9d2199f58363579bda625551b7cc1a41ca3bf53e7aec8644'),
('sites/all/modules/views/modules/comment/views_handler_field_comment_link_delete.inc', '7fcec33f27c380c8732e07d9e10ace50e315451fd8d277cee13b47ba512eac75'),
('sites/all/modules/views/modules/comment/views_handler_field_comment_link_edit.inc', '78f42deba35fd6ba2998780b48472d01e42c406c2aaf72e5f9f842034d49dcb4'),
('sites/all/modules/views/modules/comment/views_handler_field_comment_link_reply.inc', 'f35a25e525abb0806e35760c5ac624db36e51368639da5b0472269fe23bda4a1'),
('sites/all/modules/views/modules/comment/views_handler_field_comment_node_link.inc', '144a598cce30cf9c8dfef118c83a18a9109a4a859121d09d011a4486cb844c80'),
('sites/all/modules/views/modules/comment/views_handler_field_comment_username.inc', 'dbc47798f26f2228600938a854c219347928a183bece331eeddf1514c618967e'),
('sites/all/modules/views/modules/comment/views_handler_field_last_comment_timestamp.inc', '3b05bfd2fed0442d9cdc64605611ed5eeee996558723724de5f9274814370c8a'),
('sites/all/modules/views/modules/comment/views_handler_field_ncs_last_comment_name.inc', '678812ab9ffc81db2b7b872212743956eb6f1f1435e81f829862c56f7b379e8b'),
('sites/all/modules/views/modules/comment/views_handler_field_ncs_last_updated.inc', '4bca3e5b8bf968d282dfe80d47c137f8ba201e7e5badfd0506f43fa3d607443f'),
('sites/all/modules/views/modules/comment/views_handler_field_node_comment.inc', 'afedd3e03f195efdb5bd289c805a78dd9efffc118a4708d02aa70afbf234dd31'),
('sites/all/modules/views/modules/comment/views_handler_field_node_new_comments.inc', '46453ca74895c7a8a4275126e05e3b292bfb202faa1a48573624e8e51250317a'),
('sites/all/modules/views/modules/comment/views_handler_filter_comment_user_uid.inc', 'dc6b29748e836ece3f019dbd5ce5dd044b6eae4076ced7d80456565f2f5e8bd8'),
('sites/all/modules/views/modules/comment/views_handler_filter_ncs_last_updated.inc', '5a32c92f5c3b531b0c0ab79c99b8a7ea40326f346a10369dabe1f34068ad60d0'),
('sites/all/modules/views/modules/comment/views_handler_filter_node_comment.inc', '9ca56f66a8539043a83aa036f3b906ce2bc48357e6efd1c47ada987948c918f6'),
('sites/all/modules/views/modules/comment/views_handler_sort_comment_thread.inc', '6bc31427734ecc09428862ff5dc0a45db8618ab9df0adfd030ab5fcca4b5dfb7'),
('sites/all/modules/views/modules/comment/views_handler_sort_ncs_last_comment_name.inc', '5d5e7ec9a91963a0c4d63827e938baec19980673512268eea359b26fe9f27452'),
('sites/all/modules/views/modules/comment/views_handler_sort_ncs_last_updated.inc', '6a9b1cdf749c56eb7a679d4543dfa05b0f95f4233cb369541041e6f7f866b86e'),
('sites/all/modules/views/modules/comment/views_plugin_row_comment_rss.inc', 'e8e8068587b2f9b341b2755c3e611197ebfe0267392218bbde52d57a560d6aed'),
('sites/all/modules/views/modules/comment/views_plugin_row_comment_view.inc', '74bbb78c11e57a5025e4e319d379a583b53ba9c60848c44263cc76fa24355263'),
('sites/all/modules/views/modules/contact/views_handler_field_contact_link.inc', '14eb20cae2c8954d9698f925f6b3726276f31f0f889d96e6fdcd98f4adcf1879'),
('sites/all/modules/views/modules/field/views_handler_argument_field_list.inc', '21a945ddabf0d8327b7ac58cc6f24ab8ec01a8e3ac8fd14f529c1ccd30101695'),
('sites/all/modules/views/modules/field/views_handler_field_field.inc', '0ddbd2e976e13ef5ab56616380f3c621a4f93e6f43c7cbe59d5521286c367694'),
('sites/all/modules/views/modules/field/views_handler_filter_field_list.inc', 'd16dcda175489fce0dee494800c1cd7a2da138ffe01dc23fec5aae8f8e312020'),
('sites/all/modules/views/modules/field/views_handler_relationship_entity_reverse.inc', '7ca0265a0c6aa5a8869acd3dd3d1a429e5c00a1f431c80866cbad9424f8c87d1'),
('sites/all/modules/views/modules/filter/views_handler_field_filter_format_name.inc', 'a8dcb05b4a4c160e236596aa620d0bb9c00f6759dc68b1fd218a000f575e1e7b'),
('sites/all/modules/views/modules/locale/views_handler_argument_locale_group.inc', 'f3728c0a23a97442577203411f1c8d07c0671711de268fc75a96fb8967553076'),
('sites/all/modules/views/modules/locale/views_handler_argument_locale_language.inc', 'ec542c661cd144f93267359be52e75d5e924b5e60dc6bed5ff06394471351251'),
('sites/all/modules/views/modules/locale/views_handler_field_locale_group.inc', '760fa4700e9dab23769cabb756d48ddb031dff12c4d6dea8be4f0bab053bd3e4'),
('sites/all/modules/views/modules/locale/views_handler_field_locale_language.inc', 'ae0981be36bf46db4b975e137f09c7c573e860ebf4f36369c25a72803c17a837'),
('sites/all/modules/views/modules/locale/views_handler_field_locale_link_edit.inc', '0077bd6d5322b3de3b7270d9d3e230f9caa2cf1938fe665fff6e9c8cbbdadb77'),
('sites/all/modules/views/modules/locale/views_handler_filter_locale_group.inc', '7182f4d0fcbfa2ac1f0adcfc16cf2cfbf645789b4a1611e9854520281953266c'),
('sites/all/modules/views/modules/locale/views_handler_filter_locale_language.inc', '46598e399775dceb845baa8763c3ad4ce86009684addcb85f728888b26de394d'),
('sites/all/modules/views/modules/locale/views_handler_filter_locale_version.inc', 'c486456fbab4a7f369734b7c4f78c66ebc8fc7efd116761bd06d93a3c5bec2ec'),
('sites/all/modules/views/modules/node/views_handler_argument_dates_various.inc', '7a5765b8014079f7d94e653697129f61bdf4cf1181a0ee7401b6e29e8f3daa91'),
('sites/all/modules/views/modules/node/views_handler_argument_node_language.inc', 'd8e60b1e20b1d2245267aee9a4510e2d77af59a4ed126f2ca2eb167809a75258'),
('sites/all/modules/views/modules/node/views_handler_argument_node_nid.inc', '6cc1552d75e7294acfd5fdbf28b2f390b9df7fdb1658b8667d17a11cd59ab9ea'),
('sites/all/modules/views/modules/node/views_handler_argument_node_type.inc', '2eb283cad11d49bef3a05cedf7606dc46aca5831a663235b26d1c6b77f059689'),
('sites/all/modules/views/modules/node/views_handler_argument_node_uid_revision.inc', 'a3cdd9b72d353aa7dcc9433700f18933cb46c684a379d90ef7fa719a1f0414d4'),
('sites/all/modules/views/modules/node/views_handler_argument_node_vid.inc', '786c911f85782bb86a84060b4e14963bd1ac06095c36e3a5cdd48065fac27acb'),
('sites/all/modules/views/modules/node/views_handler_field_history_user_timestamp.inc', 'a1306d8d088076499629c7b99fb86f00d26c6eacefff7fcc46cecd08dd54acdb'),
('sites/all/modules/views/modules/node/views_handler_field_node.inc', '6255479f680c89affa7210161be4416f312c2eb6a8f63af7c57678cff0250dbd'),
('sites/all/modules/views/modules/node/views_handler_field_node_link.inc', '6408c83bb785a45ca14d6f28301edf0f78657533dd12ae3697a5a5ab59a97d5d'),
('sites/all/modules/views/modules/node/views_handler_field_node_link_delete.inc', '48a9c7a9a6a895e600957156dad28b72baa52da9c0d1af3284e6e436781e9f98'),
('sites/all/modules/views/modules/node/views_handler_field_node_link_edit.inc', '747ac11e5a3c1bb61559e147ff1eea0205dab136b982ab7196869a1ed16468ba'),
('sites/all/modules/views/modules/node/views_handler_field_node_path.inc', 'b9b7440bc1ed05e3cc83e122f5eb00b34de738d29e7b10868232d185150aafff'),
('sites/all/modules/views/modules/node/views_handler_field_node_revision.inc', 'db42464cadaae4eb8deb4bebbd500b2d377dfb2cf5d9399fe87c9e01f0dfa247'),
('sites/all/modules/views/modules/node/views_handler_field_node_revision_link_delete.inc', '84e03d57fb01c8e839ae6e89edcdd1c2491888c7d062ac93036d132570f694bb'),
('sites/all/modules/views/modules/node/views_handler_field_node_revision_link_revert.inc', '1145d1b8e014950fc6af969072268a57c956e6626a948f01c8d3319e9ef8081c'),
('sites/all/modules/views/modules/node/views_handler_field_node_type.inc', '2e4a86f8f3110776191d18580e5a6293ebc2b6f0610362417aeff85a3ba0a4d1'),
('sites/all/modules/views/modules/node/views_handler_filter_history_user_timestamp.inc', '4ff02b60652e7dc627e5baa91fa61c032f2857af4c58b58fccd4865d1d6cf48f'),
('sites/all/modules/views/modules/node/views_handler_filter_node_access.inc', 'c751edd9527477ee0f95389c545220371f7761e10aa25c70d6eecfa908fbd157'),
('sites/all/modules/views/modules/node/views_handler_filter_node_status.inc', 'f2478237dc9ca71035435f11592e0d075cc4ef96b9c42cb0eda5cffc2f494319'),
('sites/all/modules/views/modules/node/views_handler_filter_node_type.inc', 'd36304617b444d1d12ae8ebca4700840944bd8e66598537ca27a962070789fb6'),
('sites/all/modules/views/modules/node/views_handler_filter_node_uid_revision.inc', 'fdd24e4c103d9ef8f9df5ddadd08b15c8095371720f25729b5f416abd41eeb4b'),
('sites/all/modules/views/modules/node/views_plugin_argument_default_node.inc', '653376a572ae15a748b9cb3e0e06590de53bd2a3afc50d77da89350ec337cfaf'),
('sites/all/modules/views/modules/node/views_plugin_argument_validate_node.inc', 'd069d549f59a60c54d923d70c4580794180a8454d5531bde70a5baaa6f0ea748'),
('sites/all/modules/views/modules/node/views_plugin_row_node_rss.inc', '5be3f41fac85a68c4d4cebca1094bff1d1d9e4b7a6e85444e33fcdd3335b36b9'),
('sites/all/modules/views/modules/node/views_plugin_row_node_view.inc', '5b0bbc28f19ad80a2d0e3b1dfca77da51d0bdf9c50415cb681a55ca28d660ad7'),
('sites/all/modules/views/modules/profile/views_handler_field_profile_date.inc', '8e491636473dba467ec5d8bfd57c3b42ff3338169dbf64054a0732195d634fb0'),
('sites/all/modules/views/modules/profile/views_handler_field_profile_list.inc', 'c9a2d1f8b29423da6099c2040704ce35f893ab743fa5fed7467008474c342fa2'),
('sites/all/modules/views/modules/profile/views_handler_filter_profile_selection.inc', '74c85ece8f3dae715da2498cbfd6aad68da54b990dbe709ca9739ad1c0db1888'),
('sites/all/modules/views/modules/search/views_handler_argument_search.inc', 'b04a505f4091a094ae87d5dd517827e1029c6feb6dda3ca44e28696610deb311'),
('sites/all/modules/views/modules/search/views_handler_field_search_score.inc', '9e3c790efb6e371a957be5f6fbd12007de172d5238c4dee632f7fedcecceaa02'),
('sites/all/modules/views/modules/search/views_handler_filter_search.inc', '2594387903c9f2c7dca48cee33ec28c7f4e3c797209aadc4367df048025166d4'),
('sites/all/modules/views/modules/search/views_handler_sort_search_score.inc', '1464cc315fea14158e71ee03a58a16f75034b7aba698ee25accef06e66afe15a'),
('sites/all/modules/views/modules/search/views_plugin_row_search_view.inc', '8b389f6e66dcf18e1a0c6455ba2375450c45cb7a58c4bf7004823fb670906e43'),
('sites/all/modules/views/modules/statistics/views_handler_field_accesslog_path.inc', 'a6bf9be0857a44843a69533b306165793e61af07d00a1f02283271c69c128afa'),
('sites/all/modules/views/modules/system/views_handler_argument_file_fid.inc', '0ddd0bcc73f1410601977eaf5953f306f13ee704ef70a6c70b99d838283685f3'),
('sites/all/modules/views/modules/system/views_handler_field_file.inc', '9004e4e2441e828ead43612b9e6b774ffcb57daa46916d4b10cdd13a952c435b'),
('sites/all/modules/views/modules/system/views_handler_field_file_extension.inc', 'a8ec5dd4ccc5288383af32375b4d24e94ea4df6ee3fd1ff42214ea3490894306'),
('sites/all/modules/views/modules/system/views_handler_field_file_filemime.inc', '6bf472e71b3a73d146f2e391029930c4f12aa16a6ca92be813f309fcc895bdc7'),
('sites/all/modules/views/modules/system/views_handler_field_file_status.inc', 'a61bd1a03540f0955c30b2f1e59c953b136aa253060c8d654b8722b51421967d'),
('sites/all/modules/views/modules/system/views_handler_field_file_uri.inc', '6b8102905053558df0d322c6e60c7c3d9015cc2868eee19fe84a360c13aee2cb'),
('sites/all/modules/views/modules/system/views_handler_filter_file_status.inc', '7f025243d3e865dadebc97d106ddde1e9fcde2beaa2b280bc4b59d911d669f9a'),
('sites/all/modules/views/modules/system/views_handler_filter_system_type.inc', '6eb07619b086adb64568b476a88e7b4ccea01c00dc02e442c658a65a149470cf'),
('sites/all/modules/views/modules/taxonomy/views_handler_argument_taxonomy.inc', '982245ed833ef0c74eb740c9ec1f02a81f50501d77ddf1ff2b3f0b284b355dab'),
('sites/all/modules/views/modules/taxonomy/views_handler_argument_term_node_tid.inc', '0554538be9c048b03b305d3954a25a5cf06fef580847cd4494dbe219b8a6f071'),
('sites/all/modules/views/modules/taxonomy/views_handler_argument_term_node_tid_depth.inc', '83a36b755487997701def69c3b52b8dba0b34a282faed3b41806cc078d311f66'),
('sites/all/modules/views/modules/taxonomy/views_handler_argument_term_node_tid_depth_modifier.inc', '237efb86ad9d280a45f6954867cc1acf5792f6022572df3b95df41a6171f5d0f'),
('sites/all/modules/views/modules/taxonomy/views_handler_argument_vocabulary_machine_name.inc', '1feb84984ead065fd27e3ff545664d9991103196e43ddc7c2dbcbe79add4267f'),
('sites/all/modules/views/modules/taxonomy/views_handler_argument_vocabulary_vid.inc', '26c035fecea66e6a52f17032e3208e4756f3727ed46c4203db8645eb7146efa4'),
('sites/all/modules/views/modules/taxonomy/views_handler_field_taxonomy.inc', '72b2837b56bdf85ebb1ba1890f14762fafb5441502bec65074cbe63c5ae64265'),
('sites/all/modules/views/modules/taxonomy/views_handler_field_term_link_edit.inc', '1fa914a8b3c632f715a5be91706c3dbcc0bb41745aa93a0ab32e901a85b186c8'),
('sites/all/modules/views/modules/taxonomy/views_handler_field_term_node_tid.inc', 'eb1f471696dc96a14b8c0ac05e4fc9e6cdb9d2afc62d39db7f653b0156e32754'),
('sites/all/modules/views/modules/taxonomy/views_handler_filter_term_node_tid.inc', '3f4a651b2ae6170e7695208163f2446aae2e55dd7dd63f45973f4cec0e9fc04a'),
('sites/all/modules/views/modules/taxonomy/views_handler_filter_term_node_tid_depth.inc', '327359e06a4da4710c07ff00e3968ccd2ca54056992c63c12bb4184b3b552c6a'),
('sites/all/modules/views/modules/taxonomy/views_handler_filter_vocabulary_machine_name.inc', 'a413ad0653d65c3201136ec04d63404590a298fea527c4145053da5b901b5475'),
('sites/all/modules/views/modules/taxonomy/views_handler_filter_vocabulary_vid.inc', 'b359396f18c6ab89b32670b364561675ad6f0611a10af4a660ff7eb0d01b9f56'),
('sites/all/modules/views/modules/taxonomy/views_handler_relationship_node_term_data.inc', '37f14c45d53facc984c62bb3690997701e8235f2ab30ded8ba8b47d73bb7ba80'),
('sites/all/modules/views/modules/taxonomy/views_plugin_argument_default_taxonomy_tid.inc', '93b0c8e652d02a8a8b3dc0d5a7528e2c720a6bc9f1cc39b641f619afad12e2c0'),
('sites/all/modules/views/modules/taxonomy/views_plugin_argument_validate_taxonomy_term.inc', '3ae2e2c44e6b7c20ed8f78977f35aed1d1e02716d358aded9b89352046c26adc'),
('sites/all/modules/views/modules/translation/views_handler_argument_node_tnid.inc', 'cbc266e896ab4e65a2ee79d84053fe2f5e8959f4931c2b36bc87b9a19d9abca9'),
('sites/all/modules/views/modules/translation/views_handler_field_node_language.inc', 'a782af2839da625159b37f64472036b1145bfd13000624326d24f0bde8548b25'),
('sites/all/modules/views/modules/translation/views_handler_field_node_link_translate.inc', '01a32c694991618743c1ab4e5ce97acebecee7db3c7aa689c0cfb5d8ff1e621c'),
('sites/all/modules/views/modules/translation/views_handler_field_node_translation_link.inc', 'c3b1b7b9494bb355461c837866563732ce205c1ae8507ac221feb69332320ec4'),
('sites/all/modules/views/modules/translation/views_handler_filter_node_language.inc', '7b8e54048ee13edef311aad84cd88becc761a60829f93d236d4585ec4f8e63e4'),
('sites/all/modules/views/modules/translation/views_handler_filter_node_tnid.inc', 'b016ab25b1bfdf843815317b3a371fef0f7366606fe3823f581d4c4ca4730018'),
('sites/all/modules/views/modules/translation/views_handler_filter_node_tnid_child.inc', '28c5d7e2e484d678046fb6cdb6ccddcfe92bae4695f54088af08afe232a877dd'),
('sites/all/modules/views/modules/translation/views_handler_relationship_translation.inc', '6c3f069393fd4b84440f55c27fa83575187aa1025705a6eb580100065cfddce8'),
('sites/all/modules/views/modules/user/views_handler_argument_users_roles_rid.inc', '353e61cd0770705da9dc5e3c2c78cc07b1b2a6e353b62343765bf17823416433'),
('sites/all/modules/views/modules/user/views_handler_argument_user_uid.inc', '40bbcd91951233383789c3e78123214796e346a096db73f4293ed54640b9eeb8'),
('sites/all/modules/views/modules/user/views_handler_field_user.inc', '2440bc297a011323da6755cf722bb7b0c52c4d233f4a161f6b44824721c86384'),
('sites/all/modules/views/modules/user/views_handler_field_user_language.inc', 'b94a5cb52f3ac61c0ba9c3235d29308814ec3e6540372de9975eb87108135573'),
('sites/all/modules/views/modules/user/views_handler_field_user_link.inc', '132a1e5ff54b93bd292a78ac36c04e909950d303ee3201a98320f91e7de508db'),
('sites/all/modules/views/modules/user/views_handler_field_user_link_cancel.inc', 'ea5ba61ac096a13c454e5fe189b92cf97a38fd258722a53d6823b4c163876b9d'),
('sites/all/modules/views/modules/user/views_handler_field_user_link_edit.inc', '34f87f9f9e5cd8252eafa05c0d40365597b5baa03566235cc45b8a32f3fd978c'),
('sites/all/modules/views/modules/user/views_handler_field_user_mail.inc', '456866c64c3502df30ddd20edb15d1f55acf7494187a8c4eb27b91c8beed321c'),
('sites/all/modules/views/modules/user/views_handler_field_user_name.inc', 'e97cfaee3c6b196d6f5572ecf10f95fe53c79c6366c345a17f9c4bd881dff60e'),
('sites/all/modules/views/modules/user/views_handler_field_user_permissions.inc', '6104522cbf31c17a6ae5e9bdde46a6079f3ce1e377aadf1484d298479078bdb0'),
('sites/all/modules/views/modules/user/views_handler_field_user_picture.inc', '7ab2ee03074dd8cd4adebd527a76f68869b50a1b445e80a16d6b40e85922ec70'),
('sites/all/modules/views/modules/user/views_handler_field_user_roles.inc', '7d905ee7c28dae9f48543943575d56d994b578a0bba6bd32e302cf554586022c'),
('sites/all/modules/views/modules/user/views_handler_filter_user_current.inc', 'd9e4b21e438e3eb3fc57179fe07fb114316df05c83c53d12409e20f3071e8fb7'),
('sites/all/modules/views/modules/user/views_handler_filter_user_name.inc', 'da29a3355844a57f5f44a28f0c195d8eaa0ed7044b496eb3d0388dfcc6df6aa0'),
('sites/all/modules/views/modules/user/views_handler_filter_user_permissions.inc', '50f4974d13b234c18b61b9d8b90b76e8063af652f661a73ad75f3f5dfec45bfe'),
('sites/all/modules/views/modules/user/views_handler_filter_user_roles.inc', 'd5169b1bf4466386a955226552bedbb73e637e9e27555a21f7c47f88393a1acf'),
('sites/all/modules/views/modules/user/views_plugin_argument_default_current_user.inc', '79200cf6647c1064bd7474bfe948d777a929f3d2c3709353f6c789468234e364'),
('sites/all/modules/views/modules/user/views_plugin_argument_default_user.inc', 'fd13f620bcbcd99371747d23c38522f814a64a93849d501990bf5d8e3fa6adfc'),
('sites/all/modules/views/modules/user/views_plugin_argument_validate_user.inc', '228b698b681bde74e565dd2c66bf4a2feafe3dde5b4b228d6e327d6eb3b57591'),
('sites/all/modules/views/modules/user/views_plugin_row_user_view.inc', '52548cca3f18d25b06cfce15ee00acea530b85bd22a10944d984b5a798c5969f'),
('sites/all/modules/views/plugins/export_ui/views_ui.class.php', '6e90fbc82e631c61dbf2c3ac807ae0f2df4c12ab636b8a30d320b44c75bd0b7e'),
('sites/all/modules/views/plugins/views_plugin_access.inc', 'eb853525c8483b57ce5ed868660359f2ddfcbbf734f20e930620825bda8a16b2'),
('sites/all/modules/views/plugins/views_plugin_access_none.inc', '76fcb2ee85d8e14ef889082b099a75dd84bb63559162e646353772c7bd954a38'),
('sites/all/modules/views/plugins/views_plugin_access_perm.inc', 'a645f8ebead301ffa59d0ccae01680eadebbed6b712ec1676bee5909dc64a265'),
('sites/all/modules/views/plugins/views_plugin_access_role.inc', '23306bd8161a3bb45d86f81db058e729d614f6387ad1eb5e84bf6ec161092ff6'),
('sites/all/modules/views/plugins/views_plugin_argument_default.inc', '6895e571d11d022db523cc5348524df66a7b0866bd8ccb1175dc72e0f75da979'),
('sites/all/modules/views/plugins/views_plugin_argument_default_fixed.inc', '1351b921dbfb880cac961c32322c6662a6a8b3bf27f235d8235696b849ef730e'),
('sites/all/modules/views/plugins/views_plugin_argument_default_php.inc', '9a2b0af3f59d720afb51138f3473ae6880cc51b65101fd1e2be5181ea70d9221'),
('sites/all/modules/views/plugins/views_plugin_argument_default_raw.inc', '5e4aa88cc6849af5d86074bb7db0892d0cc5211a5fdadb4143d6f60df8088e26'),
('sites/all/modules/views/plugins/views_plugin_argument_validate.inc', '954b0f0e516f7890ebc3b1b08d2d776a7e1a95b3dee3db5241cfbfeb574c69f0'),
('sites/all/modules/views/plugins/views_plugin_argument_validate_numeric.inc', '7f95c57de9d1df74ff65ba01ef6c481797d3271382dc6aeadcfb50ebe545345e'),
('sites/all/modules/views/plugins/views_plugin_argument_validate_php.inc', '7151ff7597cdce3aedbf4863d23d698bc0195bcb796c731268fbbd14f92f9b70'),
('sites/all/modules/views/plugins/views_plugin_cache.inc', '2b1b7dd4507dde4fb6601a25cff9ef42400d7bdf95c0f4e0a98887bb2f04bce6'),
('sites/all/modules/views/plugins/views_plugin_cache_none.inc', '0a175ca3f6597a075d5e7a13a2a6d1a7bf87726995687d19d03126f135b77364'),
('sites/all/modules/views/plugins/views_plugin_cache_time.inc', 'ebeb4e288ccb5a0f1d7e7bb75c5d8a96899634a617326b6c8d01cc2f843da7df'),
('sites/all/modules/views/plugins/views_plugin_display.inc', 'dcc06aab07e2290b4bb6f51d91cc33a08c98fc18647aed4cb5b58c84f091c6f2'),
('sites/all/modules/views/plugins/views_plugin_display_attachment.inc', 'da6d1d8c40b14b898896c5d917f009d6666736ea438e1b6137138f0d5ca96068'),
('sites/all/modules/views/plugins/views_plugin_display_block.inc', 'e95f3cdf809e071fa24c914573252fc9ae77b665b791ee07e584a80feece935c'),
('sites/all/modules/views/plugins/views_plugin_display_default.inc', '8542aaa29d8be6dd424d7579d6931f2aeb71a21286036bcca7e7966e2e5f7cff'),
('sites/all/modules/views/plugins/views_plugin_display_extender.inc', 'c07fd5685f633e4bd5a7a46a9d102bba97fc012074f46b0c8f083dbcc98e0b96'),
('sites/all/modules/views/plugins/views_plugin_display_feed.inc', '4c6539e96cd21b076b34ec18675ffeafe26a178c21184f31a59ce292736171c6'),
('sites/all/modules/views/plugins/views_plugin_display_page.inc', '67dee83b8845b651dac69650ebfc60340aa19971fb4a7c82aaf56afe82e676ee'),
('sites/all/modules/views/plugins/views_plugin_exposed_form.inc', 'd56e5ec778224101b3ca8456f72e144d6feadbe5dcfede224271532e81130d18'),
('sites/all/modules/views/plugins/views_plugin_exposed_form_basic.inc', '0cd6f0c4703fcf075b98e50a5b17f6bd2ad9b83d703416a767c3b47477f77501'),
('sites/all/modules/views/plugins/views_plugin_exposed_form_input_required.inc', 'a679accb9162d548704f68d253249dbfbdbedabcb8bbbacf731fe92aad814db1'),
('sites/all/modules/views/plugins/views_plugin_localization.inc', 'd5ab0ef8b15d49c939f6491258430b5e9257ec37419ddcfe3b99fea6f667f21a'),
('sites/all/modules/views/plugins/views_plugin_localization_core.inc', 'f0900c0640e7c779e9b876223ea395f613c8fe8449f6c8eb5d060e2d54a6afcc'),
('sites/all/modules/views/plugins/views_plugin_localization_none.inc', '4930c3a13ddc0df3065f4920a836ffdc933b037e1337764e6687d7311f49dd8a'),
('sites/all/modules/views/plugins/views_plugin_pager.inc', '0eedcbdd9cafc8188adc41165cad5f3d1ddbf9315db8a91e920f6bf8003be973'),
('sites/all/modules/views/plugins/views_plugin_pager_full.inc', 'af6e6c82bae0ec33c53863b34ce002d139d2a918e1684a4408bf8f1148e0d3a5'),
('sites/all/modules/views/plugins/views_plugin_pager_mini.inc', '627733f65b1d08d20ae03a531c99daacda97df37af9792cf6f3357d9379546ec'),
('sites/all/modules/views/plugins/views_plugin_pager_none.inc', '30d08bb09cf63ca24e1cab5576e0262702672c193e429252918bb31e39de11b7'),
('sites/all/modules/views/plugins/views_plugin_pager_some.inc', 'ca7f99097c907fbd7c110cdee084993accde000f12d59e661b7a9753a808fd00'),
('sites/all/modules/views/plugins/views_plugin_query.inc', '8efc4d7b27771a4e60177a53ff0381dc762b4d47d8cc58bbe3da98714597d694'),
('sites/all/modules/views/plugins/views_plugin_query_default.inc', 'bfca2ab0195f1fb250464c3b31ff5b49b6964931633eeb224482454297fdeba9'),
('sites/all/modules/views/plugins/views_plugin_row.inc', '50b10dd4150cfc75a04e431048a65ed05e59250cd587c1e482beaada98ee20cc'),
('sites/all/modules/views/plugins/views_plugin_row_fields.inc', '8977e0973e786dd09c2200c6b294f9306ce480482a546866ebba6c17f823f486'),
('sites/all/modules/views/plugins/views_plugin_style.inc', 'a30ab426f90638388be422e40071b81bdfa7f9e946cfa3f28f856d75d38570ef'),
('sites/all/modules/views/plugins/views_plugin_style_default.inc', '37d4711f237efb201e96e74fe1f1f9d3a32a8adb65fa789bb09b81b8f439b039'),
('sites/all/modules/views/plugins/views_plugin_style_grid.inc', 'ab5e59a3287c4eff4ffaaedf91bcbd7b1ac091ee1204b5767b8184aff2743788'),
('sites/all/modules/views/plugins/views_plugin_style_jump_menu.inc', 'ee718836eab271af2b2f42dc75f5bc1fad698632f2a26ff4f2ecc0cd77368b90'),
('sites/all/modules/views/plugins/views_plugin_style_list.inc', '2d4831c6c55ee9bc415922d6ecb32deff93ff63e5962b6b67e3497fa6965ccc1'),
('sites/all/modules/views/plugins/views_plugin_style_rss.inc', 'fa1b3b9619c1e2eeb3e0253575a95102ec6595a2ae3d6f5237f2d8e6853a9186'),
('sites/all/modules/views/plugins/views_plugin_style_summary.inc', '17d143c20fd9f9efea0fe4d70c0e04ee1b4acd18b4fcabae00470d1d70aac0c4'),
('sites/all/modules/views/plugins/views_plugin_style_summary_jump_menu.inc', 'c67efb6088bf737f4d79c80bdd07a0ef5613be95a80c7cd2c4c1f4e9d140e6f4'),
('sites/all/modules/views/plugins/views_plugin_style_summary_unformatted.inc', '6e07b64ec8758e309e28303a232932bef4f3843d992de95f1421376677f054a2'),
('sites/all/modules/views/plugins/views_plugin_style_table.inc', '9c19b95f6df036d100af73ed9a7bacf87770d06a6880b0e7d8906369ac242cb1'),
('sites/all/modules/views/plugins/views_wizard/views_ui_base_views_wizard.class.php', '0f95fa318e7b472003b93aa7225478948a8995719fbca70b2d8e3db986464758'),
('sites/all/modules/views/plugins/views_wizard/views_ui_comment_views_wizard.class.php', 'e6b9dda4730e1dc3598a57bd40f365cb18ac7fa31204582c5a00e59f8d2d50d5'),
('sites/all/modules/views/plugins/views_wizard/views_ui_file_managed_views_wizard.class.php', 'b0c72a676dff32fa25b2f7a22df3a0d2dee84a7d004dc44be0265fe9e809c3bc'),
('sites/all/modules/views/plugins/views_wizard/views_ui_node_revision_views_wizard.class.php', '398d35874dd2d48b491c87319716d276f647c40e7d87c318086776b8f5643d69'),
('sites/all/modules/views/plugins/views_wizard/views_ui_node_views_wizard.class.php', '6406a99a4c04a651433b46a282aae9bf97fd72f3deaf99fab40fdde3984e5cb9'),
('sites/all/modules/views/plugins/views_wizard/views_ui_taxonomy_term_views_wizard.class.php', '92b641b8d13d883993150f8d74b43fcb382a520f26c2ef83c1b2c8a86c23e5b1'),
('sites/all/modules/views/plugins/views_wizard/views_ui_users_views_wizard.class.php', '6419a9e125aefbef0bd13879b4e57ee158f4e0b7d1f05832879054cdbb03833d'),
('sites/all/modules/views/tests/comment/views_handler_argument_comment_user_uid.test', '83a5528be29cac578cae139e6afb741b5de555a0e42332716555effe61ddd548'),
('sites/all/modules/views/tests/comment/views_handler_filter_comment_user_uid.test', 'bdb7e9f7a31c17b025363ef7fc1a2f95bad6281990c6ac8759436080727c6bcc'),
('sites/all/modules/views/tests/handlers/views_handler_area_text.test', '944b1211d872e0342f7e6cda8a8d66cb85adf73c5e0ee6396a22ae3f260b3c0e'),
('sites/all/modules/views/tests/handlers/views_handler_argument_null.test', 'b12e2b0cc9b7a14424920912c5908ea0aae9fc5be1ae5e892880225d01624292'),
('sites/all/modules/views/tests/handlers/views_handler_field.test', '508ec461e1d7c6eae45fbb83cde0446043d8a87a366c6e5dacb4d0e949c104aa'),
('sites/all/modules/views/tests/handlers/views_handler_field_boolean.test', '84e6fe1b125d2fb9429175bbb7b76d07dd05afeb94e31287680e240b9d88d676'),
('sites/all/modules/views/tests/handlers/views_handler_field_counter.test', 'bec20808b9c22057de453341809fe01d6b6fffde27c32a803e2d1f345ddfcc02'),
('sites/all/modules/views/tests/handlers/views_handler_field_custom.test', 'a13349d6429b35a01e105b25186b7f55469e4b813c5ed8be4a79c58e5dc3a67c'),
('sites/all/modules/views/tests/handlers/views_handler_field_date.test', 'a14e4f07ee03e49082d111832c21b86cba83c7abfb7de1859e461e90330bdc40'),
('sites/all/modules/views/tests/handlers/views_handler_field_file_size.test', 'a28ede0e98211f2204e3a2ca2c6bfd253c67bd04e22d8474b5b058843fa97340'),
('sites/all/modules/views/tests/handlers/views_handler_field_math.test', '0916b7b53ebef9e16a9a45e22123a4a2b1ad8fdd06c0d670db5e2396df86c5c7'),
('sites/all/modules/views/tests/handlers/views_handler_field_url.test', '922f7dba511ff4e9d2a24bb4d445265b86a1560b76d097e8d6e0a41cc59a6b29'),
('sites/all/modules/views/tests/handlers/views_handler_field_xss.test', 'df777917cb8568938ced57578936d92bf4c9e00734868676b94b13bf251c963a'),
('sites/all/modules/views/tests/handlers/views_handler_filter_date.test', 'a5c510b72d4559878183081622ce268dcf71f42c70a5480a51a214afc6c0ebca'),
('sites/all/modules/views/tests/handlers/views_handler_filter_equality.test', '05006487eb97c7214aab1e1e8f4d58a8661f678bcd3b691ce9a84c7955bf76fd'),
('sites/all/modules/views/tests/handlers/views_handler_filter_in_operator.test', '0d5252ce92c4a51182644b5d229e3d6b639526466298a8fcec02a045078530e4'),
('sites/all/modules/views/tests/handlers/views_handler_filter_numeric.test', '65c67e9c0de483511280742a2bb73ba61fd447a8d8e52bb071d84910760ca672'),
('sites/all/modules/views/tests/handlers/views_handler_filter_string.test', '93a349a671004b75b41a939623f198974a891bf251f990f1711d07f13ed749e4'),
('sites/all/modules/views/tests/handlers/views_handler_sort.test', 'f79dbd877823ac5bda4060ef1b308303c59d4a6b5b58447db7d4c2ad142f0f5d'),
('sites/all/modules/views/tests/handlers/views_handler_sort_date.test', '3fdad803c29ce009b2e129c4b1b19d8043a62ef15611be5d116f28e185edd8a4'),
('sites/all/modules/views/tests/handlers/views_handler_sort_random.test', '65f455f2a770efde4e91e01885a1b50fc783499b68477ab7214c5dd868fac6c4'),
('sites/all/modules/views/tests/styles/views_plugin_style.test', 'd77b4d488c4f8929c053cded6e26433c142d6a8d7200de7c373a8b62d91c0a3e'),
('sites/all/modules/views/tests/styles/views_plugin_style_jump_menu.test', '522296bcfaa74f77787b9b99dcd453a008f029a85c512ce93fa5ab1b183e6d7d'),
('sites/all/modules/views/tests/test_plugins/views_test_plugin_access_test_dynamic.inc', 'c524281180d91ef1cd256beb615e14a34ec6f44cd7a733a9c7e8e521779bfa21'),
('sites/all/modules/views/tests/test_plugins/views_test_plugin_access_test_static.inc', 'a1d341165b48dacb4149b4837687e371e81b742c34afa3522168b84e29f2cc50'),
('sites/all/modules/views/tests/user/views_handler_field_user_name.test', 'a131beaa03883575f68efef7aa5789caa05798e78cf2051a770493d095bf05ae'),
('sites/all/modules/views/tests/user/views_user.test', '2e9e6cad540ab20e47c4532c047164e9186ed90db5bfa96da73ff997096bc56f'),
('sites/all/modules/views/tests/user/views_user_argument_default.test', '2a1c7f4bc3c8a3cbdfd7ea2eab1811345cd5053bafe5793f7ace71b28839640f'),
('sites/all/modules/views/tests/user/views_user_argument_validate.test', '98ce7c348f1e579983ebeb2e1ddc60643e3b262e3a3dcbee1c2da45f7b1ee2dc'),
('sites/all/modules/views/tests/views_access.test', '1324b42772e38b5cdc079837b33abc25a27ccc9fe26a2bee68c150f035bf8ad1'),
('sites/all/modules/views/tests/views_analyze.test', '501464be8a5a3800f07d4f03b9244f7174c7a550b10db268a27646701eaea6e7'),
('sites/all/modules/views/tests/views_argument_default.test', '05372c66b95ce941c2ae2cf763646602ad8075c9f239e43dc7095faf2181f507'),
('sites/all/modules/views/tests/views_argument_validator.test', 'fb35d39bfea4fc83b14bcaf33b6ed388e618ffa638fbe0c5ea363a40971fdf78'),
('sites/all/modules/views/tests/views_basic.test', '8237d5e8a554dcbb35ac54db739bf2088bce077e63e9c774a2b7501665bd529a'),
('sites/all/modules/views/tests/views_cache.test', '10a4ed1f5027d765d1a795d15ab2fe03cc7267cc8569fff77a0bdae72adc93ff'),
('sites/all/modules/views/tests/views_exposed_form.test', '77e5472b5428594835cc1aa8dd4fc2985a793a3d08b951f2f49e41b9945c7174'),
('sites/all/modules/views/tests/views_glossary.test', '184432181da26bfbc17c50c1bdfc7c34f5b5a00f4001550895ad826382cf8cd3'),
('sites/all/modules/views/tests/views_groupby.test', '3009f7519b90410277792a9404d83cdb61942dfa0d958f310862031420ca0c1b'),
('sites/all/modules/views/tests/views_handlers.test', 'ca465bc554474576e5d0600ca5791c66e240776f8af87490b417b60b069f38e0'),
('sites/all/modules/views/tests/views_module.test', 'e4ff61004332c0682a001ffd8e197b5a5413160b82f101da3d606f0b0bb9d525'),
('sites/all/modules/views/tests/views_pager.test', '878e698e4c70e2cad839834bfc9f9e95014e2a46ba4d8ed1425a6c21033e3240');
INSERT INTO `registry_file` (`filename`, `hash`) VALUES
('sites/all/modules/views/tests/views_plugin_localization_test.inc', '2443243936d5b2e560d5e49b371a6511c01a53eb82e6e04ac2032feec0033633'),
('sites/all/modules/views/tests/views_query.test', '1bba0df04ed8bbfcf8ba1c2ecf30c6bfe7095eb594521bed86871dac11837ce3'),
('sites/all/modules/views/tests/views_test.views_default.inc', '3fa0e17e35b4b49ad981156768d59e175a8edbca995b423ec78e35a55dc333db'),
('sites/all/modules/views/tests/views_translatable.test', '4738bcbe52a143bbea66234eb89f918dc29a47e8d7fc1af6f4b3cfc42e8685f0'),
('sites/all/modules/views/tests/views_ui.test', '2190cd05c1b69107bae060d6d55b7112082d0bdfcfee55b7773933a24ad47fad'),
('sites/all/modules/views/tests/views_upgrade.test', '152d28c537fb66dbfebf2b38393afc3c0d88b9995ad4ef0b5d39eb4febefd3c7'),
('sites/all/modules/views/tests/views_view.test', '34f5f0b515353db81ec44839fae85db792955185a33c906fa7918591485d9d15'),
('sites/all/modules/views/views_ui.module', '111cef03bed51ad0356a5437de2ae2fa05778e2c6945ca6aac07a28be993751f'),
('sites/all/modules/admin_menu/tests/admin_menu.test', '185f8244f7a086cda1bd9435ec529e8632598e9b09d1e0d7363b75cf87c04afb'),
('sites/all/modules/jquery_update/jquery_update.module', '28cbb57d05bd00f4042c04b477c8d309968b991aa077fdf08f092fcf82ae60e2'),
('sites/all/modules/wysiwyg/wysiwyg.module', '23bbe445f32ba4e8d58c555b11e3275bf954380fea6c4e2a02bbc46fcc41daf8'),
('sites/all/modules/wysiwyg/tests/wysiwyg.test', '351bd7ed3eb279052b92cd900ceaedb3baa97ab502eed61a390efed83d8cefd8'),
('sites/all/modules/jquery_update/jquery_update.install', '17d0b3e4e05f9dc32bf6227459e7303068b92b000e20352b5af2c3d2f67f7183'),
('sites/all/modules/libraries/tests/libraries.test', '0f216de1b5d2a15ce5680b2d053af9924f9d9e80661aba0603fa9f618c0f5aca'),
('sites/all/modules/colorbox/views/colorbox_handler_field_colorbox.inc', 'b9e7ad81e55ff59e9afeb8838cbeebc59749786c1782949f36a04252325909e7'),
('sites/all/modules/token/token.module', 'eafa90a09b9e0eb8a19af1d56badec676744bf7a598333ef6a82e173789b382c'),
('sites/all/modules/token/token.install', '4dda5878d48025dfc72faeda487f5f28c19318517b37a3da16aacd6e2c08fc2c'),
('sites/all/modules/token/token.tokens.inc', '203fae107b8947b3e8a5762f127d09985fa968feb437f129ca677cd40cf3ff1d'),
('sites/all/modules/token/token.pages.inc', '4aefd97cec04c5483635697449a7616a9616e17a5826e82ddffa42825d358637'),
('sites/all/modules/token/token.test', 'a4d7c5d27809497c2535a66223de49a0ad677d7e7e00b1537b6fd112fba8d60a'),
('sites/all/modules/pathauto/pathauto.test', '9204240a755119e02eae68c77e7b9ab816747423ccaaf51742231fbaef1f604f'),
('sites/all/modules/panels/panels.module', '0312b8d317e75f19196d8d8aaba3e9f895ca59c1da79f391d7181d1d5ef5ea34'),
('sites/all/modules/panels/includes/common.inc', 'fcc6c2923d7f567514109f1a333f518c9044df463d7bfef7b7d2f3f1515060c8'),
('sites/all/modules/panels/includes/legacy.inc', 'dc65c1a82f4a063f9cbebbd8a0ceb512a3b41a1ee2603ec8045034412a791aab'),
('sites/all/modules/panels/includes/plugins.inc', 'd08bc486c44016463a4af61c5c399e7f7b52a04a65a17a5e8e810e1a3c2d1158'),
('sites/all/modules/panels/plugins/views/panels_views_plugin_row_fields.inc', 'a30d798fcbc5e0d44894166e31bc2ab9f9c12b1b34629bf5a7b745374e85408b'),
('sites/all/modules/panels/plugins/export_ui/panels_layouts_ui.class.php', 'c68da9f716ede2dab44e9b3d410374ab82d50f52657f6f363f1df6cb21c6fa9f'),
('sites/all/modules/panels/plugins/display_renderers/panels_renderer_standard.class.php', '7497764e0b1afa55cab7126035b5957869550ab747db48299a9a336e97b48770'),
('sites/all/modules/panels/plugins/display_renderers/panels_renderer_simple.class.php', '420aeca22872635ebd5ab3ce719dd8e1d7fef339271db5f20a0834b812084a6e'),
('sites/all/modules/panels/plugins/display_renderers/panels_renderer_editor.class.php', '962f6a761b008182f18cf90063e2b9eb289a9e9a7de69591a75735ccc449a64a'),
('sites/all/modules/panels/panels_mini/plugins/export_ui/panels_mini_ui.class.php', 'c0d527cb81f4a01bf680223a818a4c48724bbc62732834d540c03084f720d6f3'),
('sites/all/modules/panels/panels_node/panels_node.module', '8018f05a4b9dfe8bbbcdb4efe1af233cda92e4e29cfb182e955e90783174d085'),
('sites/all/modules/module_filter/module_filter.install', 'b05b0010641a06ed8f5d67403cae6c3a3a27aa687835b8f012136d3f68a3cbb3'),
('sites/all/modules/module_filter/module_filter.module', 'b84535147bd21ed59818d94c2f7aede7c75d8ea0b334c37d0b9f25912217a4aa'),
('sites/all/modules/module_filter/module_filter.admin.inc', '30b1be9c743e4a4d468c2382cbe74666b45e50cfd9251deb0b1a149357c9d03a'),
('sites/all/modules/module_filter/module_filter.theme.inc', '1eb90ba4ed6ae900a035fe81bcfaaf16c2ecc84ee91bb1f240dbdf6300e8a69b'),
('sites/all/modules/module_filter/css/module_filter.css', '69609136efe52982305062cdf17756ad168aaf35920b7840ea1323e22b0ea0d0'),
('sites/all/modules/module_filter/css/module_filter_tab.css', '1789901bbb6bed007fff82895bf6d3ecfed7e237b408930c6c51a1c08e648487'),
('sites/all/modules/module_filter/js/module_filter.js', 'c8fc76388a4763c9821e9cf6ff31865dd89cbc410a067848798118d14f372c40'),
('sites/all/modules/module_filter/js/module_filter_tab.js', '14967d461c738e66bfb2f800c7dcab9a641c1f015cd17ea6867c5f593c4fb9d5'),
('sites/all/modules/entity/entity.features.inc', 'b77e91ea988218fd939a4e5f283b2c745d53e39159af5ab770eda6b66fcb33cb'),
('sites/all/modules/entity/entity.i18n.inc', '41e0e62af7e2774f62b162d597bb3244551c280296b692b29d039a2c243d7059'),
('sites/all/modules/entity/entity.info.inc', '962cf92c630a2954c4e430164e1d04b8125eb1103dbefb7b954182b4382d072d'),
('sites/all/modules/entity/entity.rules.inc', '774199059d1b3ebe6d3fe7a49dbb1550df489055a3d066b5de54edda8dd7ba84'),
('sites/all/modules/entity/entity.test', '80139f908ab540b4a30300c027d33b87ab250bfcf4fb44ec18adae7844b1d635'),
('sites/all/modules/entity/includes/entity.inc', '71161b01ef9e007fd3d8e40b5ae8652194da7cb208c9f9538b63f90d8f0e6ac7'),
('sites/all/modules/entity/includes/entity.controller.inc', '26df053bd4866bf94f57d6ae57bf2d7e3230e74723956ad03fd606a05b41ecf5'),
('sites/all/modules/entity/includes/entity.ui.inc', 'b2bdd28eb3af34cb7c2ff1e58e0cf679d26cfd68cd9414dc3abfbd297443874d'),
('sites/all/modules/entity/includes/entity.wrapper.inc', 'fb771c3dc1ea5d0444bc97246b4cf0d8a4609fc66d24ed2b0de507dcc8fb776c'),
('sites/all/modules/entity/views/entity.views.inc', 'c2949770db351bc894ab5d715a3e9c9c97c4477e0c42cd90347160ddd228bbfa'),
('sites/all/modules/entity/views/handlers/entity_views_field_handler_helper.inc', '69d5ac25d8686ee43be607d682795b2cae0278500392f5f7970ac9f45913ee84'),
('sites/all/modules/entity/views/handlers/entity_views_handler_area_entity.inc', 'e86aceccf21cbbca4bef7d2c049dc93a8f5a01c6bc73e7b2f92f5659a9eedd03'),
('sites/all/modules/entity/views/handlers/entity_views_handler_field_boolean.inc', 'b28b8eee8761ba7a6af35d97ab7aaee28406e6c227271f9769818560626c5791'),
('sites/all/modules/entity/views/handlers/entity_views_handler_field_date.inc', 'b0f5be5b399de94934b24e84c8cf6053a043f6b00c60dcffa752daeafdd38778'),
('sites/all/modules/entity/views/handlers/entity_views_handler_field_duration.inc', '6a7f83e4ce141428d3d782db0c71f3cf4b141eff4f551b826fef7e52ac728e01'),
('sites/all/modules/entity/views/handlers/entity_views_handler_field_entity.inc', 'f0ea06a0d67b0f4f498414def4d0989aad56d97780107b2fbabdaafc807adbf2'),
('sites/all/modules/entity/views/handlers/entity_views_handler_field_field.inc', '893121efbce2a7181e31147bade260c9cc657cbd33b0d254cb28b2650e57566d'),
('sites/all/modules/entity/views/handlers/entity_views_handler_field_numeric.inc', 'f14e2b063930e8820af381b4f5e83c7278440e7804ab88cfde865b6c94e7c0f6'),
('sites/all/modules/entity/views/handlers/entity_views_handler_field_options.inc', '16317359cf59afb290d78eb61228f93dda408081e8c2f88db2f90a60d68d31d6'),
('sites/all/modules/entity/views/handlers/entity_views_handler_field_text.inc', 'ae26b8a9a86c36a166644a1f5a9bae0676f535345c092d882df0177ded305bdd'),
('sites/all/modules/entity/views/handlers/entity_views_handler_field_uri.inc', '79ecaa3eb17dfdd0ca077351b75a2c0adf411ebc04720e7cc0e2397674225f24'),
('sites/all/modules/entity/views/handlers/entity_views_handler_relationship_by_bundle.inc', '25aebf66cd2437bd5867fef8f0e0e25d4308b9ce491cc79801e9d3cbed68bcba'),
('sites/all/modules/entity/views/handlers/entity_views_handler_relationship.inc', 'b69bc538d1e1e0f91f8485ca54c3b6e2be025caa47619734c467377cf89041b9'),
('sites/all/modules/entity/views/plugins/entity_views_plugin_row_entity_view.inc', 'ba557790215f2658146424d933e0d17787a0b15180c5815f23428448ccf056a0'),
('sites/all/modules/entity/entity_token.tokens.inc', 'd9246ed9a7d4cfdf16370d3c68f991fb103838b6e2c9682c385d2144629504ee'),
('sites/all/modules/entity/entity_token.module', '0c1ad6fb6f8c430e47a81be6d08180883c5a1ee728ce8b5dd0775713b34fb862'),
('sites/all/modules/entityreference/entityreference.migrate.inc', '465cd039e590498a18f80d737d2c2a341c06a131d791814745923759fda21e5f'),
('sites/all/modules/entityreference/plugins/selection/abstract.inc', '7ecf94f5dc3456e4a5c87117d19deb98c368617fb07d610505b1dfa351f14a0b'),
('sites/all/modules/entityreference/plugins/selection/views.inc', '7bbe8900b6b71c2d41e370deaccca869884d0fe9ca81772d7d5bca5f58ec1cd8'),
('sites/all/modules/entityreference/plugins/behavior/abstract.inc', 'a7959ddece2ce3490f92d916162e07aed313e28ca299ca0375bad633b42d93e3'),
('sites/all/modules/entityreference/views/entityreference_plugin_display.inc', '5182b7bc5def89d3d56be33d514bca85d20f92590ed0d1f8cce2710174077564'),
('sites/all/modules/entityreference/views/entityreference_plugin_style.inc', 'a8d57a77bad20ed2c365a9e4edfac1ce5928dd519dc4d5b023f8604b89b52f7c'),
('sites/all/modules/entityreference/views/entityreference_plugin_row_fields.inc', '7f5a58c099c2df6fd1c3ae285197a4648841d44fa107bcb2064bc1edf435ea8b'),
('sites/all/modules/entityreference/tests/entityreference.handlers.test', 'd7109c70c59d3fd4aee6e073ad79a125e78e337f097f89363c1a9e15f973492d'),
('sites/all/modules/entityreference/tests/entityreference.taxonomy.test', '8e4f7d9ae621df0f587b6fcbf139adea2a35c69305ef018ced88447a41164c5f'),
('sites/all/modules/entityreference/tests/entityreference.admin.test', 'bcd6516be3099ae87a4c3d41add08edd17eafb4244db8442c5dc15f19ebde7ae'),
('sites/all/modules/entityreference/plugins/selection/EntityReference_SelectionHandler_Generic.class.php', '66a3452cd5aede15e1098a1cf7799e9761d71200bbc1fd0fe818aa7f728684a2'),
('sites/all/modules/entityreference/plugins/selection/EntityReference_SelectionHandler_Views.class.php', 'b1878655779d07b8210ab81c3dd9aae931250f328b044114045a4780a84a0ed7'),
('sites/all/modules/entityreference/plugins/behavior/EntityReferenceBehavior_ViewsFilterSelect.class.php', 'f6805f62bbd376d98676706602aeb1c4d16e645acb429d31032bc3fb37d850d3'),
('sites/all/modules/entityreference/plugins/behavior/EntityReferenceBehavior_TaxonomyIndex.class.php', '92fa0cf46ecdf6200659646e6666c562ea506c40efa41a8edd4758dc0c551b92'),
('sites/all/modules/entityreference/examples/entityreference_behavior_example/plugins/behavior/EntityReferenceInstanceBehaviorExample.class.php', 'f8bdf85a18384854e017163de4be630817af9ac2df537a3fd30ecaf44c541c58'),
('sites/all/modules/entityreference/examples/entityreference_behavior_example/plugins/behavior/EntityReferenceFieldBehaviorExample.class.php', 'b5b1d55837eb11fe73dbd73b4d732bd9d3e7fe7640f7dad216452503ef42e4eb'),
('sites/all/modules/ds/views/views_plugin_ds_entity_view.inc', 'c1ed8a05bd79ff935f3e7de2b9d679264adbd1a285fb72d5c5faed5199b4d747'),
('sites/all/modules/ds/views/views_plugin_ds_fields_view.inc', '746a3f66fe4ef5ca388ed2e2b9c3754bf27a45875c912bf137849a12bfa2160c'),
('sites/all/modules/ds/tests/ds.base.test', 'c6a1c762bd26fe3a9d9854315c21621a0dd7be2e7c3afd3b65f5a88c437909fd'),
('sites/all/modules/ds/tests/ds.search.test', 'bd82fe154eebfd8f03b09d2c58a0e1cba224857416a097a25d8674074ab29a25'),
('sites/all/modules/ds/tests/ds.entities.test', '8d680bce4077aa4a435c808ad724e577e2fdd7821b4e0bcba6ee63616ed34dbe'),
('sites/all/modules/ds/tests/ds.exportables.test', 'e5f6fff14210003f5b6c13b9a2bbe29526f19dad7fbe6ed1b9741ac21d1226e0'),
('sites/all/modules/ds/tests/ds.views.test', '74abaddaf9f98f78ee82c98c0526f83ba3937a074be31c966a2e5170695d4dc7'),
('sites/all/modules/ds/tests/ds.forms.test', 'dff5e208db6db6a854795b6b9a79c69ae9ed745692907f9f4f7c7ce4b1005485'),
('sites/all/modules/date/date_api/date_api.module', '2b28cfc898ce41ca98406ce3271f4a0073cf8d07e91b9610c2c3319286ba5c09'),
('sites/all/modules/date/date_api/date_api_sql.inc', 'fbf3de8c37ce4b59bfc3ef67ebd6cdc021985e9e6f1b22e0be521d33ccb9da3b'),
('sites/all/modules/date/tests/date_api.test', 'ebaf0427701be69bd3dc8a766528d7347a87ee15c2f69b240188aa5ab1182cbd'),
('sites/all/modules/date/tests/date.test', '2d46e3cb15f23762289621603ab82a2dba61e7d280a9cf2e4987b5b153b4568e'),
('sites/all/modules/date/tests/date_field.test', '785a6cf0afcd4619a58263487e27e130ae0724f532018a5a127f24be1dbb4871'),
('sites/all/modules/date/tests/date_validation.test', '2e4d27c29192c9d55eb27b985d7e9838702c4324d36ed6e3a85999e9f25ada99'),
('sites/all/modules/date/tests/date_timezone.test', '760c3e761d122bafd2fab2056362f33424416a1407e7a1423df42acd03f84495'),
('sites/all/modules/date/date_repeat/tests/date_repeat.test', 'c575a18d4c1fe4afd32d19c0659b4850606020cb8eaad6b2ab1e897e0beacfbb'),
('sites/all/modules/date/date_repeat/tests/date_repeat_form.test', '6eba1094757a78d38e61b1af5c72220afdfa2c9c4d713b9c1dfda49ec8c6beff'),
('sites/all/modules/date/date_tools/tests/date_tools.test', 'bdb9b310295207ce2284b23556810296e1477b9604e98a3d0fb21aba7da04394'),
('sites/all/modules/date/date_views/includes/date_views_argument_handler.inc', 'acc9d39134d2131fc8a1c3b4206f3db2edc574cf17b3b36a4b696bffed31af01'),
('sites/all/modules/date/date_views/includes/date_views_argument_handler_simple.inc', 'e5dacce0e4b0848b647501da639b6aef6f361626f100221182417dc5fab797d9'),
('sites/all/modules/date/date_views/includes/date_views_filter_handler.inc', '73c4ff2d08493330b9e44851596e0c550c7901d8e98708ca2a1cf29cee4a251a'),
('sites/all/modules/date/date_views/includes/date_views_filter_handler_simple.inc', '9ee9806d74efcfafee45fba8e1f91f1956a595e1893fb60577a143820ebe93fe'),
('sites/all/modules/date/date_views/includes/date_views.views.inc', 'c5ee7311c718cf5ce049324215d0f4f75cb6284dc8078a7a5c0f91698c89524a'),
('sites/all/modules/date/date_views/includes/date_views_plugin_pager.inc', '25baab739094a43b64ad8b3fde0946edaf43ad72de25594ffcd2d9893f459f0f'),
('sites/all/modules/webform/includes/webform.export.inc', 'c61d8eaab3d6bb73c96581302b25e1170a65d57f1598ef310373d5d60cd0f8ae'),
('sites/all/modules/webform/views/webform_handler_field_form_body.inc', 'f91457083863055862516f3ff8be02e9e1225f0e53cbc14106137bc447760eb8'),
('sites/all/modules/webform/views/webform_handler_field_is_draft.inc', '86344bce8dd4fdf49728d82b9602dbbeb2a226a7e57069f3091221ef69d67709'),
('sites/all/modules/webform/views/webform_handler_field_node_link_edit.inc', '40a6bb17f707ed84bc87b45f30475ba682f1b674f76821234387a155487bdcbb'),
('sites/all/modules/webform/views/webform_handler_field_node_link_results.inc', '069d0a8cfcc308fe1d03af3cfb2a9379337358d0df8d385abf5cead49eb8b415'),
('sites/all/modules/webform/views/webform_handler_field_submission_count.inc', 'a1491b1d02ef1fe83f2e941a7959406c8dee4b1deeecb8ec0fa7a2795ed12119'),
('sites/all/modules/webform/views/webform_handler_field_submission_link.inc', 'e251b2612574045e6ad3a006fba1eabbc03a89f569df497ecb44e85fd057c229'),
('sites/all/modules/webform/views/webform_handler_field_webform_status.inc', 'c34e9e71d567cf0d47f8d46de12d38faed0d9a25cc6c558d7e3c0a31c8b175a5'),
('sites/all/modules/webform/views/webform_handler_filter_is_draft.inc', 'dfb94fba66085fd0c07b8012f6846228fabc46809b00028bb896d6a304cdfec8'),
('sites/all/modules/webform/views/webform_handler_filter_webform_status.inc', '4a6e3f21703f750b31e868e64fd1fc4b760c01b9a3ca98b250f34c29614fbc69'),
('sites/all/modules/webform/views/webform.views.inc', 'a4ba9b70efe212ae7a66120352735ba33034bf8f79f4e8fd586d8caf42ffff1d'),
('sites/all/modules/webform/tests/components.test', 'f5d8c881f25d43771126e1949e73904be96c6b7448209204107ad4c6833067c0'),
('sites/all/modules/webform/tests/permissions.test', '8dcf7672cbc08fa77044910c1c521b28eea9b0e2f5ff04ea1f5ffcb475ab8f44'),
('sites/all/modules/webform/tests/submission.test', 'ec65179f363ea74db0171388ecad802a96d1e44e0894f62209fc1c20d06a5593'),
('sites/all/modules/webform/tests/webform.test', 'f9513393ada27924068df71621876b2680fd11e74339ea7e779b03a4c39ce413'),
('sites/all/modules/webform_validation/webform_validation.admin.inc', 'f7cd49f4a5956b1a95606a3a33e64719289ac086469f927af55f6bfed6b26304'),
('sites/all/modules/webform_validation/webform_validation.install', 'f91cf35a1f956543f1263034b5707094ac33e302affe38e720c05a5fa969e160'),
('sites/all/modules/webform_validation/webform_validation.module', '788ac40b43d7349b3541067ff3e6142f3e20e99ccd07e125804abb15ebb49448'),
('sites/all/modules/webform_validation/webform_validation.rules.inc', '85037bcf3a7520ca6569daddb97632d0cd3d78eccfcdf84a34b3ec3496f2a0c2'),
('sites/all/modules/webform_validation/webform_validation.validators.inc', '2d8b86673df03b5b1da6a48ad8a1bae6a745c14053bc3cc69ffdebe9f4371b09'),
('sites/all/modules/strongarm/strongarm.admin.inc', '5e50651c629ba2bdc71f73051cd876e91f76d523d6fd4ad1d6d66d1f092d3af4'),
('sites/all/modules/strongarm/strongarm.install', 'd198563f5fcc7a1b4b9a98c1ed8439d48a6d7d10577cc966d3a55edd06a4a365'),
('sites/all/modules/strongarm/strongarm.module', '3e338f1099aff4e501ad99d76bb179aafcc086760d222bbc1bd89fef0bb1c8e5'),
('sites/all/modules/phone/phone.migrate.inc', 'd7422e56ab02e4b55b2fdb9ea185a876fd6164446b0c4f66b5c0e70071d7e708'),
('sites/all/modules/phone/tests/phone.au.test', '0b920ca34f5255c6d49b0138b9bd58fa9e430fa11e33e93ab3cd248c2b4ad0fe'),
('sites/all/modules/phone/tests/phone.be.test', '311af0608d86bb10a02e393a2d9e541a409b081088f353eacee6ceb864130a98'),
('sites/all/modules/phone/tests/phone.br.test', '93bad68cd3e4560cc05914aeaee8bb9056591b46917d7295f9a3d4feca89e739'),
('sites/all/modules/phone/tests/phone.ca.test', '6f425a856adb70fb250fc8823bc010afab781839695c9ecb5f7be38bf7710348'),
('sites/all/modules/phone/tests/phone.ch.test', 'ab8fa50c459d6e11d773c597320859d07bfdbf5ab7715bd505cff025980b7070'),
('sites/all/modules/phone/tests/phone.cl.test', '2cc581962d4367c476b2010f10de7acb3bc9ab52177bb52694e28a88d54d48a1'),
('sites/all/modules/phone/tests/phone.cn.test', 'e36269835b0d5673684887cf33831a254e7b2110b98dc35a60102246901c244d'),
('sites/all/modules/phone/tests/phone.cr.test', '04c3aab79d2c75104d0ce9a9a84f84443303289bafce79b43f06d90cbc4c78b0'),
('sites/all/modules/phone/tests/phone.cs.test', '3e90d66bedebd4c66b46526fb4877340b6b0c2d4bcd7557e477b5b9c52727d9a'),
('sites/all/modules/phone/tests/phone.eg.test', 'f0568e235c65fc625cc2eca359c0062771df5755460cb6003ae8c5197aca67f9'),
('sites/all/modules/phone/tests/phone.es.test', '8a8bfa8827e42a79d89720cec22c9246ff463cc8bae89f78394b61fbd676614e'),
('sites/all/modules/phone/tests/phone.fr.test', '76dc4de9eb4547e3a27298a93fb9949f5d354b3464ec268df9da496783093115'),
('sites/all/modules/phone/tests/phone.hu.test', '57aee8805078b0281c4722e80d721fbcc6dec739b7258bc9843139fd2652471f'),
('sites/all/modules/phone/tests/phone.il.test', '5dba7aa580c087df4d0d9e8a9d8a00a0203a3217cce2e14a26fc18371964f5d5'),
('sites/all/modules/phone/tests/phone.int.test', '99b33e5ec1d232106ce3be0adf8fb7a9e57ee2bb82536408ec60978561ac0a5f'),
('sites/all/modules/phone/tests/phone.it.test', 'dc80b84ed335e2989a36b3ffc7d670ff4106daa665e26df550c0dcf96915c056'),
('sites/all/modules/phone/tests/phone.jo.test', '0c30dc4baccba8ddb4f2c55cfc2b79ceb736769bdc664e6189d1b5e7cd348e00'),
('sites/all/modules/phone/tests/phone.nl.test', '33431240ce625582f22a5ae98066efd7ac57176a1d3e18a2a0f702ea43418637'),
('sites/all/modules/phone/tests/phone.nz.test', '3a4cbb625f3c8de015b99ed1bc712f4cd41a3819ac9aea75170ad202297e46bc'),
('sites/all/modules/phone/tests/phone.pa.test', 'd8fb12e636cd5028ab15e35f61d01d2d15e9e22f40724bf57f5958d6261720b7'),
('sites/all/modules/phone/tests/phone.ph.test', '56727122712ea07bdded9df15449ffe1e605c5e64cebf599876a49e3b0bbb616'),
('sites/all/modules/phone/tests/phone.pk.test', 'd061a6aa870b6a2607cfdb074d5d9ed5719e02fa298f69d38349b742335d8bb8'),
('sites/all/modules/phone/tests/phone.pl.test', 'b9a2079d3d93909513d1c7b10054fddcea114529ac3f0d0cbbc674c547476180'),
('sites/all/modules/phone/tests/phone.ru.test', 'f2f8c62e441ca34552754337f63ac7db81dceff3ebb984bfad3ad0ad19ca2072'),
('sites/all/modules/phone/tests/phone.se.test', '7cb5c273d1f5d19533130da5417a4208c31f7ef8fd4d336972af202e64f05fd9'),
('sites/all/modules/phone/tests/phone.sg.test', 'f76557ba04ad21f81b010f1cd6e649b7fa9eaf1df6acbcd7ac1c7fa60945f29e'),
('sites/all/modules/phone/tests/phone.ua.test', '7441058b561f294da5dca24a367c5cb37bd043c4cb4a55606240d1843a244e56'),
('sites/all/modules/phone/tests/phone.uk.test', 'a42cde9cb4ffbdab1974f56bbdf1f6fe9987f1a5d5713d11c0d3cdc6e0cb34c3'),
('sites/all/modules/phone/tests/phone.za.test', 'c5491ab663972aa23ae2f917a0fc605a6136f02e1b207d3fc650ed1f251359ee'),
('sites/all/modules/webform_phone/webform_phone.module', 'd1f4a883516e08a401034430c7e19037ebf548b9e00b3a3a43b5b60020f6e494'),
('sites/all/modules/webform_template/webform_template.module', '39dab519e280fbcb17e76877a5943859a327a7c1775649d89b74b1245c012f4f'),
('sites/all/modules/countries/countries.migrate.inc', 'e3f771150e30e4ed2036fe6f9220f7cba778329689a3a20299cb7ac8f35f7372'),
('sites/all/modules/countries/views/views_handler_filter_countries_list.inc', 'cd2458ad0f435ab738117b34405fe9d3a208b789db853a23057fa15ac38ded94'),
('sites/all/modules/countries/views/views_handler_filter_countries_continents_list.inc', '476ce117d28bfddece1fd8464f76cd19d1c61cd660976ae92bc2b76672b593f8'),
('sites/all/modules/countries/views/views_handler_field_countries_continent.inc', '7f3bd40b6f34a7b596eae46fa7a9e659b9d3890aa041d5907b7373e68953b6a2'),
('sites/all/modules/timefield/timefield.test', '0043c9ccc0dd1b70890441c0ef59f7b28b609470caf2b6a4b265691ec83bfc20'),
('sites/all/modules/timefield/views/timefield_handler_field_timefield.inc', 'f7f2180615b91ba00ff76ae148d63a19c0cc6bdd6ef1d30f5615de04bee2e038'),
('sites/all/modules/timefield/views/timefield_plugin_style_minical.inc', '97fc63bf429f05259805ddb54957273b02327f775e5be073ffb277657746585a'),
('sites/all/modules/timefield/views/timefield_handler_field_timefield_duration.inc', '94f067fc5bb0bc3c546465fa0de1ea685ed187e6eac36d391054940016c77320'),
('sites/all/modules/timefield/views/timefield_handler_sort_timefield_duration.inc', 'f235bc711f85995f18a0a6e15890cfc6e797d17b579a5331fd665a34189a8f38'),
('sites/all/modules/timefield/views/timefield_handler_filter_timefield_duration.inc', '9eed7ffb699bc61ac0fd8fedfd7261d2a882573d2f967e160ffdbd31677679dd'),
('sites/all/modules/recaptcha/recaptcha_mailhide.module', 'b4a4999757f840ccc1aa73b94d9443053f66ee6b3fc5a03a3ffacd30c4ac3be3'),
('sites/all/modules/captcha/captcha.module', '447aaf990eba9a5e2ff92e5f71da8656ccd346c63fc2850d45c57050b85a6729'),
('sites/all/modules/captcha/captcha.inc', 'edf063a43e0345a04c5c8fc62eed2ccdaac7e05733aab5151de159ae026c4ae8'),
('sites/all/modules/captcha/captcha.admin.inc', 'c333cb69367c6a9501bdd6025ae6a478e457f1f08e9426adc5b4f950a76b8c8c'),
('sites/all/modules/captcha/captcha.install', 'eb3978fcb0162aafc77f020930f26f9e074c1cb7ff5e6754ea0728d31191f9fc'),
('sites/all/modules/captcha/captcha.test', '6cd16f06fd129e7371689f3eb27d4c70baab878f4f2045ebe22ed874ed8aece5'),
('sites/all/modules/captcha/image_captcha/image_captcha.install', 'c76309cd0fcb1b94e3692e85fbda2f05a14223a2fed9a18222fa48c3ca21d6d7'),
('sites/all/modules/captcha/image_captcha/image_captcha.module', '74b401e42109b1686432c9a5c9bbe0d8cfc0c35bc0cb229d672343f95ff1ebd6'),
('sites/all/modules/captcha/image_captcha/image_captcha.admin.inc', 'b5f322129d298e5cbe57c6a82872e6a1dfb9f0b0fcf1f3ccfb5deef2a92539c6'),
('sites/all/modules/captcha/image_captcha/image_captcha.user.inc', 'fdbfd76203fc7f9c24ff11dd71f44ddb920665ea7739f9be1023e99750169268'),
('sites/all/modules/recaptcha/recaptcha.admin.inc', '0773ef131bfbc6a55fcd5e19626055b943732892c59dbe2e8434353688b56bc8'),
('sites/all/modules/recaptcha/recaptcha.module', '662856558c61817f572fe025d7c8697dc6a14804357b50019fbcd508289c4c05'),
('sites/all/modules/recaptcha/recaptcha.install', '7d51dac39825e7d03841e8ed453a34aacc5ad9ddc6516f0ea10648dad9a04158'),
('sites/all/modules/webform_conditional/webform_conditional.install', '85f4451d97269926236e08358287a64ac7ceac1a73eb610b64a04bee80fa2b9e'),
('sites/all/modules/webform_conditional/webform_conditional.module', 'a82cb6d336bbd206feb1ae154d9031504e458b0d75edac4b64653d070ed759b5'),
('sites/all/modules/countries/tests/countries.test', '931d16d4a94721e4f9f14e99b45d3620ba2ad9f914f05189203b96b3d0539097'),
('sites/all/modules/ctools/ctools_access_ruleset/plugins/export_ui/ctools_access_ruleset_ui.class.php', 'c5cbf9e68e1a813ba59c7ae93360d4d1902178d27cf0edcbdbdbcb6f9d3a2753'),
('sites/all/modules/ctools/views_content/plugins/views/views_content_plugin_display_ctools_context.inc', '451bc0ca2cbfdba11159e339de3890480e009de853412034b81d4afe7c102809'),
('sites/all/modules/ctools/views_content/plugins/views/views_content_plugin_display_panel_pane.inc', '42725257f1ecd6093be2be28875ecf42ae8ec28e2d5a3f6c9f4aebf51a797e6b'),
('sites/all/modules/ctools/views_content/plugins/views/views_content_plugin_style_ctools_context.inc', '71a211a7602d33bd3a4adfdbbcd5f121bdfac8a2c47ec9f8cbaf74be6c83b05a'),
('sites/all/modules/ctools/ctools_custom_content/plugins/export_ui/ctools_custom_content_ui.class.php', '1b15f1595c6d1ca3abbd1439182d5613d5af7c3155d5f3e52ade4111833bc51b'),
('sites/all/modules/ctools/stylizer/plugins/export_ui/stylizer_ui.class.php', 'a59daf0b749aa681c31c117a7d72f023c83a5b9de91690c13b9614ac0e7ea769'),
('sites/all/modules/panels/panels_ipe/panels_ipe.module', '7e2b39b7936059831fde07d8e105d7871fe7084f4d4809db25cbb534f219976b'),
('sites/all/modules/panels/panels_ipe/plugins/display_renderers/panels_renderer_ipe.class.php', 'db86a41558641a0ec6af5f4b806feba41babc1c5ec3264abff68a5101bbf7e0c'),
('sites/all/modules/addressfield/views/addressfield_views_handler_filter_country.inc', '51956e153daca9f27e4c8bbecfa2398a4ef50391d2f5bcac258586a6d1dd1fb2'),
('modules/dashboard/dashboard.test', '270378b5c8ed0e7d0e00fbc62e617813c6dec1d79396229786942bf9fb738e16'),
('modules/contextual/contextual.test', '023dafa199bd325ecc55a17b2a3db46ac0a31e23059f701f789f3bc42427ba0b'),
('modules/contact/contact.test', '6ad6e1585fef729036e64b58db83be22d09e2df41117036f3969e698533a4a7e'),
('modules/comment/comment.test', 'adcb988378b1eaea5b906a25322475b2cef4fb7688bdbad5e06bf9e58cf5edbc'),
('modules/comment/comment.module', 'cb7a5a94771d190895b13972e3914f567df5665b521fe082a89c3c3fb7f1634a'),
('modules/color/color.test', '013806279bd47ceb2f82ca854b57f880ba21058f7a2592c422afae881a7f5d15'),
('modules/blog/blog.test', '12dc3105782db5fb0df00ff4872561dd049f242eeeb65c979cf349aa75aa1a51'),
('modules/block/block.test', 'efba42e5afd01ccd3233a48ec3260e405d75f215faa320ed90fdb8adf59f2911');

-- --------------------------------------------------------

--
-- Table structure for table `role`
--

CREATE TABLE IF NOT EXISTS `role` (
  `rid` int(10) unsigned NOT NULL AUTO_INCREMENT COMMENT 'Primary Key: Unique role ID.',
  `name` varchar(64) NOT NULL DEFAULT '' COMMENT 'Unique role name.',
  `weight` int(11) NOT NULL DEFAULT '0' COMMENT 'The weight of this role in listings and the user interface.',
  PRIMARY KEY (`rid`),
  UNIQUE KEY `name` (`name`),
  KEY `name_weight` (`name`,`weight`)
) ENGINE=MyISAM  DEFAULT CHARSET=utf8 COMMENT='Stores user roles.' AUTO_INCREMENT=6 ;

--
-- Dumping data for table `role`
--

INSERT INTO `role` (`rid`, `name`, `weight`) VALUES
(3, 'administrator', 2),
(1, 'anonymous user', 0),
(2, 'authenticated user', 1),
(4, 'Sales Staff', 3),
(5, 'Content Staff', 4);

-- --------------------------------------------------------

--
-- Table structure for table `role_permission`
--

CREATE TABLE IF NOT EXISTS `role_permission` (
  `rid` int(10) unsigned NOT NULL COMMENT 'Foreign Key: role.rid.',
  `permission` varchar(128) NOT NULL DEFAULT '' COMMENT 'A single permission granted to the role identified by rid.',
  `module` varchar(255) NOT NULL DEFAULT '' COMMENT 'The module declaring the permission.',
  PRIMARY KEY (`rid`,`permission`),
  KEY `permission` (`permission`)
) ENGINE=MyISAM DEFAULT CHARSET=utf8 COMMENT='Stores the permissions assigned to user roles.';

--
-- Dumping data for table `role_permission`
--

INSERT INTO `role_permission` (`rid`, `permission`, `module`) VALUES
(1, 'access comments', 'comment'),
(1, 'access content', 'node'),
(1, 'access site-wide contact form', 'contact'),
(1, 'search content', 'search'),
(3, 'edit own portfolio content', 'node'),
(2, 'access comments', 'comment'),
(2, 'access content', 'node'),
(2, 'access user contact forms', 'contact'),
(2, 'post comments', 'comment'),
(2, 'skip comment approval', 'comment'),
(2, 'use advanced search', 'search'),
(3, 'create portfolio content', 'node'),
(3, 'access administration pages', 'system'),
(3, 'access all views', 'views'),
(3, 'access comments', 'comment'),
(3, 'access content', 'node'),
(3, 'access content overview', 'node'),
(3, 'access contextual links', 'contextual'),
(3, 'access dashboard', 'dashboard'),
(3, 'access overlay', 'overlay'),
(3, 'access site in maintenance mode', 'system'),
(3, 'access site reports', 'system'),
(3, 'access site-wide contact form', 'contact'),
(3, 'access toolbar', 'toolbar'),
(3, 'access user contact forms', 'contact'),
(3, 'access user profiles', 'user'),
(3, 'administer actions', 'system'),
(3, 'administer blocks', 'block'),
(3, 'administer comments', 'comment'),
(3, 'administer contact forms', 'contact'),
(3, 'administer content types', 'node'),
(3, 'administer image styles', 'image'),
(3, 'administer menu', 'menu'),
(3, 'administer modules', 'system'),
(3, 'administer nodes', 'node'),
(3, 'administer permissions', 'user'),
(3, 'administer search', 'search'),
(3, 'administer shortcuts', 'shortcut'),
(3, 'administer site configuration', 'system'),
(3, 'administer software updates', 'system'),
(3, 'administer taxonomy', 'taxonomy'),
(3, 'administer themes', 'system'),
(3, 'administer url aliases', 'path'),
(3, 'administer users', 'user'),
(3, 'administer views', 'views'),
(3, 'block IP addresses', 'system'),
(3, 'bypass node access', 'node'),
(3, 'cancel account', 'user'),
(3, 'change own username', 'user'),
(3, 'create article content', 'node'),
(3, 'create page content', 'node'),
(3, 'create url aliases', 'path'),
(3, 'customize shortcut links', 'shortcut'),
(3, 'delete any article content', 'node'),
(3, 'delete any page content', 'node'),
(3, 'delete own article content', 'node'),
(3, 'delete own page content', 'node'),
(3, 'delete revisions', 'node'),
(3, 'delete terms in 1', 'taxonomy'),
(3, 'edit any article content', 'node'),
(3, 'edit any page content', 'node'),
(3, 'edit own article content', 'node'),
(3, 'edit own comments', 'comment'),
(3, 'edit own page content', 'node'),
(3, 'edit terms in 1', 'taxonomy'),
(3, 'post comments', 'comment'),
(3, 'revert revisions', 'node'),
(3, 'search content', 'search'),
(3, 'select account cancellation method', 'user'),
(3, 'skip comment approval', 'comment'),
(3, 'switch shortcut sets', 'shortcut'),
(3, 'use advanced search', 'search'),
(3, 'use bulk exporter', 'bulk_export'),
(3, 'create register content', 'node'),
(3, 'use text format filtered_html', 'filter'),
(3, 'use text format full_html', 'filter'),
(3, 'view own unpublished content', 'node'),
(3, 'view revisions', 'node'),
(3, 'view the administration theme', 'system'),
(3, 'access administration menu', 'admin_menu'),
(3, 'flush caches', 'admin_menu'),
(3, 'display drupal links', 'admin_menu'),
(3, 'administer ckeditor', 'ckeditor'),
(3, 'customize ckeditor', 'ckeditor'),
(3, 'use text format ckhtml', 'filter'),
(3, 'edit any portfolio content', 'node'),
(3, 'delete own portfolio content', 'node'),
(3, 'delete any portfolio content', 'node'),
(3, 'administer pathauto', 'pathauto'),
(3, 'notify of path changes', 'pathauto'),
(3, 'use panels dashboard', 'panels'),
(3, 'view pane admin links', 'panels'),
(3, 'administer pane access', 'panels'),
(3, 'use panels in place editing', 'panels'),
(3, 'change layouts in place editing', 'panels'),
(3, 'administer advanced pane settings', 'panels'),
(3, 'administer panels layouts', 'panels'),
(3, 'administer panels styles', 'panels'),
(3, 'use panels caching features', 'panels'),
(3, 'use panels locks', 'panels'),
(3, 'create mini panels', 'panels_mini'),
(3, 'administer mini panels', 'panels_mini'),
(3, 'create panel-nodes', 'panels_node'),
(3, 'edit any panel-nodes', 'panels_node'),
(3, 'edit own panel-nodes', 'panels_node'),
(3, 'administer panel-nodes', 'panels_node'),
(3, 'delete any panel-nodes', 'panels_node'),
(3, 'delete own panel-nodes', 'panels_node'),
(3, 'administer module filter', 'module_filter'),
(3, 'admin_display_suite', 'ds'),
(3, 'admin_view_modes', 'ds_ui'),
(3, 'admin_fields', 'ds_ui'),
(3, 'admin_classes', 'ds_ui'),
(3, 'view date repeats', 'date_repeat_field'),
(3, 'administer date tools', 'date_tools'),
(3, 'use text format ds_code', 'filter'),
(3, 'create blog content', 'node'),
(3, 'edit own blog content', 'node'),
(3, 'edit any blog content', 'node'),
(3, 'delete own blog content', 'node'),
(3, 'delete any blog content', 'node'),
(3, 'create panel content', 'node'),
(3, 'edit own panel content', 'node'),
(3, 'edit any panel content', 'node'),
(3, 'delete own panel content', 'node'),
(3, 'delete any panel content', 'node'),
(3, 'create event content', 'node'),
(3, 'edit own event content', 'node'),
(3, 'edit any event content', 'node'),
(3, 'delete own event content', 'node'),
(3, 'delete any event content', 'node'),
(3, 'create exhibitor content', 'node'),
(3, 'edit own exhibitor content', 'node'),
(3, 'edit any exhibitor content', 'node'),
(3, 'delete own exhibitor content', 'node'),
(3, 'delete any exhibitor content', 'node'),
(3, 'create mt_product content', 'node'),
(3, 'edit own mt_product content', 'node'),
(3, 'edit any mt_product content', 'node'),
(3, 'delete own mt_product content', 'node'),
(3, 'delete any mt_product content', 'node'),
(3, 'create mt_service content', 'node'),
(3, 'edit own mt_service content', 'node'),
(3, 'edit any mt_service content', 'node'),
(3, 'delete own mt_service content', 'node'),
(3, 'delete any mt_service content', 'node'),
(3, 'create mt_slideshow_entry content', 'node'),
(3, 'edit own mt_slideshow_entry content', 'node'),
(3, 'edit any mt_slideshow_entry content', 'node'),
(3, 'delete own mt_slideshow_entry content', 'node'),
(3, 'delete any mt_slideshow_entry content', 'node'),
(3, 'create mt_testimonial content', 'node'),
(3, 'edit own mt_testimonial content', 'node'),
(3, 'edit any mt_testimonial content', 'node'),
(3, 'delete own mt_testimonial content', 'node'),
(3, 'delete any mt_testimonial content', 'node'),
(3, 'create session content', 'node'),
(3, 'edit own session content', 'node'),
(3, 'edit any session content', 'node'),
(3, 'delete own session content', 'node'),
(3, 'delete any session content', 'node'),
(3, 'create speaker content', 'node'),
(3, 'edit own speaker content', 'node'),
(3, 'edit any speaker content', 'node'),
(3, 'delete own speaker content', 'node'),
(3, 'delete any speaker content', 'node'),
(3, 'create sponsor content', 'node'),
(3, 'edit own sponsor content', 'node'),
(3, 'edit any sponsor content', 'node'),
(3, 'delete own sponsor content', 'node'),
(3, 'delete any sponsor content', 'node'),
(3, 'access all webform results', 'webform'),
(3, 'access own webform results', 'webform'),
(3, 'edit all webform submissions', 'webform'),
(3, 'delete all webform submissions', 'webform'),
(3, 'access own webform submissions', 'webform'),
(3, 'edit own webform submissions', 'webform'),
(3, 'delete own webform submissions', 'webform'),
(2, 'edit mimemail user settings', 'mimemail'),
(3, 'administer mailsystem', 'mailsystem'),
(3, 'edit mimemail user settings', 'mimemail'),
(3, 'administer CAPTCHA settings', 'captcha'),
(3, 'skip CAPTCHA', 'captcha'),
(3, 'administer recaptcha', 'recaptcha'),
(3, 'administer arrange fields', 'arrange_fields'),
(4, 'access administration menu', 'admin_menu'),
(4, 'access comments', 'comment'),
(4, 'post comments', 'comment'),
(4, 'skip comment approval', 'comment'),
(4, 'edit own comments', 'comment'),
(4, 'access site-wide contact form', 'contact'),
(4, 'access user contact forms', 'contact'),
(4, 'access contextual links', 'contextual'),
(4, 'access dashboard', 'dashboard'),
(4, 'view date repeats', 'date_repeat_field'),
(4, 'use text format full_html', 'filter'),
(4, 'use text format ckhtml', 'filter'),
(4, 'use text format filtered_html', 'filter'),
(4, 'use text format ds_code', 'filter'),
(4, 'access content overview', 'node'),
(4, 'access content', 'node'),
(4, 'view own unpublished content', 'node'),
(4, 'view revisions', 'node'),
(4, 'revert revisions', 'node'),
(4, 'delete revisions', 'node'),
(4, 'create blog content', 'node'),
(4, 'edit own blog content', 'node'),
(4, 'edit any blog content', 'node'),
(4, 'delete own blog content', 'node'),
(4, 'delete any blog content', 'node'),
(4, 'create article content', 'node'),
(4, 'edit own article content', 'node'),
(4, 'edit any article content', 'node'),
(4, 'delete own article content', 'node'),
(4, 'delete any article content', 'node'),
(4, 'create exhibitor content', 'node'),
(4, 'edit own exhibitor content', 'node'),
(4, 'edit any exhibitor content', 'node'),
(4, 'delete own exhibitor content', 'node'),
(4, 'delete any exhibitor content', 'node'),
(4, 'create mt_testimonial content', 'node'),
(4, 'edit own mt_testimonial content', 'node'),
(4, 'edit any mt_testimonial content', 'node'),
(4, 'delete own mt_testimonial content', 'node'),
(4, 'delete any mt_testimonial content', 'node'),
(4, 'create sponsor content', 'node'),
(4, 'edit own sponsor content', 'node'),
(4, 'edit any sponsor content', 'node'),
(4, 'delete own sponsor content', 'node'),
(4, 'delete any sponsor content', 'node'),
(4, 'search content', 'search'),
(4, 'use advanced search', 'search'),
(4, 'access administration pages', 'system'),
(4, 'edit terms in 1', 'taxonomy'),
(4, 'delete terms in 1', 'taxonomy'),
(4, 'access user profiles', 'user'),
(4, 'change own username', 'user'),
(4, 'cancel account', 'user'),
(5, 'access administration menu', 'admin_menu'),
(5, 'access comments', 'comment'),
(5, 'post comments', 'comment'),
(5, 'skip comment approval', 'comment'),
(5, 'edit own comments', 'comment'),
(5, 'access site-wide contact form', 'contact'),
(5, 'access user contact forms', 'contact'),
(5, 'access dashboard', 'dashboard'),
(5, 'view date repeats', 'date_repeat_field'),
(5, 'use text format full_html', 'filter'),
(5, 'use text format ckhtml', 'filter'),
(5, 'use text format filtered_html', 'filter'),
(5, 'use text format ds_code', 'filter'),
(5, 'administer image styles', 'image'),
(5, 'access content overview', 'node'),
(5, 'access content', 'node'),
(5, 'view own unpublished content', 'node'),
(5, 'view revisions', 'node'),
(5, 'revert revisions', 'node'),
(5, 'delete revisions', 'node'),
(5, 'create blog content', 'node'),
(5, 'edit own blog content', 'node'),
(5, 'edit any blog content', 'node'),
(5, 'delete own blog content', 'node'),
(5, 'delete any blog content', 'node'),
(5, 'create article content', 'node'),
(5, 'edit own article content', 'node'),
(5, 'edit any article content', 'node'),
(5, 'delete own article content', 'node'),
(5, 'delete any article content', 'node'),
(5, 'create mt_testimonial content', 'node'),
(5, 'edit own mt_testimonial content', 'node'),
(5, 'edit any mt_testimonial content', 'node'),
(5, 'delete own mt_testimonial content', 'node'),
(5, 'delete any mt_testimonial content', 'node'),
(5, 'create session content', 'node'),
(5, 'edit own session content', 'node'),
(5, 'edit any session content', 'node'),
(5, 'delete own session content', 'node'),
(5, 'delete any session content', 'node'),
(5, 'create speaker content', 'node'),
(5, 'edit own speaker content', 'node'),
(5, 'edit any speaker content', 'node'),
(5, 'delete own speaker content', 'node'),
(5, 'delete any speaker content', 'node'),
(5, 'create webform content', 'node'),
(5, 'edit own webform content', 'node'),
(5, 'edit any webform content', 'node'),
(5, 'delete own webform content', 'node'),
(5, 'delete any webform content', 'node'),
(5, 'create url aliases', 'path'),
(5, 'search content', 'search'),
(5, 'use advanced search', 'search'),
(5, 'access administration pages', 'system'),
(5, 'administer taxonomy', 'taxonomy'),
(5, 'edit terms in 1', 'taxonomy'),
(5, 'delete terms in 1', 'taxonomy'),
(5, 'access user profiles', 'user'),
(5, 'change own username', 'user'),
(5, 'cancel account', 'user'),
(3, 'edit own register content', 'node'),
(3, 'edit any register content', 'node'),
(3, 'delete own register content', 'node'),
(3, 'delete any register content', 'node'),
(3, 'create webform content', 'node'),
(3, 'edit own webform content', 'node'),
(3, 'edit any webform content', 'node'),
(3, 'delete own webform content', 'node'),
(3, 'delete any webform content', 'node'),
(3, 'use PHP for settings', 'php'),
(3, 'administer ctools access ruleset', 'ctools_access_ruleset'),
(3, 'administer custom content', 'ctools_custom_content'),
(3, 'use page manager', 'page_manager'),
(3, 'administer page manager', 'page_manager'),
(3, 'administer stylizer', 'stylizer'),
(4, 'view the administration theme', 'system');

-- --------------------------------------------------------

--
-- Table structure for table `search_dataset`
--

CREATE TABLE IF NOT EXISTS `search_dataset` (
  `sid` int(10) unsigned NOT NULL DEFAULT '0' COMMENT 'Search item ID, e.g. node ID for nodes.',
  `type` varchar(16) NOT NULL COMMENT 'Type of item, e.g. node.',
  `data` longtext NOT NULL COMMENT 'List of space-separated words from the item.',
  `reindex` int(10) unsigned NOT NULL DEFAULT '0' COMMENT 'Set to force node reindexing.',
  PRIMARY KEY (`sid`,`type`)
) ENGINE=MyISAM DEFAULT CHARSET=utf8 COMMENT='Stores items that will be searched.';

--
-- Dumping data for table `search_dataset`
--

INSERT INTO `search_dataset` (`sid`, `type`, `data`, `reindex`) VALUES
(17, 'node', ' registration ', 0),
(4, 'node', ' typography lorem ipsum dolor sit amet consectetur adipisicing elit sed do eiusmod tempor incididunt ut labore et dolore magna aliqua ut enim ad minim veniam quis nostrud exercitation ullamco laboris nisi ut aliquip ex ea commodo consequat duis aute irure dolor in reprehenderit in voluptate velit esse cillum dolore eu fugiat nulla pariatur excepteur sint occaecat cupidatat non proident sunt in culpa qui officia deserunt mollit anim id est laborum  header 2 lorem ipsum dolor sit amet consectetur adipisicing elit sed do eiusmod tempor incididunt ut labore et dolore magna aliqua linked header 2 lorem ipsum dolor sit amet consectetur adipisicing elit sed do eiusmod tempor incididunt ut labore et dolore magna aliqua header 3 lorem ipsum dolor sit amet consectetur adipisicing elit sed do eiusmod tempor incididunt ut labore et dolore magna aliqua header 4 lorem ipsum dolor sit amet consectetur adipisicing elit sed do eiusmod tempor incididunt ut labore et dolore magna aliqua code snippet  header h1 a display block height 80px width 300px  messages save 100 and register before july 1 2013 sample error message lorem ipsum dolor sit amet consectetur adipisicing elit sed do eiusmod tempor incididunt ut labore et dolore magna aliqua sample warning message lorem ipsum dolor sit amet consectetur adipisicing elit sed do eiusmod tempor incididunt ut labore et dolore magna aliqua paragraph with links lorem ipsum dolor sit amet  consectetuer adipiscing elit donec odio quisque volutpat mattis eros nullam malesuada erat ut turpis suspendisse urna nibh viverra non semper suscipit posuere a pede ordered list this is a sample ordered list  lorem ipsum dolor sit amet consectetuer condimentum quis congue quisque augue elit dolor something goes here and another here then one more congue quisque augue elit dolor nibh unordered list this is a sample unordered list  condimentum quis congue quisque augue elit dolor something goes here and another here something here as well something here as well something here as well then one more nunc cursus sem et pretium sapien eget fieldset account information table header 1 header 2 row 1 cell 1 row 1 cell 2 row 2 cell 1 row 2 cell 2 row 3 cell 1 row 3 cell 2  ', 0),
(6, 'node', ' exhibit the d2c show provides your company with an unparalleled marketing opportunity to get before industry decisionmakersnearly 4000 attendees from all facets of direct response marketing come to d2c to learn about the latest technologies and network with their peers it s everyone from managers to clevel executives to inventors to founders it s where they come to make decisions about where they want to take their business in the years to come and what they ll buy to make those plans happen d2c exhibit your target audience and your competition will be at d2c the d2c show provides your company with an unparalleled marketing opportunity to get before industry decisionmakers nearly 4000 attendees from all facets of direct response marketing come to d2c to learn about the latest technologies and network with their peers it s everyone from managers to clevel executives to inventors to founders it s where they come to make decisions about where they want to take their business in the years to come and what they ll buy to make those plans happen  ', 0),
(7, 'node', ' sponsor unlimited sponsorship opportunities protect your investment and maximize your roi with sponsorship opportunities at the era d2c convention sponsorships deliver the greatest access to the biggest gathering of the direct response elite with everything from luncheons to reception sponsorships available there s an opportunity to fit every need and budget stand out and you ll move ahead d2c sponsor ', 0),
(43, 'node', ' table test pricing table style 2  basic 20 month standard 50 month plus 100 month pro 150 month  order now order now order now order now users 5 20 60 120 forms 10 unlimited unlimited unlimited reports 20 unlimited unlimited unlimited entries month 500 3000 15000 100000 ssl encryption payment integration storage 3 gb 15 gb 40 gb 100 gb  ', 0),
(27, 'node', ' registration opens february 25 registration for the 2013 era d2c convention opens on monday february 25 2013 look for special offers from era on february 25 and save big  registration ', 0),
(28, 'node', ' show news ', 0),
(29, 'node', ' jerry s test article this is a test of jerry s article and blah blah blah lj sadhfousdafnv posadjvgpasdf vpoasdfbvjkj a mefasd bvjasdfio basofjbvkpasdfoj bpasjepqmrbvg qwer v jerry registration ', 0),
(2, 'node', ' special events areas from new product presentations to d2c learning lounge sessions to the women in business pavilion there is something for everyone everyday of the show please note that events with this symbol beside them require an all access pass to attend events ', 0),
(1, 'node', ' networking events move and shake with the best the 2013 era d2c convention is the place to mix it up with industry leaders just like you the show is packed with networking events where you ll make the connections and seal the deals that will strengthen your business please note that events with this symbol beside them require an all access pass to attend events moxie gala ', 0),
(44, 'node', ' individual registration badge types all access pass show floor only pass enjoy open access to all d2c activities including  provides limited access to d2c activities online attendee list opening reception all networking events keynote presentation meet greet lounge era circle bar all access pass lounge free networking lunches on the show floor networking breakfasts on wed thurs discounted show bag inserts while supplies last meet greet lounge keynote presentation era circle bar show floor including the d2c learning lounge free networking lunches on the show floor  individual registration rates badge type thru june 30 july 1 sept 20 onsite all access pass era members 850 1129 1329 all access pass nonmembers 1399 1599 1699 additional all access pass era members 650 929 1129 show floor only pass era members free 149 249 show floor only pass era members 99 199 299 moxie awards gala tickets  thru june 30 july 1 sept 20 onsite era members 179 199 249 nonmembers 299 349 399 reserved table for twelve 2149 2289 2789 already registered for d2c  please purchase your moxie tickets here use the login information included in your registration confirmation email click on the first bullet moxie awards gala tickets and proceed to purchase your moxie table or individual tickets registration policies   register registration ', 0),
(45, 'node', ' speaker policy the electronic retailing association era has enacted the following speaker policy for its education conferences and special events including the great ideas summit and the era d2c convention speakers should adhere to the following a supplier company may speak one time each at the great ideas summit and the era d2c convention if selected the supplier may not speak at the same conference in subsequent years if the company does not support era as a sponsor or exhibitor of that specific event a supplier company that is a non member may speak one time each at the great ideas summit and the era d2c convention if selected the supplier may not speak at the same conference during subsequent years if the company is a non member supplier companies that are era members will have priority over non member suppliers in the speaker selection process all selected speakers must complete and sign the era speaker contract below which will be distributed to all speakers and return to era by the published deadline all selected speakers must be registered with an all access pass no later than 30 days prior to the conference date speakers will be provided a discounted speaker rate  note any speaker who fails to register by the deadline will be removed from the education schedule and replaced if necessary  all speakers will be responsible for all travel arrangements and expenses that they incur please contact vi paynich if you have any questions or comments  ', 0),
(46, 'node', ' exhibitor sponsor registration badge types all access pass show floor only pass enjoy open access to all d2c activities including  provides limited access to d2c activities online attendee list opening reception all networking events keynote presentation meet greet lounge era circle bar all access pass lounge free networking lunches on the show floor networking breakfasts on wed thurs discounted show bag inserts while supplies last meet greet lounge keynote presentation era circle bar show floor including the d2c learning lounge free networking lunches on the show floor  exhibitor sponsor registration rates badge type thru june 30 july 1 sept 20 onsite all access pass  two free all access passes for each 100 sq ft of exhibit space free free free additional all access pass for exhibitors sponsors from the same company era members 599 799 999 nonmembers 699 999 1199 show floor only pass  four free show floor only passes for each 100 sq ft of exhibit space free free free additional show floor only pass for exhibitors sponsors from same company era members free 149 249 nonmembers 99 199 299 moxie awards gala tickets  thru june 30 july 1 sept 20 onsite era members 179 199 249 nonmembers 299 349 399 reserved table for twelve 2149 2289 2789  already registered for d2c  please purchase your moxie tickets here use the login info included in your confirmation email click on the first bullet moxie awards gala tickets and proceed to purchase your moxie table or individual tickets registration policies   ', 0),
(12, 'node', ' blog post two admin s blog lorem ipsum dolor sit amet consectetur adipisicing elit sed do eiusmod tempor incididunt ut labore et dolore magna aliqua ut enim ad minim veniam  quis nostrud exercitation ullamco laboris nisi ut aliquip ex ea commodo consequat lorem ipsum dolor sit amet consectetur adipisicing elit sed do eiusmod tempor incididunt ut labore et dolore magna aliqua lorem ipsum dolor sit amet consectetur adipisicing elit sed do eiusmod tempor incididunt ut labore et dolore magna aliqua ut enim ad minim veniam quis nostrud exercitation ullamco lorem ipsum dolor sit amet consectetur adipisicing elit sed do eiusmod tempor incididunt ut labore et dolore magna aliqua ut enim ad minim veniam quis nostrud exercitation ullamco laboris nisi ut aliquip ex ea commodo consequat duis aute irure dolor in reprehenderit in voluptate velit esse cillum dolore eu fugiat nulla pariatur drupal ', 0),
(14, 'node', ' about the era d2c convention is produced by the electronic retailing association era the only trade association in the us and internationally that represents leaders of the directtoconsumer marketplace which includes members that maximize revenues through directtoconsumer marketing on television online mobile and on radio future show dates locations 2013 september 2426 2013 venue wynn las vegas location las vegas nevada 2014 september 1618 2014 wynn las vegas las vegas nevada 2015 october 68 2015 wynn las vegas las vegas nevada history the era annual convention was renamed the era d2c convention in 2009 the show has always been held in las vegas nevada and the first era annual convention was held in 1990 soon after the birth of the infomercial the show has since grown to more than 4000 attendees and 160 exhibitors and sponsors sponsor the 2012 era d2c convention is sponsored produced and managed by the electronic retailing association era show proceeds are used to fund industry and member services contact us electronic retailing association era 607 14th street nw suite 530 washington dc 20005 usa phone 1 8009876462 or 1 7038411751 fax 4259771036 webadmin retailingorg wwwretailingorg ', 0),
(40, 'node', ' registration policies cancellation refund policy  all cancellations must be received in writing cancellations received on or before august 25 2013 are eligible for a 50 refund no refunds will be made after august 25 2013 noshows will not be refunded substitutions from the same company can be made at no charge see substitution policy  substitution policy substitution of registrations from the same company is permitted prior to the conference and onsite only one substitution is permitted per original registrant the individual submitting the substitution request is responsible for all financial obligations any balance due associated with that substitution as well as updating any contact information substitutions cannot be made after a badge has been issued  group badge distribution pickup group badge pickup is permitted although not encouraged in the event that one person from a company collects badges for multiple employees that person accepts full responsibility for those badges era will not reissue badges directly to those individuals  badge sharing each badge is intended for the exclusive use of the person named on the badge business cards cannot be used in place of or inserted on top of badges in the event two or more individuals are found to be sharing a badge the badge will be immediately voided and no refunds issued voided badges will not be available for reissue attendees may be asked to show valid identification failure to present a photo id matching the name on the badge in question upon request will result in the forfeiture of the badge  badge downgrades  a badge downgrade from an all access pass to a show floor only pass is considered a cancellation of the original all access pass see the cancellation policy for refund information the new registration for the show floor only pass will be based on current registration rates  guest passes guest passes must be preregistered on or before september 20 2013 new registration requests onsite for guest passes through the exhibitor invites program are not allowed  era member pricing policy in order to receive era member pricing for all era events the member must be in good standing at the time the registration is made and at the time of the event if era membership has lapsed the individual will be required to pay the difference between era member and nonmember rates before an attendee badge is provided  company name policy in order to receive member pricing the company name on the attendee badge must match the company name on the era membership  consent to use of photographic images registration and attendance at or participation in era meetings and other activities constitutes an agreement by the registrant to era s use and distribution both now and in the future of the registrant or attendee s image or voice in photographs videotapes electronic reproductions and audiotapes of such events and activities  children friends and family the d2c convention is a tradeonly event children friends and family who accompany an attendee to las vegas will not be granted access to the era d2c convention unless they are over the age of 18 and have proof of industry affiliation and are a registered attendee absolutely no one under the age of 18 is permitted on the show floor including infants or children in strollers  questions  contact era customer service at registration retailingorg or call 7038411751  registration policies registration policies registration policies registration policies  ', 0),
(79, 'node', ' pitch by the pros location show floor latour stage date thursday september 26 2013 time 330pm 430pm look on as professional pitchmen duel it out by pitching the top five infomercial products from the inventhelp inpex new product showcase to an audience of d2c attendees don t miss this lively and entertaining event and catch a glimpse of the future of drtv products show floor special events thursday show floor only pass ', 0),
(82, 'node', ' exhibitor moveout location show floor date thursday september 26 2013 time 500pm 1159pm  ', 0),
(78, 'node', ' free networking lunch location show floor date thursday september 26 2013 time 1200pm 100pm show floor networking events events ', 0),
(80, 'node', ' bay cities booth 317 era member yes org type supplier booth contact pamela velarde email pamelav baycitiescom website wwwbaycitiesbiz phone 562 948 3751 bay cities exhibitor 5138 industry ave pico rivera california 90660 united states  ', 0),
(9, 'node', ' sheila roy  it was impossible for visitors not to see us at era d2c and we had lots of good conversations you have given us many opportunities for networking and the ﬁrst time placement at the show was great usa fulfillment inc  ', 0),
(21, 'node', ' individual registration all access pass show floor only pass enjoy open access to all d2c activities including  provides limited access to d2c activities online attendee list opening reception all networking events keynote presentation meet greet lounge era circle bar all access pass lounge free networking lunches on the show floor networking breakfasts on wed thurs discounted show bag inserts while supplies last meet greet lounge keynote presentation era circle bar show floor including the d2c learning lounge free networking lunches on the show floor  individual registration rates badge type thru june 30 july 1 sept 20 onsite all access pass era members 850 1129 1329 all access pass nonmembers 1399 1599 1699 additional all access pass era members 650 929 1129 show floor only pass era members free 149 249 show floor only pass era members 99 199 299 moxie awards gala tickets  thru june 30 july 1 sept 20 onsite era members 179 199 249 nonmembers 299 349 399 reserved table for twelve 2149 2289 2789 already registered for d2c  please purchase your moxie tickets here use the login info included in your confirmation email click on the first bullet moxie awards gala tickets and proceed to purchase your moxie table or individual tickets registration policies   ', 0),
(37, 'node', ' call for entries do you have an innovative idea or topic you want to share with your fellow era members and the industry at large then the 2013 era d2c convention may be the perfect setting for you this is your opportunity to participate in the premier annual directtoconsumer conference in the marketing space and impart your expertise with others in the industry once again the electronic retailing association era is initiating a crowdsourcing strategy for the education program at the 2013 era d2c convention this year era is offering two different session formats onehour session panel discussion and lightning sessions a 15minute presentation please note there are two separate submission forms for a onehour session and lightning session sessions to be presented will be chosen by a vote of the era content committee the era staff and era members getting started review the submission guidelines complete one or both of the session submission forms onehour session panel lightning session  15minute format  deadline    wednesday march 27 2013 questions  vi paynich 9096063406 vpaynich retailingorg ', 0),
(38, 'node', ' speaker service center thank you for your willingness to share your time knowledge and resources as a content leader at the 2013 era d2c convention below you will find all the resources you need create a successful session for d2c attendees get the word out about the conference using our twitter hashtag  d2c2013   speaker dates and deadlines   accept speaker letter of agreement tbd update content leader profile tbd read the speaker manual tbd register for the conference june 30 2013 reserve hotel room if applicable tbd attend speaker orientation conference call tbd should you have any questions please contact vi paynich at vpaynich retailingorg  speaker policy  ', 0),
(30, 'node', ' exhibitor sponsor registration all access pass show floor only pass enjoy open access to all d2c activities including  provides limited access to d2c activities online attendee list opening reception all networking events keynote presentation meet greet lounge era circle bar all access pass lounge free networking lunches on the show floor networking breakfasts on wed thurs discounted show bag inserts while supplies last meet greet lounge keynote presentation era circle bar show floor including the d2c learning lounge free networking lunches on the show floor  exhibitor sponsor registration rates badge type thru june 30 july 1 sept 20 onsite all access pass two free all access passes for each 100 sq ft of exhibit space free free free additional all access pass for exhibitors sponsors from the same company era members 599 799 999 nonmembers 699 999 1199 show floor only pass four free show floor only passes for each 100 sq ft of exhibit space free free free additional show floor only pass for exhibitors sponsors from same company era members free 149 249 nonmembers 99 199 299 moxie awards gala tickets  thru june 30 july 1 sept 20 onsite era members 179 199 249 nonmembers 299 349 399 reserved table for twelve 2149 2289 2789  already registered for d2c  please purchase your moxie tickets here use the login info included in your confirmation email click on the first bullet moxie awards gala tickets and proceed to purchase your moxie table or individual tickets registration policies   ', 0),
(3, 'node', ' moxie awards gala the era moxie awards gala tm is direct response marketing s premiere celebration honoring the best campaigns of the year moxie s famous posh blue carpet welcomes guests for a grand entrance the gala features live music exceptional dinner and superb company join us as we celebrate the industry s most coveted award and d2c s most exclusive event thursday september 26 2013 margaux ballroom 700 pm 930 pm glitz glamour glory tickets the era moxie awards gala is a separately ticketed event in order to attend you must register for an all access pass or a show floor only pass for the d2c show and then purchase a ticket or table to the moxie awards gala here s a list of the 2012 era moxie awards gala winners  how to purchase moxie awards gala tickets  already registered for d2c  all attendees exhibitors and sponsors please purchase your moxie tickets here use the login info included in your confirmation email click on the first bullet moxie awards gala tickets and proceed to purchase your moxie tables or individual tickets not yet registered for d2c  register for d2c and then purchase your moxie tickets  moxie gala tables reserve a table for you and your guests choose where you d like your table to be at the gala receive a tabletop sign with your company s logo and seats for twelve people reserve your table today  awards archive 2012 winners 2011 winners   moxie gala 2012 ', 0),
(65, 'node', ' education sessions location tbd time 900am 500pm date tuesday september 24 2013  ', 0),
(66, 'node', ' education networking lunch location mouton 1 time 1230pm 145pm date tuesday september 24 2013  ', 0),
(67, 'node', ' new member reception location tbd time 400pm 500pm date tuesday september 24 2013  ', 0),
(68, 'node', ' opening reception networking location sunset terrace pool time 600pm 730pm date tuesday september 24 2013  ', 0),
(69, 'node', ' exhibitor movein location show floor time 700am 900am date wednesday september 25 2013  ', 0),
(5, 'node', ' about the era d2c convention is produced by the electronic retailing association era the only trade association in the us and internationally that represents leaders of the directtoconsumer marketplace which includes members that maximize revenues through directtoconsumer marketing on television online mobile and on radio future show dates locations 2013 september 2426 2013 wynn las vegas las vegas nevada 2014 september 1618 2014 wynn las vegas las vegas nevada 2015 october 68 2015 wynn las vegas las vegas nevada history the era annual convention was renamed the era d2c convention in 2009 the show has always been held in las vegas nevada and the first era annual convention was held in 1990 soon after the birth of the infomercial the show has since grown to more than 4000 attendees and 160 exhibitors and sponsors sponsor the era d2c convention is sponsored produced and managed by the electronic retailing association era show proceeds are used to fund industry and member services  ', 0),
(23, 'node', ' international attendees the era d2c convention is truly a global stage for the direct response industry attendees from more than 60 countries have traveled to las vegas in the past to network with leaders from around the world and to attend the best education sessions for the dr industry need a visa  you can now complete the visa application form online   ', 0),
(10, 'node', ' loren crannell  we attend many conventions each year but the d2c show is at the top of our list the entire era team does an excellent job bringing educational topics attendees marketers and vendors together and the value we get from this show always exceeds our expectations moulton logistics  ', 0),
(18, 'node', ' schedule the 2013 era d2c convention takes place in las vegas at the wynn las vegas from september 2426 2013 2013 show dates and location september 2426 2013 venue wynn las vegas location las vegas nevada a detailed schedule will be coming soon  ', 0),
(25, 'node', ' floor plan ', 0),
(22, 'node', ' group registrations below you will find instructions on how to register a group of five or more if you have any questions regarding registration please refer to the faq s below as a vip service to larger companies that are attending d2c we offer group registration if you need to register five or more employees to the show please fill out the group registration template and send to registration retailingorg  we will contact you upon receipt for payment information please note that only one method of payment will be accepted for group registrations faq s q i sent in a check for registrations when will i receive confirmation  a once we receive your check we will immediately process your registrations and you will receive an email confirmation q if i am paying by credit card and do not have a group to register where can i register  a visit the registration site and follow the steps to register q how many methods of payment may be used for a group registration  a only one method of payment will be accepted for a group registration if you would like to use seperate payments you must do the registrations through the registration site  q where should i send my registration check  a please send to electronic retailing association 607 14th st nw suite 530 washington dc 20005 q i have a question about the registration process who should i contact  a please contact registration retailingorg and we will get back to you shortly to assist you with registration  ', 0),
(60, 'node', ' applied perceptions llc booth 402 era member yes org type supplier booth contact bruce stone email bstone apcrccom website wwwappliedperceptionscom phone 805 5262525 exhibitor 4195 valley fair street suite 203 simi valley california 93063 united states  ', 0),
(42, 'node', ' keynote presentation keynote location mouton 1 time 500pm 600pm date tuesday september 24 2013  ', 0),
(48, 'node', ' meet greet lounge location margaux 1 2 time 800am 500pm date tuesday september 24 2013  ', 0),
(49, 'node', ' jon gurney bell ups marketing retail consumer goods attending the era d2c convention gave ups an opportunity to help attendees understand their supply chains we focused on the customer buying experience and how logistics can support their goals the era match making service allowed ups to accomplish this with new potential clients  ', 0),
(24, 'node', ' why attend  d2c provides new business ideas and solutions  more than 3400 dr decisionmakers including many of your competitors attend the 2013 era d2c convention to get ideas and find answers to their direct response problems they will see new solutions demonstrated and choose the best for their needs at d2c they find ways to drive new business and optimize roi they know that to survive and succeed they must keep up with the latest dr trends and stay ahead of their competitors  find all the people you need2c 63  believed there was a good mix of exhibitors products and services on the show floor 53  said the opportunities to network were excellent 60  signed a deal as a result of attending the show 54  had at least 10 meetings during the show and 31 had more tan 20 meetings  55  generated at least 6 leads as a result of attending the show and 23 generated at least 10 leads  who should attend d2c  everyone involved in direct response marketing benefits from the networking business development exhibitors and education sessions at the d2c show executives building a business decision makers involved in dr marketing purchases marketers in search of new products and services agencies providing creative and production services media buyers who purchase tv and radio time suppliers who fulfill orders all staff members and suppliers you count on for new ideas  ', 0),
(63, 'node', ' exhibitor movein location show floor time 800am 800pm date tuesday september 24 2013  ', 0),
(64, 'node', ' committee council chair breakfast location tbd time 800am 930am date tuesday september 24 2013  ', 0),
(31, 'node', ' electronic retailing association booth 302 era member yes org type marketer booth contact dave martin email dmartin retailingorg website retailingorg phone 7039081031 representing a morethan 300billion market the electronic retailing association era is the only trade association that represents the global leaders of the directtoconsumer marketplace companies which use the power of direct response to sell goods and services on television online and on radio era s members practice a sophisticated and accountable marketing methodology leveraging video and audio to compel a direct and measurable response exhibitor business categories agencies media services united states  ', 0),
(70, 'node', ' registration open location alsace 12 time 800am 500pm date wednesday september 25 2013  ', 0),
(32, 'node', ' telebrands 123 main street suite 444 nowhere ny united states 12345 tags  sponsor ', 0),
(33, 'node', ' meet greet lounge the meet greet lounge in the margaux ballroom is your networking and business meeting place location margaux 12 time 800am 500pm date monday september 23 2013  ', 0),
(34, 'node', ' dave martin dave martin is the vice president of marketing content at the electronic retailing association era dave has worked for era since early 2009 before that dave worked in global telecommunications marketing product management and product development both in the united states and europe dave has a ba from suny buffalo a mia from columbia university and a ma from the katholieke universiteit leuven in leuven belgium dave is fluent in spanish and enjoys photography acoustic guitar and coaching little league baseball in his spare time vp marketing era speaker  ', 0),
(59, 'node', ' advantone booth 519 era member yes org type supplier booth contact ross krisel email rkrisel advontonecom website wwwadvantonecom phone 954 671 6505 test test test exhibitor  united states  ', 0),
(61, 'node', ' registration open registration location alsace 12 time 800am 700pm date tuesday september 24 2013  ', 0),
(56, 'node', ' a2b fulfillment booth 1121 era member yes org type supplier booth contact gary latz email gary a2bfcom website wwwa2bfulfillmentcom phone 866 843 3827 211 exhibitor  united states  ', 0),
(57, 'node', ' access development booth 523 era member no org type supplier booth contact melissa hiller email davecook accessdevelopmentcom website wwwaccessdevelopmentcom phone 800 840 32 exhibitor  united states  ', 0),
(58, 'node', ' adeptiv solutions booth 308 era member yes org type supplier booth contact mark chandley email markc adeptivsolutionscom website wwwadeptivsolutionscom phone 855 233 7801 exhibitor  united states  ', 0),
(26, 'node', ' pay by check or wire transfer if you wish to pay by check or wire transfer please fill out the check wire transfer template and return to registration retailingorg  once your payment is received we will process your registrations if you have any questions regarding registration please refer to the  faq s  below  check wire transfer template faq s q i sent in a check for registrations when will i receive confirmation  a once we receive your check we will immediately process your registrations and you will receive an email confirmation q if i am paying by credit card and do not have a group to register where can i register  a visit the registration site and follow the steps to register q where should i send my registration check  a please send to electronic retailing association 607 14th st nw suite 530 washington dc 20005 q i have a question about the registration process who should i contact  a please contact registration retailingorg and we will get back to you shortly to assist you with registration  ', 0),
(39, 'node', ' session submission form session type 15minute lightning session 60minute panel discussion session session format proposed lightning sessions should have only 1 speaker however under special circumstances era may consider 2 speakers max your proposed session should offer best practices or a compelling case study with takeaways session format all proposed sessions should be 45 minutes in length with another 15 minutes reserved for questions and answers select one of the following  best practices case study panel discussion contact information please provide information for the main contact for this proposal first last title company email mobile phone session title tip  remember your title is vital to the selection process make sure your first impression is a memorable one 8 words max session title session description write a description of your proposed session be sure to include 3 specific objectives of your educational content it should answer the question why should anyone attend this session note if selected your description will appear in all promotional materials 100 words max moderators speakers panelists important  all proposed speakers panelists must be confirmed beforehand only one company representative per session will be allowed a speaker selected for your session may not speak on additional panels sessions one person per session per era conference  total number of panelists including moderator should not exceed 4  provide a highresolution headshot for all speakers we prefer a jpg or tiff file that is a minimum 300 dpi moderator speaker type moderator speaker panelist first last title company email mobile phone bio speaker 1 speaker type moderator speaker panelist first last title company email mobile phone bio speaker 2 speaker type moderator speaker panelist first last title company email mobile phone bio speaker 3 speaker type moderator speaker panelist first last title company email mobile phone bio speaker 4 speaker type moderator speaker panelist first last title company email mobile phone bio speaker important  a speaker selected for your session may not speak on additional panels sessions one person per session per era conference provide a highresolution headshot of the speaker we prefer a jpg or tiff file that is a minimum 300 dpi first last title company email mobile phone bio   onehour session panel lightning session  ', 0),
(41, 'node', ' privacy policy the electronic retailing association company we or us is committed to protecting the privacy of our customer s personal information this statement applies with respect to the information that we collect from the company website located at wwwretailingorg  the website amendments to this statement will be posted at this url and will be effective when posted your continued use of this site following the posting of any amendment modification or change shall constitute your acceptance thereof information collected we collect two types of information personally identifiable information pii and nonpersonally identifiable information nonpii which is also referred to as aggregate and anonymous data pii we do not collect any personally identifiable information about you unless you voluntarily submit such information to us by for example filling out a survey or registration form the types of information that may be requested include your name address email address and telephone number nonpii we collect nonpersonally identifiable information about you in a number of ways including tracking your activities through your ip address computer settings or mostrecently visited url use of ip addresses we use your ip address to help diagnose problems with our server and to administer our website use of cookies when you view our website we might store some information on your computer this information will be in the form of a cookie or similar file cookies are small pieces of information stored on your hard drive not on our site cookies do not spy on you or otherwise invade your privacy and they cannot invade your hard drive and steal information rather they help you navigate a website as easily as possible we use cookies to deliver content specific to your interests and to prevent you from reentering all your registration data at each connection use of information pii in general we will only use the information you provide to us for the purpose for which such information was provided we may also use this information to deliver to you information about our company and promotional material from some of our partners or to conduct trend analysis pattern detection and site administration your information may also be used to contact you when necessary users may optout of receiving future mailings from company by following the instructions set forth in the optout section below pii nonpersonal demographic and profile data is used to tailor your experience at our site showing you content we think you might be interested in how we share your information except as provided below we do not share your pii with third parties without your permission we may share pii about you as a customer former customer or user of the website to with other companies that may want to contact you with offers consistent with your stated preferences users may optout of receiving future mailings from other entities by following the instructions set forth in the optout section below we may disclose pii you provide via the website in connection with the sale assignment or other transfer of the business or a portion of the business of the website including a corporate merger consolidation restructuring sale of assets or other corporate change of our company we may disclose pii when required by law wherein we have a goodfaith belief that such action is necessary to comply with a current judicial proceeding a criminal investigation a court order or legal process served on the website we may also share your personal information if we believe it is necessary in order to investigate prevent or take action regarding illegal activities suspected fraud situations involving potential threats to the physical safety of any person violations of the terms of use or as otherwise required by law we also may disclose information to outside companies that help us bring you the products and services we offer or that are necessary to process the transaction your request for example we may work with an outside company to a process credit card transactions b manage a database of customer information c assist us in distributing emails d assist us with direct marketing and data collection e provide us storage and analysis f provide fraud prevention and g other services designed to assist us in maximizing our business potential we require that these outside companies agree to keep confidential all information we share with them and to use the information only to perform their obligations in the agreements in addition we may disclose or sell your pii to thirdparties with your permission company may share nonpii with business partners sponsors and other third parties we reserve the right to use transfer sell and share aggregated anonymous data about our users as a group for any business purpose such as analyzing usage trends and seeking compatible advertisers and partners security the website has industry standard security measures in place to protect the loss misuse and alteration of the information under our control while there is no such thing as perfect security on the internet we will take all reasonable steps to insure the safety of your personal information other websites links our website may contain links to other websites we are not responsible for the privacy practices or the content of such websites choice opt out you may optout of receiving communications from our partners and from us by visiting the era enewsletter preference center  miscellaneous the website is operated and controlled by company in the united states and is intended for use only by people within the united states we make no representations that any materials on the website are appropriate for use outside of the united states we also do not intend for the site to be used by children under the age of 13 nor do we seek to collect information about children under this age if you are under the age of 13 we request that you do not provide us with any pii  ', 0),
(47, 'node', ' group registration below you will find instructions on how to register a group of five or more if you have any questions regarding registration please refer to the faq s below as a vip service to larger companies that are attending d2c we offer group registration if you need to register five or more employees to the show please fill out the group registration template and send to registration retailingorg  we will contact you upon receipt for payment information please note that only one method of payment will be accepted for group registrations faq s q i sent in a check for registrations when will i receive confirmation  a once we receive your check we will immediately process your registrations and you will receive an email confirmation q if i am paying by credit card and do not have a group to register where can i register  a visit the registration site and follow the steps to register q how many methods of payment may be used for a group registration  a only one method of payment will be accepted for a group registration if you would like to use seperate payments you must do the registrations through the registration site  q where should i send my registration check  a please send to electronic retailing association 607 14th st nw suite 530 washington dc 20005 q i have a question about the registration process who should i contact  a please contact registration retailingorg and we will get back to you shortly to assist you with registration  registration exhibit ', 0),
(62, 'node', ' registration open registration location alsace 12 time 800am 500pm date monday september 23 2013  ', 0),
(71, 'node', ' show floor open location show floor time 900am 600pm date wednesday september 25 2013  ', 0),
(73, 'node', ' free networking lunch location show floor time 1200pm 100pm date wednesday september 25 2013  ', 0),
(74, 'node', ' inventhelpinpex inventor twominute pitch show floor location d2c learning lounge time 200pm 400pm date wednesday september 25 2013  ', 0),
(75, 'node', ' broadcast council reception location mouton 2 time 600pm 800pm date wednesday september 25 2013  ', 0),
(76, 'node', ' registration open location alsace 12 time 800am 100pm date thursday september 26 2013  ', 0),
(77, 'node', ' show floor open location show floor time 900am 500pm date thursday september 26 2013  ', 0),
(81, 'node', ' inventor of the year presentation show floor location show floor latour stage time 430pm 500pm date thursday september 26 2013  ', 0),
(72, 'node', ' show floor open location show floor date thursday september 26 2013 time 900am 500pm  ', 0),
(85, 'node', ' chris hearing slide on slideshow entry image slideshow entry path http wwwd2cshoworg register  ', 0),
(87, 'node', ' scott boilen slide on slideshow entry image slideshow entry path register  ', 0),
(90, 'node', ' contact us your name your email address subject issue category select exhibitor sponsor general qustion housing membership registration issue summary  ', 0),
(91, 'node', ' product two  p lorem ipsum dolor sit amet consectetur adipisicing elit sed do eiusmod tempor incididunt ut labore et dolore magna aliqua ut enim ad a href minim veniam a quis nostrud exercitation ullamco laboris nisi ut aliquip ex ea commodo consequat lorem ipsum dolor sit amet consectetur adipisicing elit sed do eiusmod tempor incididunt ut labore et dolore magna aliqua p blockquote lorem ipsum dolor sit amet consectetur adipisicing elit sed do eiusmod tempor incididunt ut labore et dolore magna aliqua ut enim ad minim veniam quis nostrud exercitation ullamco blockquote p lorem ipsum dolor sit amet consectetur adipisicing elit sed do eiusmod tempor incididunt ut labore et dolore magna aliqua ut enim ad minim veniam quis nostrud exercitation ullamco laboris nisi ut aliquip ex ea commodo consequat duis aute irure dolor in reprehenderit in voluptate velit esse cillum dolore eu fugiat nulla pariatur p images teaser image  ', 0),
(92, 'node', ' kevin harrington slide on slideshow entry image  ', 0),
(89, 'node', ' hotel travel wynn las vegas official hotel of the era d2c convention 3131 las vegas boulevard south las vegas nv 89109 7027707100  resort rooms era has secured specially negotiated wynn las vegas and encore las vegas room rates for era d2c convention attendees to secure era preferred rates you must first register for the 2013 era d2c convention and then visit the housing website  all reservations must be made by august 29 2013 era staff are not responsible for securing hotel rooms resort rooms wynn las vegas for single or double occupancy 199 night tower king rooms wynn las vegas for single or double occupancy 249 night resort rooms encore las vegas for single or double occupancy 219 night housing website for questions regarding hotel reservations please contact the housing help desk at housing retailingorg or 7039081029 reserve your suite through era conduct business meetings in the luxury and privacy of your own hospitality suite reserve a parlor suite salon suite or fairway villa at the wynn las vegas at special rates through era by august 29 2013 booking your suite through era is the only way to receive catering and freight delivery to suites in the wynn a three night minimum stay is required to book suites please contact karen eppsteiner at keppsteiner retailingorg or 7038418283 for availability and rate information choose from parlor suite one bedroom 950 night member 1150 night nonmember parlor suite two bedroom 1250 night member 1500 night nonmember salon suite one bedroom 1100 night member 1300 night nonmember salon suite two bedroom 1400 night member 1700 night nonmember fairway villa one bedroom 1300 night member 1500 night nonmember fairway villa two bedroom 2400 night member 2900 night nonmember please contact karen eppsteiner at keppsteiner retailingorg or 7038418283 for availability and rate information on one two bedroom suites important notice in the past era has received reports of wholesalers contacting attendees and offering great deals on hotels for the era d2c convention while it is not illegal for a travel firm or booking agent to solicit potential customers it can be difficult to determine the legitimacy of offers from these organizations those who opt for alternatives to the era negotiated rates may find themselves at risk era reminds its attendees that we have no affiliation with any of these room brokers the official era housing office is completereg  important contact info for the wynn concierge 7027707070 or 8883207122 restaurant reservations 702248dine 3463 or 888352dine 3463  dining wynnlasvegascom the salon 7027703900 the spa 7027703900 wynn golf and country club 8883207122 business services center 7027702370 or 8003207123 x 2370  businesscenter wynnlasvegascom travel getting to vegas is a breeze with over 1000 flights arriving and departing on a daily basis las vegas mccarran international airport is easily accessible from around the world  getting from las vegas mccarran international airport to the wynn distance from the wynn 75 miles and 1015 minutes by taxi taxi cabs are available on the east side of baggage claim outside door exits 14 please know that most taxis will not accept credit card payments and there is a 180 charge on all fares originating at the airport the max number of passengers allowed in any taxi is five by shuttle or limo a large variety of shuttle bus and limousine services and are located on the west side of baggage claim outside door exits 713 shuttles that stop at the wynn las vegas run 6 or 650 one way and 12 or 13 for round trip service limousine service runs from 48 hour and up view specific companies and rates that service mccarran  by rental car dedicated mccarran rentacar center shuttles depart approximately every five minutes from exits 10 or 11 to the new mccarran rentacar center for information about the mccarran rentacar center call 7022616001 view the list of rental car companies that service mccarran   ', 0);
INSERT INTO `search_dataset` (`sid`, `type`, `data`, `reindex`) VALUES
(83, 'node', ' moxie awards gala the era moxie awards gala tm is direct response marketing s premiere celebration honoring the best campaigns of the year moxie s famous posh blue carpet welcomes guests for a grand entrance the gala features live music exceptional dinner and superb company join us as we celebrate the industry s most coveted award and d2c s most exclusive event thursday september 26 2013 margaux ballroom 700 pm 930 pm glitz glamour glory tickets the era moxie awards gala is a separately ticketed event in order to attend you must register for an all access pass or a show floor only pass for the d2c show and then purchase a ticket or table to the moxie awards gala here s a list of the 2012 era moxie awards gala winners  how to purchase moxie awards gala tickets  already registered for d2c  all attendees exhibitors and sponsors please purchase your moxie tickets here use the login info included in your confirmation email click on the first bullet moxie awards gala tickets and proceed to purchase your moxie tables or individual tickets not yet registered for d2c  register for d2c and then purchase your moxie tickets  moxie gala tables reserve a table for you and your guests choose where you d like your table to be at the gala receive a tabletop sign with your company s logo and seats for twelve people reserve your table today  awards archive 2012 winners 2011 winners   ', 0);

-- --------------------------------------------------------

--
-- Table structure for table `search_index`
--

CREATE TABLE IF NOT EXISTS `search_index` (
  `word` varchar(50) NOT NULL DEFAULT '' COMMENT 'The search_total.word that is associated with the search item.',
  `sid` int(10) unsigned NOT NULL DEFAULT '0' COMMENT 'The search_dataset.sid of the searchable item to which the word belongs.',
  `type` varchar(16) NOT NULL COMMENT 'The search_dataset.type of the searchable item to which the word belongs.',
  `score` float DEFAULT NULL COMMENT 'The numeric score of the word, higher being more important.',
  PRIMARY KEY (`word`,`sid`,`type`),
  KEY `sid_type` (`sid`,`type`)
) ENGINE=MyISAM DEFAULT CHARSET=utf8 COMMENT='Stores the search index, associating words, items and...';

--
-- Dumping data for table `search_index`
--

INSERT INTO `search_index` (`word`, `sid`, `type`, `score`) VALUES
('eget', 4, 'node', 0.916736),
('policies', 44, 'node', 2.8),
('sapien', 4, 'node', 0.920273),
('pretium', 4, 'node', 0.923838),
('sem', 4, 'node', 0.927431),
('1618', 5, 'node', 1),
('cursus', 4, 'node', 0.931053),
('nunc', 4, 'node', 0.934703),
('registration', 44, 'node', 59.7246),
('150', 43, 'node', 1),
('800pm', 63, 'node', 1),
('well', 4, 'node', 2.80779),
('industry', 40, 'node', 0.718502),
('proof', 40, 'node', 0.72066),
('adipisicing', 12, 'node', 4),
('admin', 12, 'node', 11),
('sponsor', 5, 'node', 19),
('you', 7, 'node', 1),
('move', 7, 'node', 1),
('aliqua', 12, 'node', 4),
('and', 44, 'node', 1),
('pro', 43, 'node', 1),
('then', 4, 'node', 1.8881),
('proceed', 44, 'node', 1),
('ahead', 7, 'node', 1),
('aliquip', 12, 'node', 2),
('100', 43, 'node', 2),
('800am', 63, 'node', 1),
('unordered', 4, 'node', 21.6532),
('stand', 7, 'node', 1),
('out', 7, 'node', 1),
('amet', 12, 'node', 4),
('more', 4, 'node', 1.88053),
('one', 4, 'node', 1.8843),
('goes', 4, 'node', 1.90336),
('bullet', 44, 'node', 1),
('plus', 43, 'node', 1),
('another', 4, 'node', 1.89561),
('click', 44, 'node', 1),
('aute', 12, 'node', 1),
('here', 4, 'node', 6.59903),
('first', 44, 'node', 1),
('blog', 12, 'node', 37),
('email', 44, 'node', 1),
('augue', 4, 'node', 2.85333),
('managed', 5, 'node', 1),
('sponsored', 5, 'node', 1),
('time', 63, 'node', 1),
('budget', 7, 'node', 1),
('cillum', 12, 'node', 1),
('something', 4, 'node', 4.71507),
('confirmation', 44, 'node', 1),
('included', 44, 'node', 1),
('50', 43, 'node', 1),
('floor', 63, 'node', 1),
('congue', 4, 'node', 2.85732),
('login', 44, 'node', 1),
('need', 7, 'node', 1),
('commodo', 12, 'node', 2),
('condimentum', 4, 'node', 1.91926),
('this', 4, 'node', 1.92331),
('information', 44, 'node', 1),
('list', 4, 'node', 44.2977),
('sponsors', 5, 'node', 1),
('washington', 22, 'node', 1),
('fit', 7, 'node', 1),
('consectetur', 12, 'node', 4),
('ordered', 4, 'node', 22.7933),
('consequat', 12, 'node', 2),
('use', 44, 'node', 1),
('pede', 4, 'node', 0.997306),
('posuere', 4, 'node', 1),
('exhibitors', 5, 'node', 1),
('suscipit', 4, 'node', 1),
('viverra', 4, 'node', 1),
('here', 44, 'node', 1),
('standard', 43, 'node', 1),
('show', 63, 'node', 1),
('suite', 22, 'node', 1),
('every', 7, 'node', 1),
('dolor', 12, 'node', 5),
('already', 44, 'node', 4),
('urna', 4, 'node', 1),
('14th', 22, 'node', 1),
('opportunity', 7, 'node', 1),
('inc', 9, 'node', 1),
('your', 44, 'node', 13),
('dolore', 12, 'node', 5),
('semper', 4, 'node', 1),
('month', 43, 'node', 5),
('607', 22, 'node', 1),
('there', 7, 'node', 1),
('drupal', 12, 'node', 11),
('please', 44, 'node', 1),
('location', 63, 'node', 1),
('nibh', 4, 'node', 1.94209),
('duis', 12, 'node', 1),
('20', 43, 'node', 3),
('basic', 43, 'node', 1),
('suspendisse', 4, 'node', 1),
('2', 43, 'node', 19),
('purchase', 44, 'node', 12),
('eiusmod', 12, 'node', 4),
('160', 5, 'node', 1),
('association', 22, 'node', 1),
('available', 7, 'node', 1),
('fulfillment', 9, 'node', 1),
('elit', 12, 'node', 4),
('style', 43, 'node', 19),
('movein', 63, 'node', 26),
('turpis', 4, 'node', 1),
('enim', 12, 'node', 3),
('erat', 4, 'node', 1),
('registered', 44, 'node', 4),
('exhibitor', 63, 'node', 26),
('eros', 4, 'node', 1),
('retailing', 22, 'node', 1),
('reception', 7, 'node', 1),
('esse', 12, 'node', 1),
('malesuada', 4, 'node', 11),
('nullam', 4, 'node', 11),
('2789', 44, 'node', 1),
('pricing', 43, 'node', 19),
('volutpat', 4, 'node', 1),
('exercitation', 12, 'node', 3),
('attendees', 5, 'node', 1),
('mattis', 4, 'node', 1),
('4000', 5, 'node', 1),
('test', 43, 'node', 26),
('23', 62, 'node', 1),
('quisque', 4, 'node', 3.85333),
('electronic', 22, 'node', 1),
('luncheons', 7, 'node', 1),
('registration', 29, 'node', 11),
('fugiat', 12, 'node', 1),
('qwer', 29, 'node', 1),
('odio', 4, 'node', 1),
('more', 5, 'node', 1),
('donec', 4, 'node', 1),
('adipiscing', 4, 'node', 11),
('2289', 44, 'node', 1),
('table', 43, 'node', 45),
('consectetuer', 4, 'node', 11.9809),
('should', 22, 'node', 8),
('usa', 9, 'node', 1),
('incididunt', 12, 'node', 4),
('paragraph', 4, 'node', 19),
('bpasjepqmrbvg', 29, 'node', 1),
('since', 5, 'node', 1),
('2013', 62, 'node', 1),
('links', 4, 'node', 19),
('than', 5, 'node', 1),
('through', 22, 'node', 1),
('from', 7, 'node', 1),
('great', 9, 'node', 1),
('logistics', 10, 'node', 1),
('ipsum', 12, 'node', 4),
('2149', 44, 'node', 1),
('september', 62, 'node', 1),
('with', 4, 'node', 19),
('everything', 7, 'node', 1),
('irure', 12, 'node', 1),
('grown', 5, 'node', 1),
('infomercial', 5, 'node', 1),
('show', 9, 'node', 1),
('warning', 4, 'node', 1),
('elite', 7, 'node', 1),
('basofjbvkpasdfoj', 29, 'node', 1),
('labore', 12, 'node', 4),
('500pm', 62, 'node', 1),
('message', 4, 'node', 2),
('laboris', 12, 'node', 2),
('error', 4, 'node', 1),
('2013', 4, 'node', 1),
('sample', 4, 'node', 3.91926),
('bvjasdfio', 29, 'node', 1),
('july', 4, 'node', 1),
('have', 40, 'node', 0.722831),
('moulton', 10, 'node', 1),
('lorem', 12, 'node', 4),
('twelve', 44, 'node', 1),
('response', 7, 'node', 1),
('monday', 62, 'node', 1),
('1', 4, 'node', 6.36643),
('direct', 7, 'node', 1),
('placement', 9, 'node', 1),
('magna', 12, 'node', 4),
('before', 4, 'node', 1),
('after', 5, 'node', 1),
('register', 4, 'node', 1),
('and', 4, 'node', 2.89561),
('save', 4, 'node', 1),
('birth', 5, 'node', 1),
('date', 62, 'node', 1),
('100', 4, 'node', 1),
('over', 40, 'node', 0.729424),
('mefasd', 29, 'node', 1),
('minim', 12, 'node', 13),
('messages', 4, 'node', 19),
('vpoasdfbvjkj', 29, 'node', 1),
('80px', 4, 'node', 1),
('gathering', 7, 'node', 1),
('300px', 4, 'node', 1),
('18', 40, 'node', 1.43292),
('biggest', 7, 'node', 1),
('nisi', 12, 'node', 2),
('width', 4, 'node', 1),
('soon', 5, 'node', 1),
('height', 4, 'node', 1),
('age', 40, 'node', 1.43512),
('access', 7, 'node', 1),
('posadjvgpasdf', 29, 'node', 1),
('nostrud', 12, 'node', 3),
('for', 44, 'node', 5),
('800am', 62, 'node', 1),
('block', 4, 'node', 1),
('greatest', 7, 'node', 1),
('nulla', 12, 'node', 1),
('display', 4, 'node', 1),
('1990', 5, 'node', 1),
('snippet', 4, 'node', 19),
('code', 4, 'node', 19),
('held', 5, 'node', 2),
('4', 4, 'node', 13),
('3', 4, 'node', 17.7854),
('nearly', 6, 'node', 1),
('sadhfousdafnv', 29, 'node', 1),
('linked', 4, 'node', 29),
('blah', 29, 'node', 3),
('2', 4, 'node', 53.3631),
('networking', 24, 'node', 1),
('12', 62, 'node', 1),
('decisionmakers', 6, 'node', 1),
('deliver', 7, 'node', 1),
('and', 29, 'node', 1),
('pariatur', 12, 'node', 1),
('first', 5, 'node', 1),
('been', 5, 'node', 1),
('header', 4, 'node', 79.7989),
('renamed', 5, 'node', 1),
('this', 29, 'node', 1),
('post', 12, 'node', 26),
('laborum', 4, 'node', 1),
('always', 5, 'node', 1),
('has', 5, 'node', 2),
('est', 4, 'node', 1),
('alsace', 62, 'node', 1),
('mollit', 4, 'node', 1),
('reserved', 44, 'node', 1),
('time', 62, 'node', 1),
('anim', 4, 'node', 1),
('will', 6, 'node', 19),
('quis', 12, 'node', 3),
('deserunt', 4, 'node', 1),
('article', 29, 'node', 27),
('sponsorships', 7, 'node', 2),
('reprehenderit', 12, 'node', 1),
('officia', 4, 'node', 1),
('2009', 5, 'node', 1),
('qui', 4, 'node', 1),
('was', 5, 'node', 2),
('competition', 6, 'node', 19),
('culpa', 4, 'node', 1),
('history', 5, 'node', 19),
('target', 6, 'node', 19),
('convention', 7, 'node', 1),
('test', 29, 'node', 27),
('time', 9, 'node', 1),
('expectations', 10, 'node', 1),
('sed', 12, 'node', 4),
('sunt', 4, 'node', 1),
('annual', 5, 'node', 2),
('d2c', 7, 'node', 12),
('68', 5, 'node', 1),
('proident', 4, 'node', 1),
('location', 62, 'node', 1),
('non', 4, 'node', 2),
('audience', 6, 'node', 19),
('era', 7, 'node', 1),
('jerry', 29, 'node', 38),
('sit', 12, 'node', 4),
('ﬁrst', 9, 'node', 1),
('exceeds', 10, 'node', 1),
('cupidatat', 4, 'node', 1),
('news', 28, 'node', 26),
('show', 28, 'node', 26),
('sint', 4, 'node', 1),
('big', 27, 'node', 1),
('occaecat', 4, 'node', 1),
('excepteur', 4, 'node', 1),
('pariatur', 4, 'node', 1),
('save', 27, 'node', 1),
('table', 44, 'node', 2),
('happen', 6, 'node', 2),
('open', 62, 'node', 26),
('nulla', 4, 'node', 1),
('plans', 6, 'node', 2),
('the', 7, 'node', 4),
('and', 27, 'node', 1),
('the', 9, 'node', 2),
('always', 10, 'node', 1),
('tempor', 12, 'node', 4),
('this', 10, 'node', 1),
('from', 27, 'node', 1),
('399', 44, 'node', 1),
('those', 6, 'node', 2),
('with', 7, 'node', 2),
('offers', 27, 'node', 1),
('fugiat', 4, 'node', 1),
('registration', 62, 'node', 37),
('october', 5, 'node', 1),
('cillum', 4, 'node', 1),
('roi', 7, 'node', 1),
('two', 12, 'node', 26),
('esse', 4, 'node', 1),
('24', 61, 'node', 1),
('velit', 4, 'node', 1),
('buy', 6, 'node', 2),
('ullamco', 12, 'node', 3),
('nevada', 5, 'node', 4),
('what', 6, 'node', 2),
('2013', 61, 'node', 1),
('voluptate', 4, 'node', 1),
('maximize', 7, 'node', 1),
('special', 27, 'node', 1),
('velit', 12, 'node', 1),
('september', 61, 'node', 1),
('years', 6, 'node', 2),
('and', 7, 'node', 3),
('veniam', 12, 'node', 13),
('reprehenderit', 4, 'node', 1),
('349', 44, 'node', 1),
('business', 6, 'node', 2),
('irure', 4, 'node', 1),
('take', 6, 'node', 2),
('look', 27, 'node', 1),
('voluptate', 12, 'node', 1),
('aute', 4, 'node', 1),
('duis', 4, 'node', 1),
('consequat', 4, 'node', 1),
('179', 44, 'node', 1),
('tickets', 44, 'node', 32),
('gala', 44, 'node', 20),
('awards', 44, 'node', 20),
('want', 6, 'node', 2),
('decisions', 6, 'node', 2),
('presentations', 2, 'node', 1),
('product', 2, 'node', 1),
('tuesday', 61, 'node', 1),
('date', 61, 'node', 1),
('700pm', 61, 'node', 1),
('800am', 61, 'node', 1),
('time', 61, 'node', 1),
('networking', 9, 'node', 1),
('opportunities', 9, 'node', 1),
('many', 9, 'node', 1),
('given', 9, 'node', 1),
('have', 9, 'node', 1),
('you', 9, 'node', 1),
('conversations', 9, 'node', 1),
('good', 9, 'node', 1),
('lots', 9, 'node', 1),
('had', 9, 'node', 1),
('and', 9, 'node', 2),
('d2c', 9, 'node', 1),
('era', 9, 'node', 1),
('see', 9, 'node', 1),
('from', 10, 'node', 1),
('get', 10, 'node', 1),
('value', 10, 'node', 1),
('together', 10, 'node', 1),
('vendors', 10, 'node', 1),
('and', 10, 'node', 2),
('marketers', 10, 'node', 1),
('attendees', 10, 'node', 1),
('topics', 10, 'node', 1),
('educational', 10, 'node', 1),
('bringing', 10, 'node', 1),
('job', 10, 'node', 1),
('excellent', 10, 'node', 1),
('does', 10, 'node', 1),
('team', 10, 'node', 1),
('era', 10, 'node', 1),
('entire', 10, 'node', 1),
('list', 10, 'node', 1),
('our', 10, 'node', 2),
('top', 10, 'node', 1),
('show', 10, 'node', 2),
('d2c', 10, 'node', 1),
('the', 10, 'node', 4),
('but', 10, 'node', 1),
('year', 10, 'node', 1),
('each', 10, 'node', 1),
('conventions', 10, 'node', 1),
('many', 10, 'node', 1),
('attend', 10, 'node', 1),
('crannell', 10, 'node', 26),
('loren', 10, 'node', 26),
('moxie', 44, 'node', 32),
('investment', 7, 'node', 1),
('your', 7, 'node', 2),
('protect', 7, 'node', 1),
('opportunities', 7, 'node', 2),
('sponsorship', 7, 'node', 2),
('unlimited', 7, 'node', 1),
('commodo', 4, 'node', 1),
('aliquip', 4, 'node', 1),
('nisi', 4, 'node', 1),
('laboris', 4, 'node', 1),
('ullamco', 4, 'node', 1),
('exercitation', 4, 'node', 1),
('nostrud', 4, 'node', 1),
('quis', 4, 'node', 2.91523),
('veniam', 4, 'node', 1),
('minim', 4, 'node', 1),
('enim', 4, 'node', 1),
('aliqua', 4, 'node', 7),
('magna', 4, 'node', 7),
('dolore', 4, 'node', 8),
('labore', 4, 'node', 7),
('incididunt', 4, 'node', 7),
('tempor', 4, 'node', 7),
('eiusmod', 4, 'node', 7),
('sed', 4, 'node', 7),
('299', 44, 'node', 2),
('199', 44, 'node', 2),
('99', 44, 'node', 1),
('249', 44, 'node', 2),
('elit', 4, 'node', 10.8494),
('adipisicing', 4, 'node', 7),
('consectetur', 4, 'node', 7),
('amet', 4, 'node', 8.98087),
('sit', 4, 'node', 8.98087),
('dolor', 4, 'node', 12.8302),
('ipsum', 4, 'node', 8.98087),
('lorem', 4, 'node', 8.98087),
('typography', 4, 'node', 26),
('new', 2, 'node', 1),
('from', 2, 'node', 1),
('areas', 2, 'node', 26),
('make', 6, 'node', 4),
('sponsor', 7, 'node', 37),
('proceeds', 14, 'node', 1),
('managed', 14, 'node', 1),
('sponsored', 14, 'node', 1),
('2012', 14, 'node', 1),
('sponsor', 14, 'node', 1),
('sponsors', 14, 'node', 1),
('exhibitors', 14, 'node', 1),
('160', 14, 'node', 1),
('attendees', 14, 'node', 1),
('4000', 14, 'node', 1),
('than', 14, 'node', 1),
('more', 14, 'node', 1),
('grown', 14, 'node', 1),
('since', 14, 'node', 1),
('infomercial', 14, 'node', 1),
('birth', 14, 'node', 1),
('after', 14, 'node', 1),
('soon', 14, 'node', 1),
('1990', 14, 'node', 1),
('first', 14, 'node', 1),
('held', 14, 'node', 2),
('been', 14, 'node', 1),
('always', 14, 'node', 1),
('has', 14, 'node', 2),
('2009', 14, 'node', 1),
('renamed', 14, 'node', 1),
('was', 14, 'node', 2),
('annual', 14, 'node', 2),
('history', 14, 'node', 1),
('68', 14, 'node', 1),
('october', 14, 'node', 1),
('2015', 14, 'node', 2),
('1618', 14, 'node', 1),
('2014', 14, 'node', 17),
('nevada', 14, 'node', 4),
('location', 14, 'node', 1),
('vegas', 14, 'node', 7),
('las', 14, 'node', 7),
('wynn', 14, 'node', 3),
('venue', 14, 'node', 1),
('2426', 14, 'node', 1),
('september', 14, 'node', 2),
('2013', 14, 'node', 5),
('locations', 14, 'node', 19),
('dates', 14, 'node', 19),
('show', 14, 'node', 22),
('future', 14, 'node', 19),
('radio', 14, 'node', 1),
('mobile', 14, 'node', 1),
('online', 14, 'node', 1),
('television', 14, 'node', 1),
('marketing', 14, 'node', 1),
('through', 14, 'node', 1),
('revenues', 14, 'node', 1),
('maximize', 14, 'node', 1),
('members', 14, 'node', 1),
('includes', 14, 'node', 1),
('which', 14, 'node', 1),
('marketplace', 14, 'node', 1),
('directtoconsumer', 14, 'node', 2),
('leaders', 14, 'node', 1),
('represents', 14, 'node', 1),
('that', 14, 'node', 2),
('internationally', 14, 'node', 1),
('and', 14, 'node', 7),
('trade', 14, 'node', 1),
('only', 14, 'node', 1),
('association', 14, 'node', 4),
('retailing', 14, 'node', 3),
('electronic', 14, 'node', 3),
('produced', 14, 'node', 2),
('convention', 14, 'node', 5),
('d2c', 14, 'node', 3),
('era', 14, 'node', 8),
('the', 14, 'node', 14),
('about', 14, 'node', 26),
('fieldset', 4, 'node', 17.3513),
('account', 4, 'node', 0.909743),
('information', 4, 'node', 0.906287),
('table', 4, 'node', 17.1543),
('row', 4, 'node', 5.36307),
('cell', 4, 'node', 5.35969),
('149', 44, 'node', 1),
('929', 44, 'node', 1),
('650', 44, 'node', 1),
('additional', 44, 'node', 1),
('1699', 44, 'node', 1),
('1599', 44, 'node', 1),
('they', 40, 'node', 0.731649),
('events', 2, 'node', 38),
('special', 2, 'node', 26),
('12', 61, 'node', 1),
('alsace', 61, 'node', 1),
('location', 61, 'node', 1),
('open', 61, 'node', 26),
('development', 24, 'node', 1),
('archive', 3, 'node', 18.5602),
('2011', 3, 'node', 10.7015),
('today', 3, 'node', 10.7896),
('people', 3, 'node', 0.98493),
('twelve', 3, 'node', 0.989021),
('seats', 3, 'node', 0.993146),
('logo', 3, 'node', 0.997306),
('with', 3, 'node', 1),
('sign', 3, 'node', 1),
('tabletop', 3, 'node', 1),
('receive', 3, 'node', 1),
('like', 3, 'node', 1),
('where', 3, 'node', 1),
('choose', 3, 'node', 1),
('reserve', 3, 'node', 11.7896),
('yet', 3, 'node', 4),
('not', 3, 'node', 4),
('individual', 3, 'node', 1),
('tables', 3, 'node', 20),
('proceed', 3, 'node', 1),
('bullet', 3, 'node', 1),
('first', 3, 'node', 1),
('click', 3, 'node', 1),
('email', 3, 'node', 1),
('confirmation', 3, 'node', 1),
('included', 3, 'node', 1),
('info', 3, 'node', 1),
('login', 3, 'node', 1),
('use', 3, 'node', 1),
('your', 3, 'node', 17.7869),
('please', 3, 'node', 1),
('sponsors', 3, 'node', 1),
('exhibitors', 3, 'node', 1),
('attendees', 3, 'node', 1),
('registered', 3, 'node', 8),
('already', 3, 'node', 4),
('how', 3, 'node', 19),
('winners', 3, 'node', 32.3594),
('2012', 3, 'node', 32.3594),
('list', 3, 'node', 1),
('here', 3, 'node', 2),
('table', 3, 'node', 13.7896),
('1399', 44, 'node', 1),
('nonmembers', 44, 'node', 2),
('1329', 44, 'node', 1),
('1129', 44, 'node', 2),
('850', 44, 'node', 1),
('members', 44, 'node', 5),
('onsite', 44, 'node', 2),
('20', 44, 'node', 2),
('sept', 44, 'node', 2),
('1', 44, 'node', 2),
('july', 44, 'node', 2),
('30', 44, 'node', 2),
('june', 44, 'node', 2),
('thru', 44, 'node', 2),
('type', 44, 'node', 1),
('rates', 44, 'node', 19),
('learning', 44, 'node', 1),
('last', 44, 'node', 1),
('supplies', 44, 'node', 1),
('while', 44, 'node', 1),
('inserts', 44, 'node', 1),
('bag', 44, 'node', 1),
('discounted', 44, 'node', 1),
('thurs', 44, 'node', 1),
('wed', 44, 'node', 1),
('breakfasts', 44, 'node', 1),
('the', 44, 'node', 5),
('lunches', 44, 'node', 2),
('free', 44, 'node', 3),
('bar', 44, 'node', 2),
('circle', 44, 'node', 2),
('era', 44, 'node', 7),
('lounge', 44, 'node', 4),
('greet', 44, 'node', 2),
('meet', 44, 'node', 2),
('presentation', 44, 'node', 2),
('keynote', 44, 'node', 2),
('events', 44, 'node', 1),
('networking', 44, 'node', 4),
('reception', 44, 'node', 1),
('opening', 44, 'node', 1),
('list', 44, 'node', 1),
('attendee', 44, 'node', 1),
('online', 44, 'node', 1),
('online', 23, 'node', 11),
('form', 23, 'node', 11),
('application', 23, 'node', 11),
('complete', 23, 'node', 1),
('now', 23, 'node', 1),
('can', 23, 'node', 1),
('you', 23, 'node', 1),
('services', 5, 'node', 1),
('member', 5, 'node', 1),
('industry', 5, 'node', 1),
('fund', 5, 'node', 1),
('used', 5, 'node', 1),
('are', 5, 'node', 1),
('proceeds', 5, 'node', 1),
('ticket', 3, 'node', 1),
('purchase', 3, 'node', 23),
('then', 3, 'node', 2),
('only', 3, 'node', 1),
('floor', 3, 'node', 1),
('show', 3, 'node', 2),
('pass', 3, 'node', 2),
('access', 3, 'node', 1),
('all', 3, 'node', 2),
('register', 3, 'node', 2),
('must', 3, 'node', 1),
('you', 3, 'node', 3),
('attend', 3, 'node', 1),
('order', 3, 'node', 1),
('40', 43, 'node', 1),
('15', 43, 'node', 1),
('3', 43, 'node', 1),
('wwwadvantonecom', 59, 'node', 1),
('website', 59, 'node', 1),
('advontonecom', 59, 'node', 1),
('rkrisel', 59, 'node', 1),
('email', 59, 'node', 1),
('not', 9, 'node', 1),
('visitors', 9, 'node', 1),
('for', 9, 'node', 2),
('krisel', 59, 'node', 1),
('ross', 59, 'node', 1),
('monday', 27, 'node', 1),
('convention', 27, 'node', 1),
('d2c', 27, 'node', 1),
('era', 27, 'node', 2),
('2013', 27, 'node', 2),
('the', 27, 'node', 1),
('for', 27, 'node', 2),
('25', 27, 'node', 28),
('february', 27, 'node', 28),
('opens', 27, 'node', 27),
('registration', 27, 'node', 38),
('storage', 43, 'node', 1),
('integration', 43, 'node', 1),
('payment', 43, 'node', 1),
('encryption', 43, 'node', 1),
('ssl', 43, 'node', 1),
('100000', 43, 'node', 1),
('15000', 43, 'node', 1),
('3000', 43, 'node', 1),
('500', 43, 'node', 1),
('entries', 43, 'node', 1),
('reports', 43, 'node', 1),
('unlimited', 43, 'node', 6),
('10', 43, 'node', 1),
('forms', 43, 'node', 1),
('120', 43, 'node', 1),
('60', 43, 'node', 1),
('5', 43, 'node', 1),
('users', 43, 'node', 1),
('now', 43, 'node', 44),
('order', 43, 'node', 44),
('gala', 1, 'node', 11),
('moxie', 1, 'node', 11),
('attend', 1, 'node', 1),
('pass', 1, 'node', 1),
('access', 1, 'node', 1),
('all', 1, 'node', 1),
('registration', 17, 'node', 26),
('require', 1, 'node', 1),
('them', 1, 'node', 1),
('beside', 1, 'node', 1),
('symbol', 1, 'node', 1),
('this', 1, 'node', 1),
('note', 1, 'node', 1),
('please', 1, 'node', 1),
('business', 1, 'node', 1),
('your', 1, 'node', 1),
('ticketed', 3, 'node', 1),
('separately', 3, 'node', 1),
('tickets', 3, 'node', 62),
('glory', 3, 'node', 4),
('glamour', 3, 'node', 4),
('glitz', 3, 'node', 4),
('930', 3, 'node', 1),
('700', 3, 'node', 1),
('ballroom', 3, 'node', 1),
('nevada', 18, 'node', 1),
('venue', 18, 'node', 1),
('location', 18, 'node', 5),
('and', 18, 'node', 4),
('dates', 18, 'node', 4),
('show', 18, 'node', 4),
('2426', 18, 'node', 2),
('september', 18, 'node', 2),
('from', 18, 'node', 1),
('wynn', 18, 'node', 2),
('vegas', 18, 'node', 4),
('las', 18, 'node', 4),
('place', 18, 'node', 1),
('takes', 18, 'node', 1),
('convention', 18, 'node', 1),
('d2c', 18, 'node', 1),
('era', 18, 'node', 1),
('2013', 18, 'node', 7),
('the', 18, 'node', 2),
('schedule', 18, 'node', 27),
('are', 14, 'node', 1),
('used', 14, 'node', 1),
('fund', 14, 'node', 1),
('industry', 14, 'node', 1),
('member', 14, 'node', 1),
('services', 14, 'node', 1),
('contact', 14, 'node', 1),
('607', 14, 'node', 1),
('14th', 14, 'node', 1),
('street', 14, 'node', 1),
('suite', 14, 'node', 1),
('530', 14, 'node', 1),
('washington', 14, 'node', 1),
('20005', 14, 'node', 1),
('usa', 14, 'node', 1),
('phone', 14, 'node', 1),
('1', 14, 'node', 2),
('8009876462', 14, 'node', 1),
('7038411751', 14, 'node', 1),
('fax', 14, 'node', 1),
('4259771036', 14, 'node', 1),
('webadmin', 14, 'node', 11),
('retailingorg', 14, 'node', 11),
('wwwretailingorg', 14, 'node', 11),
('strengthen', 1, 'node', 1),
('will', 1, 'node', 1),
('unless', 40, 'node', 0.733888),
('granted', 40, 'node', 0.736141),
('vegas', 40, 'node', 0.738408),
('las', 40, 'node', 0.740689),
('accompany', 40, 'node', 0.742984),
('who', 40, 'node', 0.745294),
('convention', 40, 'node', 1.48385),
('tradeonly', 40, 'node', 0.747619),
('d2c', 40, 'node', 1.4862),
('family', 40, 'node', 15.0842),
('friends', 40, 'node', 15.1295),
('children', 40, 'node', 15.8789),
('such', 40, 'node', 0.76188),
('audiotapes', 40, 'node', 0.76431),
('margaux', 3, 'node', 1),
('2013', 3, 'node', 4),
('26', 3, 'node', 4),
('september', 3, 'node', 4),
('thursday', 3, 'node', 4),
('event', 3, 'node', 2),
('exclusive', 3, 'node', 1),
('d2c', 3, 'node', 11),
('award', 3, 'node', 1),
('coveted', 3, 'node', 1),
('located', 89, 'node', 0.638366),
('limousine', 89, 'node', 1.25717),
('bus', 89, 'node', 0.641769),
('variety', 89, 'node', 0.643484),
('large', 89, 'node', 0.645209),
('limo', 89, 'node', 0.646943),
('shuttle', 89, 'node', 1.29045),
('five', 89, 'node', 1.24769),
('allowed', 89, 'node', 0.652202),
('passengers', 89, 'node', 0.653974),
('number', 89, 'node', 0.655756),
('max', 89, 'node', 0.657549),
('originating', 89, 'node', 0.659351),
('fares', 89, 'node', 0.661163),
('charge', 89, 'node', 0.662985),
('180', 89, 'node', 0.664818),
('there', 89, 'node', 0.66666),
('payments', 89, 'node', 0.668514),
('card', 89, 'node', 0.670377),
('credit', 89, 'node', 0.672252),
('accept', 89, 'node', 0.674137),
('most', 89, 'node', 0.679856),
('500pm', 72, 'node', 1),
('900am', 72, 'node', 1),
('that', 1, 'node', 2),
('deals', 1, 'node', 1),
('9096063406', 37, 'node', 1),
('paynich', 37, 'node', 1),
('questions', 37, 'node', 4),
('27', 37, 'node', 4),
('march', 37, 'node', 4),
('wednesday', 37, 'node', 4),
('deadline', 37, 'node', 4),
('format', 37, 'node', 1),
('both', 37, 'node', 1),
('one', 37, 'node', 1),
('complete', 37, 'node', 1),
('guidelines', 37, 'node', 11),
('review', 37, 'node', 11),
('started', 37, 'node', 4),
('getting', 37, 'node', 4),
('staff', 37, 'node', 1),
('committee', 37, 'node', 1),
('content', 37, 'node', 1),
('vote', 37, 'node', 1),
('chosen', 37, 'node', 1),
('will', 37, 'node', 1),
('forms', 37, 'node', 2),
('presented', 37, 'node', 1),
('submission', 37, 'node', 13),
('separate', 37, 'node', 1),
('are', 37, 'node', 1),
('note', 37, 'node', 1),
('there', 37, 'node', 1),
('please', 37, 'node', 1),
('presentation', 37, 'node', 1),
('15minute', 37, 'node', 2),
('sessions', 37, 'node', 2),
('lightning', 37, 'node', 4.2),
('discussion', 37, 'node', 1),
('panel', 37, 'node', 3.2),
('onehour', 37, 'node', 4.2),
('formats', 37, 'node', 1),
('different', 37, 'node', 1),
('2149', 30, 'node', 1),
('most', 3, 'node', 2),
('policies', 21, 'node', 2.8),
('proceed', 21, 'node', 1),
('and', 21, 'node', 1),
('bullet', 21, 'node', 1),
('first', 21, 'node', 1),
('click', 21, 'node', 1),
('email', 21, 'node', 1),
('confirmation', 21, 'node', 1),
('included', 21, 'node', 1),
('info', 21, 'node', 1),
('login', 21, 'node', 1),
('use', 21, 'node', 1),
('here', 21, 'node', 1),
('your', 21, 'node', 3),
('purchase', 21, 'node', 2),
('please', 21, 'node', 1),
('registered', 21, 'node', 4),
('already', 21, 'node', 4),
('2789', 21, 'node', 1),
('2289', 21, 'node', 1),
('2149', 21, 'node', 1),
('twelve', 21, 'node', 1),
('for', 21, 'node', 5),
('table', 21, 'node', 2),
('reserved', 21, 'node', 1),
('399', 21, 'node', 1),
('349', 21, 'node', 1),
('179', 21, 'node', 1),
('tickets', 21, 'node', 32),
('gala', 21, 'node', 20),
('awards', 21, 'node', 20),
('moxie', 21, 'node', 32),
('299', 21, 'node', 2),
('199', 21, 'node', 2),
('99', 21, 'node', 1),
('249', 21, 'node', 2),
('149', 21, 'node', 1),
('929', 21, 'node', 1),
('650', 21, 'node', 1),
('additional', 21, 'node', 1),
('1699', 21, 'node', 1),
('1599', 21, 'node', 1),
('1399', 21, 'node', 1),
('nonmembers', 21, 'node', 2),
('seal', 1, 'node', 1),
('connections', 1, 'node', 1),
('make', 1, 'node', 1),
('where', 1, 'node', 1),
('packed', 1, 'node', 1),
('show', 1, 'node', 1),
('you', 1, 'node', 2),
('like', 1, 'node', 1),
('just', 1, 'node', 1),
('leaders', 1, 'node', 1),
('industry', 1, 'node', 1),
('mix', 1, 'node', 1),
('place', 1, 'node', 1),
('convention', 1, 'node', 1),
('d2c', 1, 'node', 1),
('era', 1, 'node', 1),
('2013', 1, 'node', 1),
('must', 22, 'node', 1),
('payments', 22, 'node', 1),
('seperate', 22, 'node', 1),
('use', 22, 'node', 1),
('like', 22, 'node', 1),
('would', 22, 'node', 1),
('used', 22, 'node', 4),
('may', 22, 'node', 4),
('methods', 22, 'node', 4),
('many', 22, 'node', 4),
('steps', 22, 'node', 1),
('follow', 22, 'node', 1),
('site', 22, 'node', 22),
('visit', 22, 'node', 1),
('can', 22, 'node', 1),
('where', 22, 'node', 5),
('not', 22, 'node', 4),
('card', 22, 'node', 4),
('credit', 22, 'node', 4),
('paying', 22, 'node', 4),
('email', 22, 'node', 1),
('process', 22, 'node', 5),
('immediately', 22, 'node', 1),
('your', 22, 'node', 2),
('once', 22, 'node', 1),
('confirmation', 22, 'node', 5),
('receive', 22, 'node', 6),
('when', 22, 'node', 4),
('check', 22, 'node', 9),
('sent', 22, 'node', 4),
('accepted', 22, 'node', 2),
('method', 22, 'node', 5),
('one', 22, 'node', 5),
('only', 22, 'node', 2),
('note', 22, 'node', 1),
('information', 22, 'node', 1),
('payment', 22, 'node', 10),
('for', 22, 'node', 11),
('receipt', 22, 'node', 1),
('upon', 22, 'node', 1),
('contact', 22, 'node', 6),
('retailingorg', 22, 'node', 22),
('send', 22, 'node', 6),
('and', 22, 'node', 8),
('template', 22, 'node', 17),
('out', 22, 'node', 1),
('fill', 22, 'node', 1),
('show', 22, 'node', 1),
('employees', 22, 'node', 7),
('need', 22, 'node', 1),
('offer', 22, 'node', 1),
('d2c', 22, 'node', 1),
('attending', 22, 'node', 1),
('are', 22, 'node', 1),
('that', 22, 'node', 2),
('companies', 22, 'node', 1),
('larger', 22, 'node', 1),
('service', 22, 'node', 1),
('vip', 22, 'node', 1),
('faq', 22, 'node', 15),
('the', 22, 'node', 11),
('refer', 22, 'node', 1),
('please', 22, 'node', 5),
('registration', 22, 'node', 77),
('regarding', 22, 'node', 1),
('questions', 22, 'node', 1),
('any', 22, 'node', 1),
('have', 22, 'node', 9),
('more', 22, 'node', 8),
('five', 22, 'node', 14),
('register', 22, 'node', 5),
('how', 22, 'node', 5),
('visa', 23, 'node', 15),
('need', 23, 'node', 4),
('sessions', 23, 'node', 1),
('education', 23, 'node', 1),
('best', 23, 'node', 1),
('attend', 23, 'node', 1),
('and', 23, 'node', 1),
('world', 23, 'node', 1),
('around', 23, 'node', 1),
('leaders', 23, 'node', 1),
('with', 23, 'node', 1),
('network', 23, 'node', 1),
('past', 23, 'node', 1),
('vegas', 23, 'node', 1),
('las', 23, 'node', 1),
('traveled', 23, 'node', 1),
('have', 23, 'node', 1),
('countries', 23, 'node', 1),
('60', 23, 'node', 1),
('than', 23, 'node', 1),
('more', 23, 'node', 1),
('from', 23, 'node', 2),
('industry', 23, 'node', 2),
('response', 23, 'node', 1),
('direct', 23, 'node', 1),
('for', 23, 'node', 2),
('stage', 23, 'node', 1),
('global', 23, 'node', 1),
('truly', 23, 'node', 1),
('floor', 25, 'node', 26),
('plan', 25, 'node', 26),
('they', 6, 'node', 6),
('where', 6, 'node', 4),
('industry', 3, 'node', 1),
('celebrate', 3, 'node', 1),
('join', 3, 'node', 1),
('company', 3, 'node', 1.99731),
('superb', 3, 'node', 1),
('and', 3, 'node', 7.99315),
('dinner', 3, 'node', 1),
('exceptional', 3, 'node', 1),
('music', 3, 'node', 1),
('live', 3, 'node', 1),
('features', 3, 'node', 1),
('entrance', 3, 'node', 1),
('grand', 3, 'node', 1),
('for', 3, 'node', 13.989),
('guests', 3, 'node', 2),
('detailed', 18, 'node', 1),
('will', 18, 'node', 1),
('coming', 18, 'node', 1),
('soon', 18, 'node', 1),
('goods', 49, 'node', 1),
('consumer', 49, 'node', 1),
('retail', 49, 'node', 1),
('marketing', 49, 'node', 1),
('ups', 49, 'node', 3),
('bell', 49, 'node', 26),
('gurney', 49, 'node', 26),
('jon', 49, 'node', 26),
('2013', 48, 'node', 1),
('24', 48, 'node', 1),
('september', 48, 'node', 1),
('tuesday', 48, 'node', 1),
('date', 48, 'node', 1),
('500pm', 48, 'node', 1),
('800am', 48, 'node', 1),
('time', 48, 'node', 1),
('2', 48, 'node', 1),
('1', 48, 'node', 1),
('margaux', 48, 'node', 1),
('location', 48, 'node', 1),
('lounge', 48, 'node', 26),
('greet', 48, 'node', 26),
('meet', 48, 'node', 26),
('2013', 42, 'node', 1),
('24', 42, 'node', 1),
('september', 42, 'node', 1),
('tuesday', 42, 'node', 1),
('date', 42, 'node', 1),
('2013', 33, 'node', 1),
('23', 33, 'node', 1),
('september', 33, 'node', 1),
('monday', 33, 'node', 1),
('date', 33, 'node', 1),
('with', 26, 'node', 1),
('assist', 26, 'node', 1),
('shortly', 26, 'node', 1),
('back', 26, 'node', 1),
('get', 26, 'node', 1),
('contact', 26, 'node', 5),
('who', 26, 'node', 4),
('about', 26, 'node', 4),
('question', 26, 'node', 4),
('20005', 26, 'node', 1),
('washington', 26, 'node', 1),
('530', 26, 'node', 1),
('suite', 26, 'node', 1),
('14th', 26, 'node', 1),
('607', 26, 'node', 1),
('association', 26, 'node', 1),
('retailing', 26, 'node', 1),
('electronic', 26, 'node', 1),
('send', 26, 'node', 5),
('should', 26, 'node', 8),
('steps', 26, 'node', 1),
('follow', 26, 'node', 1),
('site', 26, 'node', 11),
('visit', 26, 'node', 1),
('can', 26, 'node', 1),
('where', 26, 'node', 5),
('register', 26, 'node', 3),
('group', 26, 'node', 4),
('not', 26, 'node', 4),
('card', 26, 'node', 4),
('credit', 26, 'node', 4),
('paying', 26, 'node', 4),
('email', 26, 'node', 1),
('immediately', 26, 'node', 1),
('confirmation', 26, 'node', 5),
('receive', 26, 'node', 6),
('when', 26, 'node', 4),
('for', 26, 'node', 4),
('sent', 26, 'node', 4),
('below', 26, 'node', 1),
('faq', 26, 'node', 15),
('refer', 26, 'node', 1),
('regarding', 26, 'node', 1),
('questions', 26, 'node', 1),
('any', 26, 'node', 1),
('have', 26, 'node', 9),
('registrations', 26, 'node', 6),
('process', 26, 'node', 6),
('will', 26, 'node', 8),
('received', 26, 'node', 1),
('payment', 26, 'node', 1),
('your', 26, 'node', 4),
('once', 26, 'node', 2),
('retailingorg', 26, 'node', 22),
('registration', 26, 'node', 43),
('return', 26, 'node', 1),
('and', 26, 'node', 8),
('template', 26, 'node', 25),
('the', 26, 'node', 8),
('out', 26, 'node', 1),
('fill', 26, 'node', 1),
('please', 26, 'node', 4),
('wish', 26, 'node', 1),
('you', 26, 'node', 5),
('transfer', 26, 'node', 52),
('wire', 26, 'node', 52),
('check', 26, 'node', 61),
('pay', 26, 'node', 27),
('convention', 23, 'node', 1),
('d2c', 23, 'node', 1),
('era', 23, 'node', 1),
('the', 23, 'node', 7),
('attendees', 23, 'node', 27),
('international', 23, 'node', 26),
('best', 1, 'node', 1),
('the', 1, 'node', 6),
('with', 1, 'node', 4),
('shake', 1, 'node', 1),
('and', 1, 'node', 2),
('move', 1, 'node', 1),
('events', 1, 'node', 39),
('networking', 1, 'node', 27),
('1329', 21, 'node', 1),
('1129', 21, 'node', 2),
('850', 21, 'node', 1),
('members', 21, 'node', 5),
('onsite', 21, 'node', 2),
('20', 21, 'node', 2),
('sept', 21, 'node', 2),
('1', 21, 'node', 2),
('july', 21, 'node', 2),
('30', 21, 'node', 2),
('june', 21, 'node', 2),
('thru', 21, 'node', 2),
('type', 21, 'node', 1),
('badge', 21, 'node', 1),
('rates', 21, 'node', 19),
('learning', 21, 'node', 1),
('last', 21, 'node', 1),
('supplies', 21, 'node', 1),
('while', 21, 'node', 1),
('inserts', 21, 'node', 1),
('discounted', 21, 'node', 1),
('bag', 21, 'node', 1),
('thurs', 21, 'node', 1),
('wed', 21, 'node', 1),
('breakfasts', 21, 'node', 1),
('the', 21, 'node', 5),
('lunches', 21, 'node', 2),
('founders', 6, 'node', 2),
('inventors', 6, 'node', 2),
('business', 31, 'node', 1),
('exhibitor', 31, 'node', 11),
('measurable', 31, 'node', 1),
('compel', 31, 'node', 1),
('audio', 31, 'node', 1),
('video', 31, 'node', 1),
('leveraging', 31, 'node', 1),
('methodology', 31, 'node', 1),
('marketing', 31, 'node', 1),
('accountable', 31, 'node', 1),
('sophisticated', 31, 'node', 1),
('practice', 31, 'node', 1),
('members', 31, 'node', 1),
('radio', 31, 'node', 1),
('online', 31, 'node', 1),
('television', 31, 'node', 1),
('services', 31, 'node', 2),
('and', 31, 'node', 5),
('goods', 31, 'node', 1),
('sell', 31, 'node', 1),
('response', 31, 'node', 2),
('direct', 31, 'node', 2),
('power', 31, 'node', 1),
('use', 31, 'node', 1),
('which', 31, 'node', 1),
('companies', 31, 'node', 1),
('marketplace', 31, 'node', 1),
('directtoconsumer', 31, 'node', 1),
('leaders', 31, 'node', 1),
('global', 31, 'node', 1),
('represents', 31, 'node', 1),
('that', 31, 'node', 1),
('trade', 31, 'node', 1),
('only', 31, 'node', 1),
('the', 31, 'node', 5),
('market', 31, 'node', 1),
('300billion', 31, 'node', 1),
('morethan', 31, 'node', 1),
('representing', 31, 'node', 1),
('7039081031', 31, 'node', 1),
('phone', 31, 'node', 1),
('website', 31, 'node', 1),
('retailingorg', 31, 'node', 2),
('dmartin', 31, 'node', 1),
('email', 31, 'node', 1),
('telebrands', 32, 'node', 26),
('123', 32, 'node', 1),
('main', 32, 'node', 1),
('street', 32, 'node', 1),
('suite', 32, 'node', 1),
('444', 32, 'node', 1),
('nowhere', 32, 'node', 1),
('united', 32, 'node', 1),
('states', 32, 'node', 1),
('12345', 32, 'node', 1),
('tags', 32, 'node', 1),
('sponsor', 32, 'node', 11),
('500pm', 33, 'node', 1),
('800am', 33, 'node', 1),
('time', 33, 'node', 1),
('12', 33, 'node', 1),
('location', 33, 'node', 1),
('place', 33, 'node', 1),
('meeting', 33, 'node', 1),
('business', 33, 'node', 1),
('and', 33, 'node', 1),
('networking', 33, 'node', 1),
('your', 33, 'node', 1),
('ballroom', 33, 'node', 1),
('dave', 34, 'node', 31),
('martin', 34, 'node', 27),
('the', 34, 'node', 4),
('vice', 34, 'node', 1),
('president', 34, 'node', 1),
('marketing', 34, 'node', 3),
('content', 34, 'node', 1),
('electronic', 34, 'node', 1),
('retailing', 34, 'node', 1),
('association', 34, 'node', 1),
('era', 34, 'node', 3),
('has', 34, 'node', 2),
('worked', 34, 'node', 2),
('for', 34, 'node', 1),
('since', 34, 'node', 1),
('early', 34, 'node', 1),
('2009', 34, 'node', 1),
('before', 34, 'node', 1),
('that', 34, 'node', 1),
('global', 34, 'node', 1),
('telecommunications', 34, 'node', 1),
('product', 34, 'node', 2),
('management', 34, 'node', 1),
('and', 34, 'node', 5),
('development', 34, 'node', 1),
('both', 34, 'node', 1),
('united', 34, 'node', 1),
('states', 34, 'node', 1),
('europe', 34, 'node', 1),
('from', 34, 'node', 3),
('suny', 34, 'node', 1),
('buffalo', 34, 'node', 1),
('mia', 34, 'node', 1),
('columbia', 34, 'node', 1),
('university', 34, 'node', 1),
('katholieke', 34, 'node', 1),
('universiteit', 34, 'node', 1),
('leuven', 34, 'node', 2),
('belgium', 34, 'node', 1),
('fluent', 34, 'node', 1),
('spanish', 34, 'node', 1),
('enjoys', 34, 'node', 1),
('photography', 34, 'node', 1),
('acoustic', 34, 'node', 1),
('guitar', 34, 'node', 1),
('coaching', 34, 'node', 1),
('little', 34, 'node', 1),
('league', 34, 'node', 1),
('baseball', 34, 'node', 1),
('his', 34, 'node', 1),
('spare', 34, 'node', 1),
('time', 34, 'node', 1),
('speaker', 34, 'node', 1),
('reproductions', 40, 'node', 0.766757),
('electronic', 40, 'node', 0.769219),
('videotapes', 40, 'node', 0.771697),
('photographs', 40, 'node', 0.774192),
('voice', 40, 'node', 0.776703),
('free', 21, 'node', 3),
('bar', 21, 'node', 2),
('circle', 21, 'node', 2),
('era', 21, 'node', 7),
('lounge', 21, 'node', 4),
('greet', 21, 'node', 2),
('meet', 21, 'node', 2),
('presentation', 21, 'node', 2),
('keynote', 21, 'node', 2),
('events', 21, 'node', 1),
('networking', 21, 'node', 4),
('reception', 21, 'node', 1),
('opening', 21, 'node', 1),
('list', 21, 'node', 1),
('attendee', 21, 'node', 1),
('online', 21, 'node', 1),
('limited', 21, 'node', 4),
('provides', 21, 'node', 4),
('including', 21, 'node', 5),
('activities', 21, 'node', 8),
('d2c', 21, 'node', 13),
('open', 21, 'node', 4),
('enjoy', 21, 'node', 4),
('only', 21, 'node', 3),
('floor', 21, 'node', 6),
('show', 21, 'node', 7),
('pass', 21, 'node', 8),
('access', 21, 'node', 13),
('all', 21, 'node', 10),
('registration', 21, 'node', 47.8),
('individual', 21, 'node', 46),
('2015', 5, 'node', 5),
('2014', 5, 'node', 5),
('vegas', 5, 'node', 7),
('las', 5, 'node', 7),
('wynn', 5, 'node', 3),
('2426', 5, 'node', 1),
('september', 5, 'node', 2),
('united', 56, 'node', 1),
('exhibitor', 56, 'node', 11),
('3827', 56, 'node', 1),
('211', 56, 'node', 1),
('843', 56, 'node', 1),
('866', 56, 'node', 1),
('phone', 56, 'node', 1),
('wwwa2bfulfillmentcom', 56, 'node', 1),
('website', 56, 'node', 1),
('a2bfcom', 56, 'node', 1),
('email', 56, 'node', 1),
('latz', 56, 'node', 1),
('gary', 56, 'node', 2),
('contact', 56, 'node', 1),
('supplier', 56, 'node', 1),
('type', 56, 'node', 1),
('org', 56, 'node', 1),
('yes', 56, 'node', 1),
('member', 56, 'node', 1),
('era', 56, 'node', 1),
('registration', 61, 'node', 37),
('7038411751', 40, 'node', 0.691597),
('call', 40, 'node', 0.693594),
('retailingorg', 40, 'node', 7.65163),
('service', 40, 'node', 0.697623),
('customer', 40, 'node', 0.699655),
('questions', 40, 'node', 13.3323),
('strollers', 40, 'node', 0.703756),
('infants', 40, 'node', 0.705825),
('martin', 31, 'node', 1),
('dave', 31, 'node', 1),
('contact', 31, 'node', 1),
('marketer', 31, 'node', 1),
('type', 31, 'node', 1),
('org', 31, 'node', 1),
('yes', 31, 'node', 1),
('member', 31, 'node', 1),
('era', 31, 'node', 3),
('302', 31, 'node', 1),
('booth', 31, 'node', 2),
('association', 31, 'node', 28),
('retailing', 31, 'node', 27),
('electronic', 31, 'node', 27),
('contact', 59, 'node', 1),
('exhibitor', 58, 'node', 11),
('7801', 58, 'node', 1),
('233', 58, 'node', 1),
('855', 58, 'node', 1),
('phone', 58, 'node', 1),
('wwwadeptivsolutionscom', 58, 'node', 1),
('website', 58, 'node', 1),
('adeptivsolutionscom', 58, 'node', 1),
('markc', 58, 'node', 1),
('email', 58, 'node', 1),
('chandley', 58, 'node', 1),
('mark', 58, 'node', 1),
('contact', 58, 'node', 1),
('supplier', 58, 'node', 1),
('type', 58, 'node', 1),
('org', 58, 'node', 1),
('yes', 58, 'node', 1),
('member', 58, 'node', 1),
('era', 58, 'node', 1),
('308', 58, 'node', 1),
('booth', 58, 'node', 2),
('solutions', 58, 'node', 26),
('adeptiv', 58, 'node', 26),
('states', 57, 'node', 1),
('united', 57, 'node', 1),
('exhibitor', 57, 'node', 11),
('32', 57, 'node', 1),
('840', 57, 'node', 1),
('800', 57, 'node', 1),
('phone', 57, 'node', 1),
('wwwaccessdevelopmentcom', 57, 'node', 1),
('website', 57, 'node', 1),
('accessdevelopmentcom', 57, 'node', 1),
('davecook', 57, 'node', 1),
('email', 57, 'node', 1),
('hiller', 57, 'node', 1),
('melissa', 57, 'node', 1),
('contact', 57, 'node', 1),
('supplier', 57, 'node', 1),
('type', 57, 'node', 1),
('org', 57, 'node', 1),
('member', 57, 'node', 1),
('era', 57, 'node', 1),
('523', 57, 'node', 1),
('booth', 57, 'node', 2),
('development', 57, 'node', 26),
('access', 57, 'node', 26),
('1121', 56, 'node', 1),
('booth', 56, 'node', 2),
('fulfillment', 56, 'node', 26),
('a2b', 56, 'node', 26),
('limited', 44, 'node', 4),
('provides', 44, 'node', 4),
('activities', 44, 'node', 8),
('including', 40, 'node', 0.707906),
('under', 40, 'node', 0.71),
('absolutely', 40, 'node', 0.712106),
('registered', 40, 'node', 0.714225),
('affiliation', 40, 'node', 0.716357),
('2289', 30, 'node', 1),
('session', 37, 'node', 9.4),
('two', 37, 'node', 2),
('offering', 37, 'node', 1),
('year', 37, 'node', 1),
('program', 37, 'node', 1),
('education', 37, 'node', 1),
('strategy', 37, 'node', 1),
('crowdsourcing', 37, 'node', 1),
('initiating', 37, 'node', 1),
('association', 37, 'node', 1),
('electronic', 37, 'node', 1),
('retailing', 37, 'node', 1),
('again', 37, 'node', 1),
('once', 37, 'node', 1),
('expertise', 37, 'node', 1),
('others', 37, 'node', 1),
('impart', 37, 'node', 1),
('space', 37, 'node', 1),
('marketing', 37, 'node', 1),
('conference', 37, 'node', 1),
('directtoconsumer', 37, 'node', 1),
('annual', 37, 'node', 1),
('premier', 37, 'node', 1),
('participate', 37, 'node', 1),
('opportunity', 37, 'node', 1),
('this', 37, 'node', 2),
('setting', 37, 'node', 1),
('perfect', 37, 'node', 1),
('may', 37, 'node', 1),
('speaker', 38, 'node', 34),
('service', 38, 'node', 26),
('center', 38, 'node', 26),
('thank', 38, 'node', 1),
('you', 38, 'node', 4),
('for', 38, 'node', 3),
('your', 38, 'node', 2),
('willingness', 38, 'node', 1),
('share', 38, 'node', 1),
('time', 38, 'node', 1),
('knowledge', 38, 'node', 1),
('and', 38, 'node', 5),
('resources', 38, 'node', 2),
('content', 38, 'node', 2),
('leader', 38, 'node', 2),
('the', 38, 'node', 6),
('2013', 38, 'node', 2),
('era', 38, 'node', 1),
('d2c', 38, 'node', 2),
('convention', 38, 'node', 1),
('below', 38, 'node', 1),
('will', 38, 'node', 1),
('find', 38, 'node', 1),
('all', 38, 'node', 1),
('need', 38, 'node', 1),
('create', 38, 'node', 1),
('successful', 38, 'node', 1),
('session', 38, 'node', 1),
('attendees', 38, 'node', 1),
('get', 38, 'node', 1),
('word', 38, 'node', 1),
('out', 38, 'node', 1),
('about', 38, 'node', 1),
('conference', 38, 'node', 3),
('using', 38, 'node', 1),
('our', 38, 'node', 1),
('twitter', 38, 'node', 1),
('hashtag', 38, 'node', 1),
('d2c2013', 38, 'node', 11),
('dates', 38, 'node', 4),
('deadlines', 38, 'node', 4),
('accept', 38, 'node', 1),
('letter', 38, 'node', 1),
('agreement', 38, 'node', 1),
('tbd', 38, 'node', 5),
('update', 38, 'node', 1),
('profile', 38, 'node', 1),
('read', 38, 'node', 1),
('manual', 38, 'node', 1),
('register', 38, 'node', 1),
('june', 38, 'node', 1),
('30', 38, 'node', 1),
('reserve', 38, 'node', 1),
('hotel', 38, 'node', 1),
('room', 38, 'node', 1),
('applicable', 38, 'node', 1),
('attend', 38, 'node', 1),
('orientation', 38, 'node', 1),
('call', 38, 'node', 1),
('should', 38, 'node', 1),
('have', 38, 'node', 1),
('any', 38, 'node', 1),
('questions', 38, 'node', 1),
('please', 38, 'node', 1),
('contact', 38, 'node', 1),
('paynich', 38, 'node', 1),
('vpaynich', 38, 'node', 11),
('retailingorg', 38, 'node', 11),
('policy', 38, 'node', 1),
('questions', 39, 'node', 1),
('and', 39, 'node', 1),
('answers', 39, 'node', 1),
('select', 39, 'node', 4),
('one', 39, 'node', 7.87231),
('the', 39, 'node', 7.89945),
('following', 39, 'node', 4),
('contact', 39, 'node', 2),
('information', 39, 'node', 2),
('please', 39, 'node', 1),
('provide', 39, 'node', 2.84154),
('main', 39, 'node', 1),
('this', 39, 'node', 2),
('proposal', 39, 'node', 1),
('first', 39, 'node', 7.40013),
('last', 39, 'node', 6.40013),
('title', 39, 'node', 9.40012),
('company', 39, 'node', 7.40013),
('email', 39, 'node', 6.40013),
('mobile', 39, 'node', 6.40013),
('phone', 39, 'node', 6.40013),
('tip', 39, 'node', 4),
('remember', 39, 'node', 1),
('vital', 39, 'node', 1),
('selection', 39, 'node', 1),
('process', 39, 'node', 1),
('make', 39, 'node', 1),
('sure', 39, 'node', 2),
('impression', 39, 'node', 1),
('memorable', 39, 'node', 1),
('8', 39, 'node', 1),
('words', 39, 'node', 2),
('description', 39, 'node', 3),
('write', 39, 'node', 1),
('include', 39, 'node', 1),
('3', 39, 'node', 1.89945),
('specific', 39, 'node', 1),
('objectives', 39, 'node', 1),
('educational', 39, 'node', 1),
('content', 39, 'node', 1),
('answer', 39, 'node', 1),
('question', 39, 'node', 1),
('why', 39, 'node', 1),
('anyone', 39, 'node', 1),
('attend', 39, 'node', 1),
('note', 39, 'node', 1),
('selected', 39, 'node', 2.88847),
('will', 39, 'node', 1.99315),
('appear', 39, 'node', 1),
('promotional', 39, 'node', 1),
('materials', 39, 'node', 1),
('100', 39, 'node', 1),
('moderators', 39, 'node', 1),
('panelists', 39, 'node', 5.8289),
('important', 39, 'node', 7.59781),
('must', 39, 'node', 4),
('confirmed', 39, 'node', 1),
('beforehand', 39, 'node', 1),
('representative', 39, 'node', 1),
('per', 39, 'node', 4.73402),
('allowed', 39, 'node', 0.993146),
('not', 39, 'node', 8.38523),
('speak', 39, 'node', 1.88438),
('additional', 39, 'node', 1.88033),
('panels', 39, 'node', 1.8763),
('person', 39, 'node', 1.87232),
('conference', 39, 'node', 1.86836),
('total', 39, 'node', 3.85992),
('number', 39, 'node', 3.84435),
('including', 39, 'node', 3.8289),
('4', 39, 'node', 4.68277),
('exceed', 39, 'node', 3.79839),
('image', 40, 'node', 0.779231),
('future', 40, 'node', 0.781775),
('now', 40, 'node', 0.784336),
('both', 40, 'node', 0.786915),
('agreement', 40, 'node', 0.78951),
('constitutes', 40, 'node', 0.792123),
('activities', 40, 'node', 1.55422),
('other', 40, 'node', 0.797402),
('meetings', 40, 'node', 0.800068),
('participation', 40, 'node', 0.802752),
('attendance', 40, 'node', 0.805455),
('images', 40, 'node', 15.3553),
('photographic', 40, 'node', 15.4074),
('consent', 40, 'node', 15.4598),
('match', 40, 'node', 0.816452),
('provided', 40, 'node', 0.819249),
('attendee', 40, 'node', 3.87054),
('nonmember', 40, 'node', 0.824901),
('between', 40, 'node', 0.827757),
('difference', 40, 'node', 0.830633),
('pay', 40, 'node', 0.833529),
('required', 40, 'node', 0.836446),
('lapsed', 40, 'node', 0.839384),
('membership', 40, 'node', 1.65602),
('time', 40, 'node', 1.68766),
('standing', 40, 'node', 0.848323),
('good', 40, 'node', 0.851346),
('events', 40, 'node', 1.61386),
('receive', 40, 'node', 1.67391),
('order', 40, 'node', 1.677),
('pricing', 40, 'node', 18.0804),
('member', 40, 'node', 19.8162),
('allowed', 40, 'node', 0.869951),
('program', 40, 'node', 0.873132),
('invites', 40, 'node', 0.876337),
('exhibitor', 40, 'node', 0.879565),
('through', 40, 'node', 0.882818),
('requests', 40, 'node', 0.886095),
('20', 40, 'node', 0.889397),
('september', 40, 'node', 0.892724),
('preregistered', 40, 'node', 0.896076),
('passes', 40, 'node', 18.8685),
('guest', 40, 'node', 18.9332),
('rates', 40, 'node', 1.72835),
('current', 40, 'node', 0.909743),
('based', 40, 'node', 0.913226),
('new', 40, 'node', 1.80283),
('considered', 40, 'node', 0.920273),
('floor', 40, 'node', 2.54497),
('pass', 40, 'node', 3.67767),
('access', 40, 'node', 2.58168),
('downgrade', 40, 'node', 0.934703),
('downgrades', 40, 'node', 17.8293),
('forfeiture', 40, 'node', 0.942091),
('result', 40, 'node', 0.945829),
('upon', 40, 'node', 0.949597),
('question', 40, 'node', 0.953396),
('name', 40, 'node', 18.0999),
('matching', 40, 'node', 0.961087),
('photo', 40, 'node', 0.96498),
('present', 40, 'node', 0.968904),
('failure', 40, 'node', 0.972861),
('identification', 40, 'node', 0.976851),
('valid', 40, 'node', 0.980874),
('show', 40, 'node', 3.5299),
('asked', 40, 'node', 0.989021),
('may', 40, 'node', 0.993146),
('attendees', 40, 'node', 0.997306),
('voided', 40, 'node', 2),
('available', 40, 'node', 1),
('immediately', 40, 'node', 1),
('found', 40, 'node', 1),
('more', 40, 'node', 1),
('two', 40, 'node', 1),
('top', 40, 'node', 1),
('inserted', 40, 'node', 1),
('place', 40, 'node', 1),
('used', 40, 'node', 1),
('cards', 40, 'node', 1),
('business', 40, 'node', 1),
('named', 40, 'node', 1),
('use', 40, 'node', 17.1943),
('exclusive', 40, 'node', 1),
('intended', 40, 'node', 1),
('each', 40, 'node', 1),
('sharing', 40, 'node', 20),
('individuals', 40, 'node', 2),
('directly', 40, 'node', 1),
('reissue', 40, 'node', 1.99731),
('era', 40, 'node', 24.6793),
('those', 40, 'node', 2),
('responsibility', 40, 'node', 1),
('full', 40, 'node', 1),
('accepts', 40, 'node', 1),
('employees', 40, 'node', 1),
('multiple', 40, 'node', 1),
('badges', 40, 'node', 5),
('person', 40, 'node', 3),
('collects', 40, 'node', 1),
('event', 40, 'node', 3.58764),
('encouraged', 40, 'node', 1),
('although', 40, 'node', 1),
('pickup', 40, 'node', 20),
('distribution', 40, 'node', 19.7869),
('group', 40, 'node', 20),
('issued', 40, 'node', 2),
('been', 40, 'node', 1),
('has', 40, 'node', 1.83938),
('badge', 40, 'node', 66.2914),
('cannot', 40, 'node', 2),
('information', 40, 'node', 1.91674),
('contact', 40, 'node', 1.69966),
('updating', 40, 'node', 1),
('well', 40, 'node', 1),
('that', 40, 'node', 3),
('with', 40, 'node', 1),
('associated', 40, 'node', 1),
('due', 40, 'node', 1),
('balance', 40, 'node', 1),
('obligations', 40, 'node', 1),
('any', 40, 'node', 2),
('financial', 40, 'node', 1),
('responsible', 40, 'node', 1),
('request', 40, 'node', 1.94583),
('submitting', 40, 'node', 1),
('individual', 40, 'node', 1.83645),
('registrant', 40, 'node', 2.56614),
('original', 40, 'node', 1.91674),
('per', 40, 'node', 1),
('one', 40, 'node', 2.71),
('2013', 5, 'node', 5),
('locations', 5, 'node', 19),
('dates', 5, 'node', 19),
('show', 5, 'node', 22),
('future', 5, 'node', 19),
('radio', 5, 'node', 1),
('mobile', 5, 'node', 1),
('online', 5, 'node', 1),
('television', 5, 'node', 1),
('marketing', 5, 'node', 1),
('through', 5, 'node', 1),
('revenues', 5, 'node', 1),
('maximize', 5, 'node', 1),
('members', 5, 'node', 1),
('includes', 5, 'node', 1),
('which', 5, 'node', 1),
('marketplace', 5, 'node', 1),
('directtoconsumer', 5, 'node', 2),
('leaders', 5, 'node', 1),
('represents', 5, 'node', 1),
('that', 5, 'node', 2),
('internationally', 5, 'node', 1),
('and', 5, 'node', 7),
('trade', 5, 'node', 1),
('only', 5, 'node', 1),
('association', 5, 'node', 3),
('retailing', 5, 'node', 2),
('electronic', 5, 'node', 2),
('produced', 5, 'node', 2),
('convention', 5, 'node', 5),
('d2c', 5, 'node', 3),
('era', 5, 'node', 7),
('the', 5, 'node', 14),
('about', 5, 'node', 26),
('convention', 37, 'node', 2),
('d2c', 37, 'node', 2),
('2013', 37, 'node', 6),
('then', 37, 'node', 1),
('large', 37, 'node', 1),
('industry', 37, 'node', 2),
('the', 37, 'node', 23),
('and', 37, 'node', 5),
('members', 37, 'node', 2),
('era', 37, 'node', 8),
('fellow', 37, 'node', 1),
('your', 37, 'node', 3),
('with', 37, 'node', 2),
('moderator', 39, 'node', 9.22397),
('for', 39, 'node', 5.82318),
('reserved', 39, 'node', 1),
('15', 39, 'node', 4),
('another', 39, 'node', 1),
('length', 39, 'node', 1),
('minutes', 39, 'node', 8),
('45', 39, 'node', 4),
('all', 39, 'node', 3.9347),
('takeaways', 39, 'node', 1),
('with', 39, 'node', 2),
('study', 39, 'node', 2),
('case', 39, 'node', 2),
('compelling', 39, 'node', 1),
('practices', 39, 'node', 2),
('best', 39, 'node', 2),
('offer', 39, 'node', 1),
('your', 39, 'node', 7.88847),
('max', 39, 'node', 3),
('speakers', 39, 'node', 3.9347),
('2', 39, 'node', 1.89945),
('consider', 39, 'node', 1),
('may', 39, 'node', 2.88847),
('era', 39, 'node', 2.86836),
('circumstances', 39, 'node', 1),
('special', 39, 'node', 1),
('under', 39, 'node', 1),
('however', 39, 'node', 1),
('speaker', 39, 'node', 17.2934),
('executives', 6, 'node', 2),
('clevel', 6, 'node', 2),
('managers', 6, 'node', 2),
('everyone', 6, 'node', 2),
('peers', 6, 'node', 2),
('their', 6, 'node', 4),
('network', 6, 'node', 2),
('and', 6, 'node', 23),
('technologies', 6, 'node', 2),
('latest', 6, 'node', 2),
('about', 6, 'node', 4),
('learn', 6, 'node', 2),
('come', 6, 'node', 6),
('response', 6, 'node', 2),
('direct', 6, 'node', 2),
('facets', 6, 'node', 2),
('all', 6, 'node', 2),
('from', 6, 'node', 4),
('attendees', 6, 'node', 2),
('4000', 6, 'node', 2),
('decisionmakersnearly', 6, 'node', 1),
('industry', 6, 'node', 2),
('before', 6, 'node', 2),
('get', 6, 'node', 2),
('opportunity', 6, 'node', 2),
('marketing', 6, 'node', 4),
('unparalleled', 6, 'node', 2),
('with', 6, 'node', 4),
('company', 6, 'node', 2),
('your', 6, 'node', 40),
('provides', 6, 'node', 2),
('show', 6, 'node', 2),
('d2c', 6, 'node', 34),
('the', 6, 'node', 6),
('exhibit', 6, 'node', 37),
('1', 39, 'node', 4.89945),
('only', 39, 'node', 5),
('have', 39, 'node', 1),
('should', 39, 'node', 8.79839),
('sessions', 39, 'node', 3.87231),
('proposed', 39, 'node', 5),
('format', 39, 'node', 2),
('discussion', 39, 'node', 2),
('panel', 39, 'node', 11.8568),
('60minute', 39, 'node', 1),
('lightning', 39, 'node', 11.8568),
('15minute', 39, 'node', 1),
('type', 39, 'node', 5.5041),
('form', 39, 'node', 26),
('submission', 39, 'node', 26),
('session', 39, 'node', 61.4636),
('share', 37, 'node', 1),
('want', 37, 'node', 1),
('topic', 37, 'node', 1),
('idea', 37, 'node', 1),
('innovative', 37, 'node', 1),
('have', 37, 'node', 1),
('you', 37, 'node', 3),
('entries', 37, 'node', 26),
('for', 37, 'node', 29),
('call', 37, 'node', 26),
('impossible', 9, 'node', 1),
('was', 9, 'node', 2),
('roy', 9, 'node', 26),
('sheila', 9, 'node', 26),
('twelve', 30, 'node', 1),
('table', 30, 'node', 1.96498),
('reserved', 30, 'node', 1),
('399', 30, 'node', 1),
('349', 30, 'node', 1),
('179', 30, 'node', 1),
('tickets', 30, 'node', 31.9339),
('gala', 30, 'node', 19.9729),
('awards', 30, 'node', 19.9729),
('moxie', 30, 'node', 31.9378),
('299', 30, 'node', 2),
('199', 30, 'node', 2),
('99', 30, 'node', 1),
('249', 30, 'node', 2),
('149', 30, 'node', 1),
('four', 30, 'node', 1),
('1199', 30, 'node', 1),
('699', 30, 'node', 1),
('nonmembers', 30, 'node', 3),
('999', 30, 'node', 2),
('799', 30, 'node', 1),
('599', 30, 'node', 1),
('members', 30, 'node', 3),
('company', 30, 'node', 2),
('same', 30, 'node', 2),
('from', 30, 'node', 2),
('sponsors', 30, 'node', 2),
('exhibitors', 30, 'node', 2),
('additional', 30, 'node', 2),
('space', 30, 'node', 2),
('exhibit', 30, 'node', 2),
('100', 30, 'node', 2),
('each', 30, 'node', 2),
('for', 30, 'node', 9),
('passes', 30, 'node', 2),
('two', 30, 'node', 1),
('onsite', 30, 'node', 2),
('20', 30, 'node', 2),
('sept', 30, 'node', 2),
('1', 30, 'node', 2),
('july', 30, 'node', 2),
('30', 30, 'node', 2),
('june', 30, 'node', 2),
('thru', 30, 'node', 2),
('type', 30, 'node', 1),
('badge', 30, 'node', 1),
('rates', 30, 'node', 19);
INSERT INTO `search_index` (`word`, `sid`, `type`, `score`) VALUES
('learning', 30, 'node', 1),
('last', 30, 'node', 1),
('supplies', 30, 'node', 1),
('while', 30, 'node', 1),
('inserts', 30, 'node', 1),
('bag', 30, 'node', 1),
('discounted', 30, 'node', 1),
('thurs', 30, 'node', 1),
('wed', 30, 'node', 1),
('breakfasts', 30, 'node', 1),
('the', 30, 'node', 5.98087),
('lunches', 30, 'node', 2),
('free', 30, 'node', 11),
('bar', 30, 'node', 2),
('circle', 30, 'node', 2),
('era', 30, 'node', 5),
('lounge', 30, 'node', 4),
('greet', 30, 'node', 2),
('meet', 30, 'node', 2),
('presentation', 30, 'node', 2),
('keynote', 30, 'node', 2),
('events', 30, 'node', 1),
('networking', 30, 'node', 4),
('reception', 30, 'node', 1),
('opening', 30, 'node', 1),
('list', 30, 'node', 1),
('highresolution', 39, 'node', 1.84154),
('headshot', 39, 'node', 1.83784),
('prefer', 39, 'node', 1.83416),
('jpg', 39, 'node', 1.83051),
('tiff', 39, 'node', 1.82688),
('file', 39, 'node', 1.82329),
('that', 39, 'node', 1.81973),
('minimum', 39, 'node', 1.81619),
('300', 39, 'node', 1.81268),
('dpi', 39, 'node', 1.8092),
('panelist', 39, 'node', 4.5041),
('bio', 39, 'node', 5.40013),
('onehour', 39, 'node', 9.89399),
('privacy', 41, 'node', 28.5069),
('policy', 41, 'node', 26),
('the', 41, 'node', 31.1999),
('electronic', 41, 'node', 1),
('retailing', 41, 'node', 1),
('association', 41, 'node', 1),
('company', 41, 'node', 6.2043),
('committed', 41, 'node', 1),
('protecting', 41, 'node', 1),
('our', 41, 'node', 11.1164),
('customer', 41, 'node', 3.17922),
('personal', 41, 'node', 2.24042),
('information', 41, 'node', 57.0711),
('this', 41, 'node', 6.39755),
('statement', 41, 'node', 2),
('applies', 41, 'node', 1),
('with', 41, 'node', 10.1156),
('respect', 41, 'node', 1),
('that', 41, 'node', 6.43573),
('collect', 41, 'node', 4.51798),
('from', 41, 'node', 5.45595),
('website', 41, 'node', 10.0681),
('located', 41, 'node', 1),
('wwwretailingorg', 41, 'node', 11),
('amendments', 41, 'node', 1),
('will', 41, 'node', 4.45467),
('posted', 41, 'node', 2),
('url', 41, 'node', 2),
('and', 41, 'node', 18.0299),
('effective', 41, 'node', 1),
('when', 41, 'node', 3.56815),
('your', 41, 'node', 28.9939),
('continued', 41, 'node', 1),
('use', 41, 'node', 21.3089),
('site', 41, 'node', 4.14694),
('following', 41, 'node', 2.57771),
('posting', 41, 'node', 1),
('any', 41, 'node', 4.29608),
('amendment', 41, 'node', 1),
('modification', 41, 'node', 1),
('change', 41, 'node', 1.72283),
('shall', 41, 'node', 1),
('constitute', 41, 'node', 1),
('acceptance', 41, 'node', 1),
('thereof', 41, 'node', 1),
('collected', 41, 'node', 13),
('two', 41, 'node', 1),
('types', 41, 'node', 2),
('personally', 41, 'node', 2),
('identifiable', 41, 'node', 4),
('pii', 41, 'node', 19.8588),
('nonpersonally', 41, 'node', 2),
('nonpii', 41, 'node', 14.5972),
('which', 41, 'node', 1.8861),
('also', 41, 'node', 4.59705),
('referred', 41, 'node', 1),
('aggregate', 41, 'node', 1),
('anonymous', 41, 'node', 1.5914),
('data', 41, 'node', 3.92825),
('not', 41, 'node', 5.31579),
('about', 41, 'node', 4.76313),
('you', 41, 'node', 15.5479),
('unless', 41, 'node', 1),
('voluntarily', 41, 'node', 1),
('submit', 41, 'node', 1),
('such', 41, 'node', 4.29699),
('for', 41, 'node', 6.13852),
('example', 41, 'node', 1.64348),
('filling', 41, 'node', 1),
('out', 41, 'node', 8.09784),
('survey', 41, 'node', 1),
('registration', 41, 'node', 1.90629),
('form', 41, 'node', 2),
('may', 41, 'node', 11.6145),
('requested', 41, 'node', 1),
('include', 41, 'node', 1),
('name', 41, 'node', 1),
('address', 41, 'node', 4),
('email', 41, 'node', 1),
('telephone', 41, 'node', 1),
('number', 41, 'node', 2),
('ways', 41, 'node', 1),
('including', 41, 'node', 1.73389),
('tracking', 41, 'node', 1),
('activities', 41, 'node', 1.67603),
('through', 41, 'node', 1),
('computer', 41, 'node', 2),
('settings', 41, 'node', 1),
('mostrecently', 41, 'node', 1),
('visited', 41, 'node', 1),
('addresses', 41, 'node', 1),
('help', 41, 'node', 2.59607),
('diagnose', 41, 'node', 1),
('problems', 41, 'node', 1),
('server', 41, 'node', 1),
('administer', 41, 'node', 1),
('cookies', 41, 'node', 3.8931),
('view', 41, 'node', 1),
('might', 41, 'node', 1.79475),
('store', 41, 'node', 1),
('some', 41, 'node', 1.87313),
('cookie', 41, 'node', 1),
('similar', 41, 'node', 1),
('file', 41, 'node', 0.997306),
('are', 41, 'node', 3.23487),
('small', 41, 'node', 0.989021),
('pieces', 41, 'node', 0.98493),
('stored', 41, 'node', 0.980874),
('hard', 41, 'node', 1.92645),
('drive', 41, 'node', 1.92246),
('spy', 41, 'node', 0.968904),
('otherwise', 41, 'node', 1.62074),
('invade', 41, 'node', 1.91068),
('they', 41, 'node', 1.89932),
('cannot', 41, 'node', 0.953396),
('steal', 41, 'node', 0.949597),
('rather', 41, 'node', 0.945829),
('navigate', 41, 'node', 0.942091),
('easily', 41, 'node', 0.938382),
('possible', 41, 'node', 0.934703),
('deliver', 41, 'node', 1.81062),
('content', 41, 'node', 2.27329),
('specific', 41, 'node', 0.923838),
('interests', 41, 'node', 0.920273),
('prevent', 41, 'node', 1.59852),
('reentering', 41, 'node', 0.913226),
('all', 41, 'node', 2.07765),
('each', 41, 'node', 0.906287),
('connection', 41, 'node', 1.64815),
('general', 41, 'node', 0.899454),
('only', 41, 'node', 2.03547),
('provide', 41, 'node', 3.40371),
('purpose', 41, 'node', 1.47935),
('was', 41, 'node', 0.886095),
('provided', 41, 'node', 1.66715),
('promotional', 41, 'node', 0.879565),
('material', 41, 'node', 0.876337),
('partners', 41, 'node', 2.59657),
('conduct', 41, 'node', 0.869951),
('trend', 41, 'node', 0.866793),
('analysis', 41, 'node', 1.48555),
('pattern', 41, 'node', 0.860547),
('detection', 41, 'node', 0.857458),
('administration', 41, 'node', 0.854391),
('used', 41, 'node', 2.18037),
('contact', 41, 'node', 1.6102),
('necessary', 41, 'node', 2.8839),
('users', 41, 'node', 2.18605),
('optout', 41, 'node', 3.70689),
('receiving', 41, 'node', 2.13475),
('future', 41, 'node', 1.58584),
('mailings', 41, 'node', 1.58294),
('instructions', 41, 'node', 1.57772),
('set', 41, 'node', 1.57486),
('forth', 41, 'node', 1.57202),
('section', 41, 'node', 1.56921),
('below', 41, 'node', 2.35075),
('nonpersonal', 41, 'node', 0.813674),
('demographic', 41, 'node', 0.810915),
('profile', 41, 'node', 0.808176),
('tailor', 41, 'node', 0.805455),
('experience', 41, 'node', 0.802752),
('showing', 41, 'node', 0.800068),
('think', 41, 'node', 0.797402),
('interested', 41, 'node', 0.794753),
('how', 41, 'node', 10.2976),
('share', 41, 'node', 14.3072),
('except', 41, 'node', 0.786915),
('third', 41, 'node', 1.38011),
('parties', 41, 'node', 1.37755),
('without', 41, 'node', 0.779231),
('permission', 41, 'node', 1.37395),
('former', 41, 'node', 0.774192),
('user', 41, 'node', 0.771697),
('other', 41, 'node', 5.30682),
('companies', 41, 'node', 2.0347),
('want', 41, 'node', 0.76431),
('offers', 41, 'node', 0.76188),
('consistent', 41, 'node', 0.759465),
('stated', 41, 'node', 0.757065),
('preferences', 41, 'node', 0.754681),
('entities', 41, 'node', 0.752312),
('disclose', 41, 'node', 2.72876),
('via', 41, 'node', 0.747619),
('sale', 41, 'node', 1.47031),
('assignment', 41, 'node', 0.742984),
('transfer', 41, 'node', 1.33354),
('business', 41, 'node', 3.27661),
('portion', 41, 'node', 0.736141),
('corporate', 41, 'node', 1.45672),
('merger', 41, 'node', 0.731649),
('consolidation', 41, 'node', 0.729424),
('restructuring', 41, 'node', 0.727213),
('assets', 41, 'node', 0.725015),
('required', 41, 'node', 1.37859),
('law', 41, 'node', 1.37642),
('wherein', 41, 'node', 0.718502),
('have', 41, 'node', 0.716357),
('goodfaith', 41, 'node', 0.714225),
('belief', 41, 'node', 0.712106),
('action', 41, 'node', 1.38986),
('comply', 41, 'node', 0.707906),
('current', 41, 'node', 0.705825),
('judicial', 41, 'node', 0.703756),
('proceeding', 41, 'node', 0.7017),
('criminal', 41, 'node', 0.699655),
('investigation', 41, 'node', 0.697623),
('court', 41, 'node', 0.695602),
('order', 41, 'node', 1.37732),
('legal', 41, 'node', 0.691597),
('process', 41, 'node', 1.97832),
('served', 41, 'node', 0.687638),
('believe', 41, 'node', 0.685676),
('investigate', 41, 'node', 0.683725),
('take', 41, 'node', 1.24037),
('regarding', 41, 'node', 0.679856),
('illegal', 41, 'node', 0.677939),
('suspected', 41, 'node', 0.676032),
('fraud', 41, 'node', 1.29603),
('situations', 41, 'node', 0.672252),
('involving', 41, 'node', 0.670377),
('potential', 41, 'node', 1.28563),
('threats', 41, 'node', 0.66666),
('physical', 41, 'node', 0.664818),
('safety', 41, 'node', 1.21773),
('person', 41, 'node', 0.661163),
('violations', 41, 'node', 0.659351),
('terms', 41, 'node', 0.657549),
('outside', 41, 'node', 2.4362),
('bring', 41, 'node', 0.653974),
('products', 41, 'node', 0.652202),
('services', 41, 'node', 1.27073),
('offer', 41, 'node', 0.648686),
('transaction', 41, 'node', 0.646943),
('request', 41, 'node', 1.16319),
('work', 41, 'node', 0.643484),
('credit', 41, 'node', 0.641769),
('card', 41, 'node', 0.640063),
('transactions', 41, 'node', 0.638366),
('manage', 41, 'node', 0.636679),
('database', 41, 'node', 0.635),
('assist', 41, 'node', 1.8804),
('distributing', 41, 'node', 0.63167),
('emails', 41, 'node', 0.630018),
('direct', 41, 'node', 0.628375),
('marketing', 41, 'node', 0.62674),
('collection', 41, 'node', 0.625114),
('storage', 41, 'node', 0.623497),
('prevention', 41, 'node', 0.621888),
('designed', 41, 'node', 0.620288),
('maximizing', 41, 'node', 0.618696),
('require', 41, 'node', 0.617112),
('these', 41, 'node', 0.615536),
('agree', 41, 'node', 0.613969),
('keep', 41, 'node', 0.61241),
('confidential', 41, 'node', 0.610858),
('them', 41, 'node', 0.609315),
('perform', 41, 'node', 0.60778),
('their', 41, 'node', 0.606252),
('obligations', 41, 'node', 0.604732),
('agreements', 41, 'node', 0.60322),
('addition', 41, 'node', 0.601716),
('sell', 41, 'node', 1.19307),
('thirdparties', 41, 'node', 0.59873),
('sponsors', 41, 'node', 0.597248),
('reserve', 41, 'node', 0.595774),
('right', 41, 'node', 0.594307),
('aggregated', 41, 'node', 0.592848),
('group', 41, 'node', 0.591395),
('analyzing', 41, 'node', 0.58995),
('usage', 41, 'node', 0.588512),
('trends', 41, 'node', 0.587082),
('seeking', 41, 'node', 0.585658),
('compatible', 41, 'node', 0.584241),
('advertisers', 41, 'node', 0.582831),
('security', 41, 'node', 8.69434),
('has', 41, 'node', 0.580033),
('industry', 41, 'node', 0.578643),
('standard', 41, 'node', 0.577261),
('measures', 41, 'node', 0.575885),
('place', 41, 'node', 0.574516),
('protect', 41, 'node', 0.573154),
('loss', 41, 'node', 0.571798),
('misuse', 41, 'node', 0.570448),
('alteration', 41, 'node', 0.569105),
('under', 41, 'node', 2.12618),
('control', 41, 'node', 0.566439),
('while', 41, 'node', 0.565115),
('there', 41, 'node', 0.563797),
('thing', 41, 'node', 0.562486),
('perfect', 41, 'node', 0.561181),
('internet', 41, 'node', 0.559882),
('reasonable', 41, 'node', 0.558589),
('steps', 41, 'node', 0.557303),
('insure', 41, 'node', 0.556022),
('websites', 41, 'node', 1.65417),
('links', 41, 'node', 1.10444),
('contain', 41, 'node', 0.552215),
('responsible', 41, 'node', 0.550958),
('practices', 41, 'node', 0.549707),
('choice', 41, 'node', 7.13),
('opt', 41, 'node', 7.11388),
('communications', 41, 'node', 0.545988),
('visiting', 41, 'node', 0.544759),
('era', 41, 'node', 5.9789),
('enewsletter', 41, 'node', 5.96551),
('preference', 41, 'node', 5.95219),
('center', 41, 'node', 5.93892),
('miscellaneous', 41, 'node', 7.00311),
('operated', 41, 'node', 0.537506),
('controlled', 41, 'node', 0.536316),
('united', 41, 'node', 1.58913),
('states', 41, 'node', 1.58795),
('intended', 41, 'node', 0.532778),
('people', 41, 'node', 0.53161),
('within', 41, 'node', 0.530446),
('make', 41, 'node', 0.529288),
('representations', 41, 'node', 0.528135),
('materials', 41, 'node', 0.526987),
('appropriate', 41, 'node', 0.525844),
('intend', 41, 'node', 0.524706),
('children', 41, 'node', 1.04156),
('age', 41, 'node', 1.55841),
('13', 41, 'node', 1.0393),
('nor', 41, 'node', 0.520204),
('seek', 41, 'node', 0.519091),
('attendee', 30, 'node', 1),
('online', 30, 'node', 1),
('limited', 30, 'node', 4),
('provides', 30, 'node', 4),
('including', 30, 'node', 5),
('activities', 30, 'node', 8),
('d2c', 30, 'node', 13),
('open', 30, 'node', 4),
('enjoy', 30, 'node', 4),
('only', 30, 'node', 4),
('floor', 30, 'node', 7),
('show', 30, 'node', 8),
('pass', 30, 'node', 7),
('access', 30, 'node', 13),
('all', 30, 'node', 10),
('registration', 30, 'node', 47.691),
('sponsor', 30, 'node', 45),
('exhibitor', 30, 'node', 45),
('only', 40, 'node', 2.8335),
('onsite', 40, 'node', 1.88282),
('and', 40, 'node', 24.8839),
('conference', 40, 'node', 1),
('prior', 40, 'node', 1),
('permitted', 40, 'node', 3.70791),
('registrations', 40, 'node', 1),
('substitution', 40, 'node', 24),
('see', 40, 'node', 1.91674),
('charge', 40, 'node', 1),
('can', 40, 'node', 1),
('company', 40, 'node', 20.1427),
('same', 40, 'node', 2),
('the', 40, 'node', 34.4623),
('from', 40, 'node', 3.93105),
('substitutions', 40, 'node', 2),
('refunded', 40, 'node', 1),
('not', 40, 'node', 5.60609),
('noshows', 40, 'node', 1),
('after', 40, 'node', 2),
('made', 40, 'node', 3.84234),
('will', 40, 'node', 8.43164),
('refunds', 40, 'node', 2),
('50', 40, 'node', 4),
('for', 40, 'node', 12.5645),
('eligible', 40, 'node', 4),
('are', 40, 'node', 7.3136),
('2013', 40, 'node', 5.8861),
('25', 40, 'node', 5),
('august', 40, 'node', 5),
('before', 40, 'node', 5.71479),
('writing', 40, 'node', 1),
('received', 40, 'node', 5),
('must', 40, 'node', 3.56387),
('cancellations', 40, 'node', 5),
('all', 40, 'node', 4.70218),
('policy', 40, 'node', 71.7797),
('refund', 40, 'node', 23.9167),
('cancellation', 40, 'node', 20.8335),
('policies', 40, 'node', 56.3429),
('600pm', 42, 'node', 1),
('500pm', 42, 'node', 1),
('time', 42, 'node', 1),
('1', 42, 'node', 1),
('mouton', 42, 'node', 1),
('location', 42, 'node', 1),
('presentation', 42, 'node', 26),
('keynote', 42, 'node', 37),
('vpaynich', 37, 'node', 11),
('retailingorg', 37, 'node', 11),
('530', 22, 'node', 1),
('instructions', 22, 'node', 1),
('find', 22, 'node', 1),
('will', 22, 'node', 11),
('you', 22, 'node', 9),
('below', 22, 'node', 2),
('registrations', 22, 'node', 33),
('group', 22, 'node', 55),
('margaux', 33, 'node', 2),
('the', 33, 'node', 2),
('lounge', 33, 'node', 27),
('greet', 33, 'node', 27),
('meet', 33, 'node', 27),
('welcomes', 3, 'node', 1),
('carpet', 3, 'node', 1),
('blue', 3, 'node', 1),
('posh', 3, 'node', 1),
('famous', 3, 'node', 1),
('year', 3, 'node', 1),
('campaigns', 3, 'node', 1),
('best', 3, 'node', 1),
('honoring', 3, 'node', 1),
('celebration', 3, 'node', 1),
('premiere', 3, 'node', 1),
('marketing', 3, 'node', 1),
('response', 3, 'node', 1),
('direct', 3, 'node', 1),
('era', 3, 'node', 13),
('the', 3, 'node', 12),
('gala', 3, 'node', 91.6579),
('including', 44, 'node', 5),
('d2c', 44, 'node', 13),
('open', 44, 'node', 4),
('enjoy', 44, 'node', 4),
('only', 44, 'node', 3),
('floor', 44, 'node', 6),
('show', 44, 'node', 7),
('pass', 44, 'node', 8),
('access', 44, 'node', 13),
('all', 44, 'node', 10),
('types', 44, 'node', 19),
('badge', 44, 'node', 20),
('speaker', 45, 'node', 34),
('policy', 45, 'node', 27),
('the', 45, 'node', 24),
('electronic', 45, 'node', 1),
('retailing', 45, 'node', 1),
('association', 45, 'node', 1),
('era', 45, 'node', 8),
('has', 45, 'node', 1),
('enacted', 45, 'node', 1),
('following', 45, 'node', 2),
('for', 45, 'node', 2),
('its', 45, 'node', 1),
('education', 45, 'node', 2),
('conferences', 45, 'node', 1),
('and', 45, 'node', 8),
('special', 45, 'node', 1),
('events', 45, 'node', 1),
('including', 45, 'node', 1),
('great', 45, 'node', 3),
('ideas', 45, 'node', 3),
('summit', 45, 'node', 3),
('d2c', 45, 'node', 3),
('convention', 45, 'node', 3),
('speakers', 45, 'node', 6),
('should', 45, 'node', 1),
('adhere', 45, 'node', 1),
('supplier', 45, 'node', 5),
('company', 45, 'node', 4),
('may', 45, 'node', 4),
('speak', 45, 'node', 4),
('one', 45, 'node', 2),
('time', 45, 'node', 2),
('each', 45, 'node', 2),
('selected', 45, 'node', 4),
('not', 45, 'node', 3),
('same', 45, 'node', 2),
('conference', 45, 'node', 3),
('subsequent', 45, 'node', 2),
('years', 45, 'node', 2),
('does', 45, 'node', 1),
('support', 45, 'node', 1),
('sponsor', 45, 'node', 1),
('exhibitor', 45, 'node', 1),
('that', 45, 'node', 4),
('specific', 45, 'node', 1),
('event', 45, 'node', 1),
('non', 45, 'node', 3),
('member', 45, 'node', 3),
('during', 45, 'node', 1),
('companies', 45, 'node', 1),
('are', 45, 'node', 1),
('members', 45, 'node', 1),
('will', 45, 'node', 8),
('have', 45, 'node', 1.99731),
('priority', 45, 'node', 1),
('over', 45, 'node', 1),
('suppliers', 45, 'node', 1),
('selection', 45, 'node', 1),
('process', 45, 'node', 1),
('all', 45, 'node', 6),
('must', 45, 'node', 2),
('complete', 45, 'node', 1),
('sign', 45, 'node', 1),
('contract', 45, 'node', 1),
('below', 45, 'node', 1),
('which', 45, 'node', 1),
('distributed', 45, 'node', 1),
('return', 45, 'node', 1),
('published', 45, 'node', 1),
('deadline', 45, 'node', 5),
('registered', 45, 'node', 1),
('with', 45, 'node', 1),
('access', 45, 'node', 1),
('pass', 45, 'node', 1),
('later', 45, 'node', 1),
('than', 45, 'node', 1),
('30', 45, 'node', 1),
('days', 45, 'node', 1),
('prior', 45, 'node', 1),
('date', 45, 'node', 1),
('provided', 45, 'node', 1),
('discounted', 45, 'node', 1),
('rate', 45, 'node', 1),
('note', 45, 'node', 4),
('any', 45, 'node', 4.99731),
('who', 45, 'node', 4),
('fails', 45, 'node', 4),
('register', 45, 'node', 4),
('removed', 45, 'node', 4),
('from', 45, 'node', 4),
('schedule', 45, 'node', 1),
('replaced', 45, 'node', 1),
('necessary', 45, 'node', 1),
('responsible', 45, 'node', 1),
('travel', 45, 'node', 1),
('arrangements', 45, 'node', 1),
('expenses', 45, 'node', 1),
('they', 45, 'node', 1),
('incur', 45, 'node', 1),
('please', 45, 'node', 1),
('contact', 45, 'node', 1),
('paynich', 45, 'node', 11),
('you', 45, 'node', 1),
('questions', 45, 'node', 0.997306),
('comments', 45, 'node', 0.993146),
('twelve', 46, 'node', 1),
('table', 46, 'node', 1.96109),
('reserved', 46, 'node', 1),
('399', 46, 'node', 1),
('349', 46, 'node', 1),
('179', 46, 'node', 1),
('tickets', 46, 'node', 31.9261),
('gala', 46, 'node', 19.9689),
('awards', 46, 'node', 19.9689),
('moxie', 46, 'node', 31.93),
('299', 46, 'node', 2),
('199', 46, 'node', 2),
('99', 46, 'node', 1),
('249', 46, 'node', 2),
('149', 46, 'node', 1),
('four', 46, 'node', 1),
('1199', 46, 'node', 1),
('699', 46, 'node', 1),
('nonmembers', 46, 'node', 3),
('999', 46, 'node', 2),
('799', 46, 'node', 1),
('599', 46, 'node', 1),
('members', 46, 'node', 3),
('company', 46, 'node', 2),
('same', 46, 'node', 2),
('from', 46, 'node', 2),
('sponsors', 46, 'node', 2),
('exhibitors', 46, 'node', 2),
('additional', 46, 'node', 8),
('space', 46, 'node', 2),
('exhibit', 46, 'node', 2),
('100', 46, 'node', 2),
('each', 46, 'node', 2),
('for', 46, 'node', 9),
('passes', 46, 'node', 2),
('two', 46, 'node', 1),
('onsite', 46, 'node', 2),
('20', 46, 'node', 2),
('sept', 46, 'node', 2),
('1', 46, 'node', 2),
('july', 46, 'node', 2),
('30', 46, 'node', 2),
('june', 46, 'node', 2),
('thru', 46, 'node', 2),
('type', 46, 'node', 1),
('rates', 46, 'node', 19),
('learning', 46, 'node', 1),
('last', 46, 'node', 1),
('supplies', 46, 'node', 1),
('while', 46, 'node', 1),
('inserts', 46, 'node', 1),
('bag', 46, 'node', 1),
('discounted', 46, 'node', 1),
('thurs', 46, 'node', 1),
('wed', 46, 'node', 1),
('breakfasts', 46, 'node', 1),
('the', 46, 'node', 5.97685),
('lunches', 46, 'node', 2),
('free', 46, 'node', 11),
('bar', 46, 'node', 2),
('circle', 46, 'node', 2),
('era', 46, 'node', 5),
('lounge', 46, 'node', 4),
('greet', 46, 'node', 2),
('meet', 46, 'node', 2),
('presentation', 46, 'node', 2),
('keynote', 46, 'node', 2),
('events', 46, 'node', 1),
('networking', 46, 'node', 4),
('reception', 46, 'node', 1),
('opening', 46, 'node', 1),
('list', 46, 'node', 1),
('attendee', 46, 'node', 1),
('group', 47, 'node', 55),
('registration', 47, 'node', 114),
('below', 47, 'node', 2),
('you', 47, 'node', 9),
('will', 47, 'node', 11),
('find', 47, 'node', 1),
('instructions', 47, 'node', 1),
('how', 47, 'node', 5),
('register', 47, 'node', 5),
('five', 47, 'node', 14),
('more', 47, 'node', 8),
('have', 47, 'node', 9),
('any', 47, 'node', 1),
('questions', 47, 'node', 1),
('regarding', 47, 'node', 1),
('please', 47, 'node', 5),
('refer', 47, 'node', 1),
('the', 47, 'node', 11),
('faq', 47, 'node', 15),
('vip', 47, 'node', 1),
('service', 47, 'node', 1),
('larger', 47, 'node', 1),
('companies', 47, 'node', 1),
('that', 47, 'node', 2),
('are', 47, 'node', 1),
('attending', 47, 'node', 1),
('d2c', 47, 'node', 1),
('offer', 47, 'node', 1),
('need', 47, 'node', 1),
('employees', 47, 'node', 7),
('show', 47, 'node', 1),
('fill', 47, 'node', 1),
('out', 47, 'node', 1),
('template', 47, 'node', 17),
('and', 47, 'node', 8),
('send', 47, 'node', 6),
('retailingorg', 47, 'node', 22),
('contact', 47, 'node', 6),
('upon', 47, 'node', 1),
('receipt', 47, 'node', 1),
('for', 47, 'node', 11),
('payment', 47, 'node', 10),
('information', 47, 'node', 1),
('note', 47, 'node', 1),
('only', 47, 'node', 2),
('one', 47, 'node', 5),
('method', 47, 'node', 5),
('accepted', 47, 'node', 2),
('registrations', 47, 'node', 7),
('sent', 47, 'node', 4),
('check', 47, 'node', 9),
('when', 47, 'node', 4),
('receive', 47, 'node', 6),
('confirmation', 47, 'node', 5),
('once', 47, 'node', 1),
('your', 47, 'node', 2),
('immediately', 47, 'node', 1),
('process', 47, 'node', 5),
('email', 47, 'node', 1),
('paying', 47, 'node', 4),
('credit', 47, 'node', 4),
('card', 47, 'node', 4),
('not', 47, 'node', 4),
('where', 47, 'node', 5),
('can', 47, 'node', 1),
('visit', 47, 'node', 1),
('site', 47, 'node', 22),
('follow', 47, 'node', 1),
('steps', 47, 'node', 1),
('many', 47, 'node', 4),
('methods', 47, 'node', 4),
('may', 47, 'node', 4),
('used', 47, 'node', 4),
('would', 47, 'node', 1),
('like', 47, 'node', 1),
('use', 47, 'node', 1),
('seperate', 47, 'node', 1),
('payments', 47, 'node', 1),
('must', 47, 'node', 1),
('through', 47, 'node', 1),
('should', 47, 'node', 8),
('electronic', 47, 'node', 1),
('retailing', 47, 'node', 1),
('association', 47, 'node', 1),
('607', 47, 'node', 1),
('14th', 47, 'node', 1),
('suite', 47, 'node', 1),
('530', 47, 'node', 1),
('washington', 47, 'node', 1),
('20005', 47, 'node', 1),
('question', 47, 'node', 4),
('about', 47, 'node', 4),
('who', 47, 'node', 4),
('get', 47, 'node', 1),
('back', 47, 'node', 1),
('shortly', 47, 'node', 1),
('assist', 47, 'node', 1),
('with', 47, 'node', 1),
('exhibit', 47, 'node', 11),
('registration', 40, 'node', 68.3479),
('2789', 30, 'node', 1),
('already', 30, 'node', 4),
('registered', 30, 'node', 4),
('please', 30, 'node', 1),
('purchase', 30, 'node', 1.96498),
('your', 30, 'node', 2.95813),
('here', 30, 'node', 1),
('use', 30, 'node', 1),
('login', 30, 'node', 1),
('info', 30, 'node', 1),
('included', 30, 'node', 0.997306),
('confirmation', 30, 'node', 0.993146),
('email', 30, 'node', 0.989021),
('click', 30, 'node', 0.98493),
('first', 30, 'node', 0.980874),
('bullet', 30, 'node', 0.976851),
('and', 30, 'node', 0.972861),
('proceed', 30, 'node', 0.968904),
('individual', 30, 'node', 0.96498),
('policies', 30, 'node', 2.69104),
('20005', 22, 'node', 1),
('question', 22, 'node', 4),
('about', 22, 'node', 4),
('who', 22, 'node', 4),
('get', 22, 'node', 1),
('back', 22, 'node', 1),
('shortly', 22, 'node', 1),
('assist', 22, 'node', 1),
('with', 22, 'node', 1),
('online', 46, 'node', 1),
('limited', 46, 'node', 4),
('provides', 46, 'node', 4),
('including', 46, 'node', 5),
('activities', 46, 'node', 8),
('d2c', 46, 'node', 13),
('open', 46, 'node', 4),
('enjoy', 46, 'node', 4),
('only', 46, 'node', 10),
('floor', 46, 'node', 13),
('show', 46, 'node', 14),
('pass', 46, 'node', 19),
('access', 46, 'node', 19),
('all', 46, 'node', 16),
('types', 46, 'node', 19),
('badge', 46, 'node', 20),
('registration', 46, 'node', 47.6802),
('sponsor', 46, 'node', 45),
('exhibitor', 46, 'node', 45),
('individual', 44, 'node', 46),
('attending', 49, 'node', 1),
('the', 49, 'node', 3),
('era', 49, 'node', 2),
('d2c', 49, 'node', 1),
('convention', 49, 'node', 1),
('gave', 49, 'node', 1),
('opportunity', 49, 'node', 1),
('help', 49, 'node', 1),
('attendees', 49, 'node', 1),
('understand', 49, 'node', 1),
('their', 49, 'node', 2),
('supply', 49, 'node', 1),
('chains', 49, 'node', 1),
('focused', 49, 'node', 1),
('customer', 49, 'node', 1),
('buying', 49, 'node', 1),
('experience', 49, 'node', 1),
('and', 49, 'node', 1),
('how', 49, 'node', 1),
('logistics', 49, 'node', 1),
('can', 49, 'node', 1),
('support', 49, 'node', 1),
('goals', 49, 'node', 1),
('match', 49, 'node', 1),
('making', 49, 'node', 1),
('service', 49, 'node', 1),
('allowed', 49, 'node', 1),
('accomplish', 49, 'node', 1),
('this', 49, 'node', 1),
('with', 49, 'node', 1),
('new', 49, 'node', 1),
('potential', 49, 'node', 1),
('clients', 49, 'node', 1),
('awards', 3, 'node', 78.5602),
('moxie', 3, 'node', 113.658),
('supplier', 59, 'node', 1),
('type', 59, 'node', 1),
('org', 59, 'node', 1),
('yes', 59, 'node', 1),
('member', 59, 'node', 1),
('era', 59, 'node', 1),
('519', 59, 'node', 1),
('booth', 59, 'node', 2),
('advantone', 59, 'node', 26),
('valley', 60, 'node', 2),
('4195', 60, 'node', 1),
('exhibitor', 60, 'node', 11),
('5262525', 60, 'node', 1),
('805', 60, 'node', 1),
('phone', 60, 'node', 1),
('wwwappliedperceptionscom', 60, 'node', 1),
('website', 60, 'node', 1),
('apcrccom', 60, 'node', 1),
('bstone', 60, 'node', 1),
('email', 60, 'node', 1),
('stone', 60, 'node', 1),
('bruce', 60, 'node', 1),
('contact', 60, 'node', 1),
('supplier', 60, 'node', 1),
('type', 60, 'node', 1),
('org', 60, 'node', 1),
('yes', 60, 'node', 1),
('member', 60, 'node', 1),
('era', 60, 'node', 1),
('402', 60, 'node', 1),
('booth', 60, 'node', 2),
('llc', 60, 'node', 26),
('perceptions', 60, 'node', 26),
('applied', 60, 'node', 26),
('from', 24, 'node', 1),
('benefits', 24, 'node', 1),
('marketing', 24, 'node', 1.98493),
('involved', 24, 'node', 1.98493),
('everyone', 24, 'node', 1),
('should', 24, 'node', 19),
('who', 24, 'node', 20.8843),
('23', 24, 'node', 1),
('leads', 24, 'node', 2),
('6', 24, 'node', 1),
('generated', 24, 'node', 2),
('55', 24, 'node', 4),
('20', 24, 'node', 1),
('tan', 24, 'node', 1),
('31', 24, 'node', 1),
('during', 24, 'node', 1),
('meetings', 24, 'node', 2),
('10', 24, 'node', 2),
('least', 24, 'node', 3),
('had', 24, 'node', 2),
('54', 24, 'node', 4),
('attending', 24, 'node', 2),
('result', 24, 'node', 2),
('deal', 24, 'node', 1),
('signed', 24, 'node', 1),
('60', 24, 'node', 4),
('excellent', 24, 'node', 1),
('were', 24, 'node', 1),
('network', 24, 'node', 1),
('opportunities', 24, 'node', 1),
('said', 24, 'node', 1),
('53', 24, 'node', 4),
('floor', 24, 'node', 1),
('show', 24, 'node', 5),
('services', 24, 'node', 2.93009),
('products', 24, 'node', 1.97286),
('exhibitors', 24, 'node', 2),
('mix', 24, 'node', 1),
('good', 24, 'node', 1),
('was', 24, 'node', 1),
('there', 24, 'node', 1),
('believed', 24, 'node', 1),
('63', 24, 'node', 4),
('need2c', 24, 'node', 19),
('you', 24, 'node', 19.9203),
('people', 24, 'node', 19),
('all', 24, 'node', 19.9274),
('ahead', 24, 'node', 1),
('stay', 24, 'node', 1),
('trends', 24, 'node', 1),
('latest', 24, 'node', 1),
('with', 24, 'node', 1),
('keep', 24, 'node', 1),
('must', 24, 'node', 1),
('succeed', 24, 'node', 1),
('survive', 24, 'node', 1),
('that', 24, 'node', 1),
('know', 24, 'node', 1),
('roi', 24, 'node', 1),
('optimize', 24, 'node', 1),
('drive', 24, 'node', 1),
('ways', 24, 'node', 1),
('needs', 24, 'node', 1),
('for', 24, 'node', 1.91674),
('best', 24, 'node', 1),
('choose', 24, 'node', 1),
('demonstrated', 24, 'node', 1),
('see', 24, 'node', 1),
('will', 24, 'node', 1),
('they', 24, 'node', 4),
('problems', 24, 'node', 1),
('response', 24, 'node', 2),
('direct', 24, 'node', 2),
('their', 24, 'node', 3),
('answers', 24, 'node', 1),
('find', 24, 'node', 21),
('get', 24, 'node', 1),
('convention', 24, 'node', 1),
('era', 24, 'node', 1),
('2013', 24, 'node', 1),
('the', 24, 'node', 29),
('competitors', 24, 'node', 2),
('your', 24, 'node', 1),
('many', 24, 'node', 1),
('including', 24, 'node', 1),
('decisionmakers', 24, 'node', 1),
('3400', 24, 'node', 1),
('than', 24, 'node', 1),
('more', 24, 'node', 2),
('solutions', 24, 'node', 20),
('and', 24, 'node', 31.8001),
('ideas', 24, 'node', 20.9167),
('business', 24, 'node', 21.9931),
('new', 24, 'node', 22.8896),
('provides', 24, 'node', 19),
('d2c', 24, 'node', 41),
('attend', 24, 'node', 46),
('why', 24, 'node', 26),
('date', 63, 'node', 1),
('tuesday', 63, 'node', 1),
('september', 63, 'node', 1),
('24', 63, 'node', 1),
('2013', 63, 'node', 1),
('committee', 64, 'node', 26),
('council', 64, 'node', 26),
('chair', 64, 'node', 26),
('breakfast', 64, 'node', 26),
('location', 64, 'node', 1),
('tbd', 64, 'node', 1),
('time', 64, 'node', 1),
('800am', 64, 'node', 1),
('930am', 64, 'node', 1),
('date', 64, 'node', 1),
('tuesday', 64, 'node', 1),
('september', 64, 'node', 1),
('24', 64, 'node', 1),
('2013', 64, 'node', 1),
('education', 65, 'node', 26),
('sessions', 65, 'node', 26),
('location', 65, 'node', 1),
('tbd', 65, 'node', 1),
('time', 65, 'node', 1),
('900am', 65, 'node', 1),
('500pm', 65, 'node', 1),
('date', 65, 'node', 1),
('tuesday', 65, 'node', 1),
('september', 65, 'node', 1),
('24', 65, 'node', 1),
('2013', 65, 'node', 1),
('education', 66, 'node', 26),
('networking', 66, 'node', 26),
('lunch', 66, 'node', 26),
('location', 66, 'node', 1),
('mouton', 66, 'node', 1),
('1', 66, 'node', 1),
('time', 66, 'node', 1),
('1230pm', 66, 'node', 1),
('145pm', 66, 'node', 1),
('date', 66, 'node', 1),
('tuesday', 66, 'node', 1),
('september', 66, 'node', 1),
('24', 66, 'node', 1),
('2013', 66, 'node', 1),
('new', 67, 'node', 26),
('member', 67, 'node', 26),
('reception', 67, 'node', 26),
('location', 67, 'node', 1),
('tbd', 67, 'node', 1),
('time', 67, 'node', 1),
('400pm', 67, 'node', 1),
('500pm', 67, 'node', 1),
('date', 67, 'node', 1),
('tuesday', 67, 'node', 1),
('september', 67, 'node', 1),
('24', 67, 'node', 1),
('2013', 67, 'node', 1),
('opening', 68, 'node', 26),
('reception', 68, 'node', 26),
('networking', 68, 'node', 11),
('location', 68, 'node', 1),
('sunset', 68, 'node', 1),
('terrace', 68, 'node', 1),
('pool', 68, 'node', 1),
('time', 68, 'node', 1),
('600pm', 68, 'node', 1),
('730pm', 68, 'node', 1),
('date', 68, 'node', 1),
('tuesday', 68, 'node', 1),
('september', 68, 'node', 1),
('24', 68, 'node', 1),
('2013', 68, 'node', 1),
('exhibitor', 69, 'node', 26),
('movein', 69, 'node', 26),
('location', 69, 'node', 1),
('show', 69, 'node', 1),
('floor', 69, 'node', 1),
('time', 69, 'node', 1),
('700am', 69, 'node', 1),
('900am', 69, 'node', 1),
('date', 69, 'node', 1),
('wednesday', 69, 'node', 1),
('september', 69, 'node', 1),
('25', 69, 'node', 1),
('2013', 69, 'node', 1),
('registration', 70, 'node', 26),
('open', 70, 'node', 26),
('location', 70, 'node', 1),
('alsace', 70, 'node', 1),
('12', 70, 'node', 1),
('time', 70, 'node', 1),
('800am', 70, 'node', 1),
('500pm', 70, 'node', 1),
('date', 70, 'node', 1),
('wednesday', 70, 'node', 1),
('september', 70, 'node', 1),
('25', 70, 'node', 1),
('2013', 70, 'node', 1),
('show', 71, 'node', 27),
('floor', 71, 'node', 27),
('open', 71, 'node', 26),
('location', 71, 'node', 1),
('time', 71, 'node', 1),
('900am', 71, 'node', 1),
('600pm', 71, 'node', 1),
('date', 71, 'node', 1),
('wednesday', 71, 'node', 1),
('september', 71, 'node', 1),
('25', 71, 'node', 1),
('2013', 71, 'node', 1),
('time', 72, 'node', 1),
('2013', 72, 'node', 1),
('26', 72, 'node', 1),
('september', 72, 'node', 1),
('thursday', 72, 'node', 1),
('date', 72, 'node', 1),
('location', 72, 'node', 1),
('open', 72, 'node', 26),
('floor', 72, 'node', 27),
('show', 72, 'node', 27),
('free', 73, 'node', 26),
('networking', 73, 'node', 26),
('lunch', 73, 'node', 26),
('location', 73, 'node', 1),
('show', 73, 'node', 1),
('floor', 73, 'node', 1),
('time', 73, 'node', 1),
('1200pm', 73, 'node', 1),
('100pm', 73, 'node', 1),
('date', 73, 'node', 1),
('wednesday', 73, 'node', 1),
('september', 73, 'node', 1),
('25', 73, 'node', 1),
('2013', 73, 'node', 1),
('inventhelpinpex', 74, 'node', 26),
('inventor', 74, 'node', 26),
('twominute', 74, 'node', 26),
('pitch', 74, 'node', 26),
('show', 74, 'node', 11),
('floor', 74, 'node', 11),
('location', 74, 'node', 1),
('d2c', 74, 'node', 1),
('learning', 74, 'node', 1),
('lounge', 74, 'node', 1),
('time', 74, 'node', 1),
('200pm', 74, 'node', 1),
('400pm', 74, 'node', 1),
('date', 74, 'node', 1),
('wednesday', 74, 'node', 1),
('september', 74, 'node', 1),
('25', 74, 'node', 1),
('2013', 74, 'node', 1),
('broadcast', 75, 'node', 26),
('council', 75, 'node', 26),
('reception', 75, 'node', 26),
('location', 75, 'node', 1),
('mouton', 75, 'node', 1),
('2', 75, 'node', 1),
('time', 75, 'node', 1),
('600pm', 75, 'node', 1),
('800pm', 75, 'node', 1),
('date', 75, 'node', 1),
('wednesday', 75, 'node', 1),
('september', 75, 'node', 1),
('25', 75, 'node', 1),
('2013', 75, 'node', 1),
('registration', 76, 'node', 26),
('open', 76, 'node', 26),
('location', 76, 'node', 1),
('alsace', 76, 'node', 1),
('12', 76, 'node', 1),
('time', 76, 'node', 1),
('800am', 76, 'node', 1),
('100pm', 76, 'node', 1),
('date', 76, 'node', 1),
('thursday', 76, 'node', 1),
('september', 76, 'node', 1),
('26', 76, 'node', 1),
('2013', 76, 'node', 1),
('show', 77, 'node', 27),
('floor', 77, 'node', 27),
('open', 77, 'node', 26),
('location', 77, 'node', 1),
('time', 77, 'node', 1),
('900am', 77, 'node', 1),
('500pm', 77, 'node', 1),
('date', 77, 'node', 1),
('thursday', 77, 'node', 1),
('september', 77, 'node', 1),
('26', 77, 'node', 1),
('2013', 77, 'node', 1),
('26', 78, 'node', 1),
('september', 78, 'node', 1),
('thursday', 78, 'node', 1),
('date', 78, 'node', 1),
('floor', 78, 'node', 12),
('show', 78, 'node', 12),
('location', 78, 'node', 1),
('lunch', 78, 'node', 26),
('networking', 78, 'node', 37),
('free', 78, 'node', 26),
('attendees', 79, 'node', 1),
('d2c', 79, 'node', 1),
('audience', 79, 'node', 1),
('showcase', 79, 'node', 1),
('product', 79, 'node', 1),
('new', 79, 'node', 1),
('inpex', 79, 'node', 1),
('inventhelp', 79, 'node', 1),
('from', 79, 'node', 1),
('products', 79, 'node', 2),
('5138', 80, 'node', 1),
('exhibitor', 80, 'node', 11),
('3751', 80, 'node', 1),
('948', 80, 'node', 1),
('562', 80, 'node', 1),
('phone', 80, 'node', 1),
('wwwbaycitiesbiz', 80, 'node', 1),
('website', 80, 'node', 1),
('baycitiescom', 80, 'node', 1),
('pamelav', 80, 'node', 1),
('email', 80, 'node', 1),
('velarde', 80, 'node', 1),
('pamela', 80, 'node', 1),
('contact', 80, 'node', 1),
('supplier', 80, 'node', 1),
('type', 80, 'node', 1),
('org', 80, 'node', 1),
('yes', 80, 'node', 1),
('member', 80, 'node', 1),
('era', 80, 'node', 1),
('317', 80, 'node', 1),
('booth', 80, 'node', 2),
('cities', 80, 'node', 27),
('bay', 80, 'node', 27),
('inventor', 81, 'node', 26),
('the', 81, 'node', 26),
('year', 81, 'node', 26),
('presentation', 81, 'node', 26),
('show', 81, 'node', 12),
('floor', 81, 'node', 12),
('location', 81, 'node', 1),
('latour', 81, 'node', 1),
('stage', 81, 'node', 1),
('time', 81, 'node', 1),
('430pm', 81, 'node', 1),
('500pm', 81, 'node', 1),
('date', 81, 'node', 1),
('thursday', 81, 'node', 1),
('september', 81, 'node', 1),
('26', 81, 'node', 1),
('2013', 81, 'node', 1),
('2013', 82, 'node', 1),
('26', 82, 'node', 1),
('september', 82, 'node', 1),
('thursday', 82, 'node', 1),
('date', 82, 'node', 1),
('floor', 82, 'node', 1),
('show', 82, 'node', 1),
('location', 82, 'node', 1),
('moveout', 82, 'node', 26),
('exhibitor', 82, 'node', 26),
('proceed', 83, 'node', 1),
('bullet', 83, 'node', 1),
('first', 83, 'node', 1),
('click', 83, 'node', 1),
('email', 83, 'node', 1),
('confirmation', 83, 'node', 1),
('included', 83, 'node', 1),
('info', 83, 'node', 1),
('login', 83, 'node', 1),
('education', 24, 'node', 1),
('sessions', 24, 'node', 1),
('executives', 24, 'node', 1),
('building', 24, 'node', 0.997306),
('decision', 24, 'node', 0.993146),
('makers', 24, 'node', 0.989021),
('purchases', 24, 'node', 0.98493),
('marketers', 24, 'node', 0.980874),
('search', 24, 'node', 0.976851),
('agencies', 24, 'node', 0.972861),
('providing', 24, 'node', 0.968904),
('creative', 24, 'node', 0.96498),
('production', 24, 'node', 0.961087),
('media', 24, 'node', 0.957226),
('buyers', 24, 'node', 0.953396),
('purchase', 24, 'node', 0.949597),
('radio', 24, 'node', 0.945829),
('time', 24, 'node', 0.942091),
('suppliers', 24, 'node', 1.85865),
('fulfill', 24, 'node', 0.934703),
('orders', 24, 'node', 0.931053),
('staff', 24, 'node', 0.927431),
('members', 24, 'node', 0.923838),
('count', 24, 'node', 0.920273),
('d2c', 2, 'node', 1),
('learning', 2, 'node', 1),
('lounge', 2, 'node', 1),
('sessions', 2, 'node', 1),
('the', 2, 'node', 2),
('women', 2, 'node', 1),
('business', 2, 'node', 1),
('pavilion', 2, 'node', 1),
('there', 2, 'node', 1),
('something', 2, 'node', 1),
('for', 2, 'node', 1),
('everyone', 2, 'node', 1),
('everyday', 2, 'node', 1),
('show', 2, 'node', 1),
('please', 2, 'node', 1),
('note', 2, 'node', 1),
('that', 2, 'node', 1),
('with', 2, 'node', 1),
('this', 2, 'node', 1),
('symbol', 2, 'node', 1),
('beside', 2, 'node', 1),
('them', 2, 'node', 1),
('require', 2, 'node', 1),
('all', 2, 'node', 1),
('access', 2, 'node', 1),
('pass', 2, 'node', 1),
('attend', 2, 'node', 1),
('http', 85, 'node', 1),
('path', 85, 'node', 1),
('image', 85, 'node', 1),
('entry', 85, 'node', 2),
('slideshow', 85, 'node', 2),
('slide', 85, 'node', 26),
('hearing', 85, 'node', 26),
('chris', 85, 'node', 26),
('entry', 87, 'node', 2),
('slideshow', 87, 'node', 2),
('slide', 87, 'node', 26),
('boilen', 87, 'node', 26),
('scott', 87, 'node', 26),
('register', 44, 'node', 10.9704),
('2149', 46, 'node', 1),
('2289', 46, 'node', 1),
('2789', 46, 'node', 1),
('already', 46, 'node', 4),
('registered', 46, 'node', 4),
('please', 46, 'node', 1),
('purchase', 46, 'node', 1.96109),
('your', 46, 'node', 2.95011),
('here', 46, 'node', 1),
('use', 46, 'node', 1),
('login', 46, 'node', 1),
('info', 46, 'node', 0.997306),
('included', 46, 'node', 0.993146),
('confirmation', 46, 'node', 0.989021),
('email', 46, 'node', 0.98493),
('click', 46, 'node', 0.980874),
('first', 46, 'node', 0.976851),
('bullet', 46, 'node', 0.972861),
('and', 46, 'node', 0.968904),
('proceed', 46, 'node', 0.96498),
('individual', 46, 'node', 0.961087),
('policies', 46, 'node', 2.68023),
('infomercial', 79, 'node', 1),
('five', 79, 'node', 1),
('top', 79, 'node', 1),
('pitching', 79, 'node', 1),
('out', 79, 'node', 1),
('duel', 79, 'node', 1),
('pitchmen', 79, 'node', 1),
('professional', 79, 'node', 1),
('look', 79, 'node', 1),
('430pm', 79, 'node', 1),
('330pm', 79, 'node', 1),
('time', 79, 'node', 1),
('2013', 79, 'node', 1),
('26', 79, 'node', 1),
('september', 79, 'node', 1),
('thursday', 79, 'node', 12),
('date', 79, 'node', 1),
('stage', 79, 'node', 1),
('latour', 79, 'node', 1),
('floor', 79, 'node', 23),
('show', 79, 'node', 23),
('location', 79, 'node', 1),
('pros', 79, 'node', 26),
('the', 79, 'node', 29),
('pitch', 79, 'node', 26),
('will', 89, 'node', 0.676032),
('taxis', 89, 'node', 0.677939),
('know', 89, 'node', 0.681785),
('14', 89, 'node', 0.683725),
('exits', 89, 'node', 1.91792),
('door', 89, 'node', 1.32264),
('claim', 89, 'node', 1.3266),
('outside', 89, 'node', 1.32461),
('baggage', 89, 'node', 1.32859),
('side', 89, 'node', 1.3306),
('east', 89, 'node', 0.697623),
('available', 89, 'node', 0.699655),
('cabs', 89, 'node', 0.7017),
('taxi', 89, 'node', 2.0559),
('minutes', 89, 'node', 1.30307),
('1015', 89, 'node', 0.707906),
('75', 89, 'node', 0.712106),
('miles', 89, 'node', 0.71),
('distance', 89, 'node', 0.714225),
('world', 89, 'node', 0.716357),
('around', 89, 'node', 0.718502),
('accessible', 89, 'node', 0.72066),
('easily', 89, 'node', 0.722831),
('airport', 89, 'node', 12.8102),
('international', 89, 'node', 12.1548),
('mccarran', 89, 'node', 27.088),
('basis', 89, 'node', 0.731649),
('daily', 89, 'node', 0.733888),
('departing', 89, 'node', 0.736141),
('arriving', 89, 'node', 0.738408),
('flights', 89, 'node', 0.740689),
('1000', 89, 'node', 0.742984),
('over', 89, 'node', 0.745294),
('breeze', 89, 'node', 0.747619),
('getting', 89, 'node', 12.1776),
('2370', 89, 'node', 0.754681),
('businesscenter', 89, 'node', 8.27543),
('8003207123', 89, 'node', 0.757065),
('7027702370', 89, 'node', 0.759465),
('center', 89, 'node', 2.54784),
('services', 89, 'node', 1.40268),
('club', 89, 'node', 0.766757),
('country', 89, 'node', 0.769219),
('golf', 89, 'node', 0.771697),
('spa', 89, 'node', 0.774192),
('7027703900', 89, 'node', 1.5484),
('wynnlasvegascom', 89, 'node', 16.8211),
('dining', 89, 'node', 8.59953),
('888352dine', 89, 'node', 0.784336),
('3463', 89, 'node', 1.56869),
('702248dine', 89, 'node', 0.78951),
('restaurant', 89, 'node', 0.792123),
('8883207122', 89, 'node', 1.55906),
('7027707070', 89, 'node', 0.797402),
('concierge', 89, 'node', 0.800068),
('info', 89, 'node', 15.2523),
('office', 89, 'node', 0.808176),
('completereg', 89, 'node', 0.805455),
('brokers', 89, 'node', 0.810915),
('any', 89, 'node', 1.46411),
('with', 89, 'node', 1.56175),
('affiliation', 89, 'node', 0.819249),
('have', 89, 'node', 0.822065),
('that', 89, 'node', 15.2799),
('its', 89, 'node', 0.827757),
('reminds', 89, 'node', 0.830633),
('risk', 89, 'node', 0.833529),
('themselves', 89, 'node', 0.836446),
('find', 89, 'node', 0.839384),
('may', 89, 'node', 0.842342),
('opt', 89, 'node', 0.848323),
('alternatives', 89, 'node', 0.845322),
('who', 89, 'node', 0.851346),
('those', 89, 'node', 0.854391),
('organizations', 89, 'node', 0.857458),
('these', 89, 'node', 1.67146),
('offers', 89, 'node', 0.863659),
('legitimacy', 89, 'node', 0.866793),
('determine', 89, 'node', 0.869951),
('difficult', 89, 'node', 0.873132),
('can', 89, 'node', 0.876337),
('customers', 89, 'node', 0.879565),
('potential', 89, 'node', 0.882818),
('solicit', 89, 'node', 0.886095),
('agent', 89, 'node', 0.889397),
('firm', 89, 'node', 0.892724),
('illegal', 89, 'node', 0.896076),
('while', 89, 'node', 0.899454),
('don', 79, 'node', 1),
('miss', 79, 'node', 1),
('this', 79, 'node', 1),
('lively', 79, 'node', 1),
('and', 79, 'node', 2),
('entertaining', 79, 'node', 1),
('event', 79, 'node', 1),
('catch', 79, 'node', 1),
('glimpse', 79, 'node', 1),
('future', 79, 'node', 1),
('drtv', 79, 'node', 1),
('special', 79, 'node', 11),
('events', 79, 'node', 11),
('only', 79, 'node', 11),
('pass', 79, 'node', 11),
('time', 82, 'node', 1),
('500pm', 82, 'node', 1),
('1159pm', 82, 'node', 1),
('use', 83, 'node', 1),
('your', 83, 'node', 17.7869),
('please', 83, 'node', 1),
('2013', 78, 'node', 1),
('time', 78, 'node', 1),
('1200pm', 78, 'node', 1),
('100pm', 78, 'node', 1),
('events', 78, 'node', 22),
('phone', 59, 'node', 1),
('954', 59, 'node', 1),
('671', 59, 'node', 1),
('6505', 59, 'node', 1),
('test', 59, 'node', 3),
('exhibitor', 59, 'node', 11),
('united', 59, 'node', 1),
('states', 59, 'node', 1),
('states', 56, 'node', 1),
('united', 58, 'node', 1),
('states', 58, 'node', 1),
('fair', 60, 'node', 1),
('street', 60, 'node', 1),
('suite', 60, 'node', 1),
('203', 60, 'node', 1),
('simi', 60, 'node', 1),
('california', 60, 'node', 1),
('93063', 60, 'node', 1),
('united', 60, 'node', 1),
('states', 60, 'node', 1),
('industry', 80, 'node', 1),
('ave', 80, 'node', 1),
('pico', 80, 'node', 1),
('rivera', 80, 'node', 1),
('california', 80, 'node', 1),
('90660', 80, 'node', 1),
('united', 80, 'node', 1),
('states', 80, 'node', 1),
('categories', 31, 'node', 1),
('agencies', 31, 'node', 1),
('media', 31, 'node', 1),
('united', 31, 'node', 1),
('states', 31, 'node', 1),
('hotels', 89, 'node', 0.902857),
('deals', 89, 'node', 0.906287),
('great', 89, 'node', 0.909743),
('offering', 89, 'node', 0.913226),
('contacting', 89, 'node', 0.916736),
('wholesalers', 89, 'node', 0.920273),
('reports', 89, 'node', 0.923838),
('received', 89, 'node', 0.927431),
('past', 89, 'node', 0.931053),
('notice', 89, 'node', 0.934703),
('important', 89, 'node', 16.1907),
('2900', 89, 'node', 0.942091),
('2400', 89, 'node', 0.945829),
('1700', 89, 'node', 0.949597),
('1400', 89, 'node', 0.953396),
('1300', 89, 'node', 1.90305),
('1100', 89, 'node', 0.961087),
('1500', 89, 'node', 1.91081),
('1250', 89, 'node', 0.968904),
('two', 89, 'node', 3.81047),
('nonmember', 89, 'node', 5.72137),
('1150', 89, 'node', 0.980874),
('member', 89, 'node', 5.74465),
('950', 89, 'node', 0.989021),
('bedroom', 89, 'node', 6.70657),
('one', 89, 'node', 4.46772),
('from', 89, 'node', 15.9315),
('choose', 89, 'node', 1),
('information', 89, 'node', 2.53123),
('rate', 89, 'node', 1.93838),
('availability', 89, 'node', 1.93838),
('7038418283', 89, 'node', 1.93838),
('keppsteiner', 89, 'node', 21.3222),
('eppsteiner', 89, 'node', 1.93838),
('karen', 89, 'node', 1.93838),
('book', 89, 'node', 1),
('required', 89, 'node', 1),
('stay', 89, 'node', 1),
('minimum', 89, 'node', 1),
('three', 89, 'node', 1),
('suites', 89, 'node', 2.93838),
('delivery', 89, 'node', 1),
('freight', 89, 'node', 1),
('catering', 89, 'node', 1),
('receive', 89, 'node', 1),
('way', 89, 'node', 1.62511),
('only', 89, 'node', 1),
('booking', 89, 'node', 1.8894),
('special', 89, 'node', 1),
('villa', 89, 'node', 2.89166),
('fairway', 89, 'node', 2.89166),
('salon', 89, 'node', 3.69119),
('parlor', 89, 'node', 2.97017),
('hospitality', 89, 'node', 1),
('own', 89, 'node', 1),
('privacy', 89, 'node', 1),
('luxury', 89, 'node', 1),
('meetings', 89, 'node', 1),
('business', 89, 'node', 1.76431),
('conduct', 89, 'node', 1),
('through', 89, 'node', 31),
('suite', 89, 'node', 36.8847),
('your', 89, 'node', 31),
('reserve', 89, 'node', 30),
('7039081029', 89, 'node', 1),
('retailingorg', 89, 'node', 35.3222),
('desk', 89, 'node', 1),
('help', 89, 'node', 1),
('contact', 89, 'node', 18.1907),
('please', 89, 'node', 3.62017),
('regarding', 89, 'node', 1),
('questions', 89, 'node', 1),
('219', 89, 'node', 1),
('249', 89, 'node', 1),
('king', 89, 'node', 1),
('tower', 89, 'node', 1),
('night', 89, 'node', 15.466),
('199', 89, 'node', 1),
('occupancy', 89, 'node', 3),
('double', 89, 'node', 3),
('single', 89, 'node', 3),
('securing', 89, 'node', 1),
('responsible', 89, 'node', 1),
('not', 89, 'node', 2.57021),
('are', 89, 'node', 2.33802),
('staff', 89, 'node', 1),
('29', 89, 'node', 2),
('august', 89, 'node', 2),
('contact', 90, 'node', 26),
('your', 90, 'node', 2),
('name', 90, 'node', 1),
('email', 90, 'node', 1),
('address', 90, 'node', 1),
('subject', 90, 'node', 1),
('issue', 90, 'node', 2),
('category', 90, 'node', 1),
('select', 90, 'node', 1),
('exhibitor', 90, 'node', 1),
('sponsor', 90, 'node', 1),
('general', 90, 'node', 1),
('qustion', 90, 'node', 1),
('housing', 90, 'node', 1),
('membership', 90, 'node', 1),
('registration', 90, 'node', 1),
('summary', 90, 'node', 1),
('product', 91, 'node', 26),
('two', 91, 'node', 26),
('lorem', 91, 'node', 4),
('ipsum', 91, 'node', 4),
('dolor', 91, 'node', 5),
('sit', 91, 'node', 4),
('amet', 91, 'node', 4),
('consectetur', 91, 'node', 4),
('adipisicing', 91, 'node', 4),
('elit', 91, 'node', 4),
('sed', 91, 'node', 4),
('eiusmod', 91, 'node', 4),
('tempor', 91, 'node', 4),
('incididunt', 91, 'node', 4),
('labore', 91, 'node', 4),
('dolore', 91, 'node', 5),
('magna', 91, 'node', 4),
('aliqua', 91, 'node', 4),
('enim', 91, 'node', 3),
('href', 91, 'node', 1),
('minim', 91, 'node', 3),
('veniam', 91, 'node', 3),
('quis', 91, 'node', 3),
('nostrud', 91, 'node', 3),
('exercitation', 91, 'node', 3),
('ullamco', 91, 'node', 3),
('laboris', 91, 'node', 2),
('nisi', 91, 'node', 2),
('aliquip', 91, 'node', 2),
('commodo', 91, 'node', 2),
('consequat', 91, 'node', 2),
('blockquote', 91, 'node', 2),
('duis', 91, 'node', 1),
('aute', 91, 'node', 1),
('irure', 91, 'node', 1),
('reprehenderit', 91, 'node', 1),
('voluptate', 91, 'node', 1),
('velit', 91, 'node', 1),
('esse', 91, 'node', 1),
('cillum', 91, 'node', 1),
('fugiat', 91, 'node', 1),
('nulla', 91, 'node', 1),
('pariatur', 91, 'node', 1),
('images', 91, 'node', 1),
('teaser', 91, 'node', 1),
('image', 91, 'node', 1),
('kevin', 92, 'node', 26),
('harrington', 92, 'node', 26),
('slide', 92, 'node', 26),
('slideshow', 92, 'node', 1),
('entry', 92, 'node', 1),
('image', 92, 'node', 1),
('made', 89, 'node', 1),
('reservations', 89, 'node', 2.78951),
('all', 89, 'node', 1.66116),
('website', 89, 'node', 28),
('housing', 89, 'node', 43.8082),
('visit', 89, 'node', 1),
('then', 89, 'node', 1),
('2013', 89, 'node', 3),
('register', 89, 'node', 1),
('first', 89, 'node', 1),
('must', 89, 'node', 2),
('you', 89, 'node', 1),
('preferred', 89, 'node', 1),
('secure', 89, 'node', 1),
('attendees', 89, 'node', 2.73813),
('for', 89, 'node', 27.9919),
('rates', 89, 'node', 10.5279),
('room', 89, 'node', 1.81091),
('encore', 89, 'node', 2),
('and', 89, 'node', 18.9331),
('negotiated', 89, 'node', 1.84234),
('specially', 89, 'node', 1),
('secured', 89, 'node', 1),
('has', 89, 'node', 1.92743),
('rooms', 89, 'node', 33),
('resort', 89, 'node', 31),
('7027707100', 89, 'node', 1),
('89109', 89, 'node', 1),
('south', 89, 'node', 1),
('boulevard', 89, 'node', 1),
('3131', 89, 'node', 1),
('convention', 89, 'node', 3.89945),
('d2c', 89, 'node', 3.89945),
('era', 89, 'node', 41.308),
('the', 89, 'node', 52.8948),
('official', 89, 'node', 1.80818),
('vegas', 89, 'node', 40.5347),
('las', 89, 'node', 39.787),
('wynn', 89, 'node', 52.7427),
('travel', 89, 'node', 41.1419),
('hotel', 89, 'node', 29),
('wwwd2cshoworg', 85, 'node', 1),
('register', 85, 'node', 1),
('image', 87, 'node', 1),
('path', 87, 'node', 1),
('register', 87, 'node', 1),
('sponsors', 83, 'node', 1),
('exhibitors', 83, 'node', 1),
('attendees', 83, 'node', 1),
('west', 89, 'node', 0.636679),
('713', 89, 'node', 0.635),
('shuttles', 89, 'node', 1.23505),
('stop', 89, 'node', 0.63167),
('run', 89, 'node', 0.630018),
('6', 89, 'node', 0.628375),
('650', 89, 'node', 0.62674),
('12', 89, 'node', 0.625114),
('13', 89, 'node', 0.623497),
('round', 89, 'node', 0.621888),
('trip', 89, 'node', 0.620288),
('service', 89, 'node', 14.3793),
('runs', 89, 'node', 0.617112),
('48', 89, 'node', 0.615536),
('hour', 89, 'node', 0.613969),
('view', 89, 'node', 13.2101),
('specific', 89, 'node', 6.71944),
('companies', 89, 'node', 13.1604),
('rental', 89, 'node', 7.06568),
('car', 89, 'node', 7.06415),
('dedicated', 89, 'node', 0.604732),
('rentacar', 89, 'node', 1.78746),
('depart', 89, 'node', 0.601716),
('approximately', 89, 'node', 0.600219),
('every', 89, 'node', 0.59873),
('10', 89, 'node', 0.597248),
('11', 89, 'node', 0.595774),
('new', 89, 'node', 0.594307),
('about', 89, 'node', 0.592848),
('call', 89, 'node', 0.591395),
('7022616001', 89, 'node', 0.58995),
('list', 89, 'node', 6.47364),
('registered', 83, 'node', 8),
('already', 83, 'node', 4),
('how', 83, 'node', 19),
('winners', 83, 'node', 32.3594),
('2012', 83, 'node', 21.7015),
('list', 83, 'node', 1),
('here', 83, 'node', 2),
('table', 83, 'node', 13.7896),
('ticket', 83, 'node', 1),
('purchase', 83, 'node', 23),
('then', 83, 'node', 2),
('only', 83, 'node', 1),
('floor', 83, 'node', 1),
('show', 83, 'node', 2),
('pass', 83, 'node', 2),
('access', 83, 'node', 1),
('all', 83, 'node', 2),
('register', 83, 'node', 2),
('must', 83, 'node', 1),
('you', 83, 'node', 3),
('attend', 83, 'node', 1),
('order', 83, 'node', 1),
('ticketed', 83, 'node', 1),
('separately', 83, 'node', 1),
('tickets', 83, 'node', 62),
('glory', 83, 'node', 4),
('glamour', 83, 'node', 4),
('glitz', 83, 'node', 4),
('930', 83, 'node', 1),
('700', 83, 'node', 1),
('ballroom', 83, 'node', 1),
('margaux', 83, 'node', 1),
('2013', 83, 'node', 4),
('26', 83, 'node', 4),
('september', 83, 'node', 4),
('thursday', 83, 'node', 4),
('event', 83, 'node', 2),
('exclusive', 83, 'node', 1),
('d2c', 83, 'node', 11),
('award', 83, 'node', 1),
('coveted', 83, 'node', 1),
('most', 83, 'node', 2),
('industry', 83, 'node', 1),
('celebrate', 83, 'node', 1),
('join', 83, 'node', 1),
('company', 83, 'node', 1.99731),
('superb', 83, 'node', 1),
('and', 83, 'node', 7.99315),
('dinner', 83, 'node', 1),
('exceptional', 83, 'node', 1),
('music', 83, 'node', 1),
('live', 83, 'node', 1),
('features', 83, 'node', 1),
('entrance', 83, 'node', 1),
('grand', 83, 'node', 1),
('for', 83, 'node', 13.989),
('guests', 83, 'node', 2),
('welcomes', 83, 'node', 1),
('carpet', 83, 'node', 1),
('blue', 83, 'node', 1),
('posh', 83, 'node', 1),
('famous', 83, 'node', 1),
('year', 83, 'node', 1),
('campaigns', 83, 'node', 1),
('best', 83, 'node', 1),
('honoring', 83, 'node', 1),
('celebration', 83, 'node', 1),
('premiere', 83, 'node', 1),
('marketing', 83, 'node', 1),
('response', 83, 'node', 1),
('direct', 83, 'node', 1),
('era', 83, 'node', 13),
('the', 83, 'node', 12),
('gala', 83, 'node', 81),
('awards', 83, 'node', 78.5602),
('moxie', 83, 'node', 103),
('tables', 83, 'node', 20),
('individual', 83, 'node', 1),
('not', 83, 'node', 4),
('yet', 83, 'node', 4),
('reserve', 83, 'node', 11.7896),
('choose', 83, 'node', 1),
('where', 83, 'node', 1),
('like', 83, 'node', 1),
('receive', 83, 'node', 1),
('tabletop', 83, 'node', 1),
('sign', 83, 'node', 1),
('with', 83, 'node', 1),
('logo', 83, 'node', 0.997306),
('seats', 83, 'node', 0.993146),
('twelve', 83, 'node', 0.989021),
('people', 83, 'node', 0.98493),
('today', 83, 'node', 10.7896),
('archive', 83, 'node', 18.5602),
('2011', 83, 'node', 10.7015);

-- --------------------------------------------------------

--
-- Table structure for table `search_node_links`
--

CREATE TABLE IF NOT EXISTS `search_node_links` (
  `sid` int(10) unsigned NOT NULL DEFAULT '0' COMMENT 'The search_dataset.sid of the searchable item containing the link to the node.',
  `type` varchar(16) NOT NULL DEFAULT '' COMMENT 'The search_dataset.type of the searchable item containing the link to the node.',
  `nid` int(10) unsigned NOT NULL DEFAULT '0' COMMENT 'The node.nid that this item links to.',
  `caption` longtext COMMENT 'The text used to link to the node.nid.',
  PRIMARY KEY (`sid`,`type`,`nid`),
  KEY `nid` (`nid`)
) ENGINE=MyISAM DEFAULT CHARSET=utf8 COMMENT='Stores items (like nodes) that link to other nodes, used...';

--
-- Dumping data for table `search_node_links`
--

INSERT INTO `search_node_links` (`sid`, `type`, `nid`, `caption`) VALUES
(37, 'node', 39, 'onehour session panel lightning session'),
(21, 'node', 40, 'registration policies'),
(30, 'node', 40, 'registration policies'),
(44, 'node', 40, 'registration policies'),
(46, 'node', 40, 'registration policies');

-- --------------------------------------------------------

--
-- Table structure for table `search_total`
--

CREATE TABLE IF NOT EXISTS `search_total` (
  `word` varchar(50) NOT NULL DEFAULT '' COMMENT 'Primary Key: Unique word in the search index.',
  `count` float DEFAULT NULL COMMENT 'The count of the word in the index using Zipf’s law to equalize the probability distribution.',
  PRIMARY KEY (`word`)
) ENGINE=MyISAM DEFAULT CHARSET=utf8 COMMENT='Stores search totals for words.';

--
-- Dumping data for table `search_total`
--

INSERT INTO `search_total` (`word`, `count`) VALUES
('1', 0.016858),
('2', 0.005658),
('3', 0.020504),
('300px', 0.30103),
('4', 0.023891),
('80px', 0.30103),
('about', 0.005802),
('account', 0.30103),
('adipiscing', 0.037789),
('adipisicing', 0.028029),
('admin', 0.017729),
('amendments', 0.30103),
('located', 0.206924),
('aliqua', 0.028029),
('aliquip', 0.079181),
('amet', 0.024851),
('and', 0.001913),
('anim', 0.176091),
('another', 0.128835),
('augue', 0.130484),
('aute', 0.124939),
('block', 0.30103),
('blog', 0.008774),
('women', 0.30103),
('cell', 0.074296),
('1199', 0.176091),
('699', 0.176091),
('cillum', 0.124939),
('code', 0.019305),
('commodo', 0.079181),
('25', 0.010995),
('condimentum', 0.182139),
('congue', 0.130327),
('consectetuer', 0.034815),
('consectetur', 0.028029),
('consequat', 0.079181),
('culpa', 0.176091),
('cupidatat', 0.176091),
('cursus', 0.080192),
('deserunt', 0.176091),
('display', 0.30103),
('dolor', 0.018618),
('dolore', 0.023481),
('donec', 0.124939),
('drupal', 0.014839),
('duis', 0.124939),
('eget', 0.30103),
('eiusmod', 0.028029),
('reservations', 0.133055),
('elit', 0.02245),
('enim', 0.057992),
('erat', 0.30103),
('eros', 0.30103),
('error', 0.30103),
('esse', 0.124939),
('est', 0.176091),
('excepteur', 0.176091),
('exercitation', 0.057992),
('offer', 0.105194),
('fieldset', 0.024335),
('financial', 0.30103),
('fugiat', 0.124939),
('goes', 0.18338),
('consider', 0.30103),
('header', 0.005409),
('height', 0.30103),
('here', 0.028774),
('incididunt', 0.028029),
('information', 0.006394),
('circumstances', 0.30103),
('ipsum', 0.024851),
('irure', 0.124939),
('however', 0.30103),
('60minute', 0.30103),
('february', 0.014723),
('labore', 0.028029),
('laboris', 0.079181),
('laborum', 0.176091),
('linked', 0.014723),
('links', 0.021082),
('list', 0.007453),
('lorem', 0.024851),
('magna', 0.028029),
('malesuada', 0.037789),
('marketing', 0.025387),
('mattis', 0.30103),
('message', 0.176091),
('messages', 0.022276),
('happen', 0.176091),
('minim', 0.024824),
('mollit', 0.176091),
('more', 0.017114),
('nibh', 0.098184),
('nisi', 0.079181),
('non', 0.066947),
('nostrud', 0.057992),
('nulla', 0.124939),
('nullam', 0.032185),
('nunc', 0.080138),
('occaecat', 0.176091),
('odio', 0.124939),
('plans', 0.176091),
('officia', 0.176091),
('one', 0.014271),
('opportunities', 0.09691),
('ordered', 0.018647),
('paragraph', 0.022276),
('pariatur', 0.124939),
('buy', 0.176091),
('what', 0.176091),
('pede', 0.30103),
('secured', 0.30103),
('post', 0.01524),
('posuere', 0.30103),
('decisions', 0.176091),
('president', 0.176091),
('pretium', 0.30103),
('proident', 0.176091),
('qui', 0.176091),
('quis', 0.04617),
('quisque', 0.100204),
('reprehenderit', 0.124939),
('row', 0.074253),
('clevel', 0.176091),
('sample', 0.098696),
('sapien', 0.30103),
('managers', 0.176091),
('sed', 0.028029),
('sem', 0.080246),
('semper', 0.30103),
('500', 0.30103),
('everyone', 0.09691),
('peers', 0.176091),
('sint', 0.176091),
('sit', 0.024851),
('opens', 0.01524),
('snippet', 0.022276),
('replaced', 0.30103),
('something', 0.070029),
('sunt', 0.01524),
('suscipit', 0.30103),
('suspendisse', 0.124939),
('table', 0.004424),
('technologies', 0.176091),
('tempor', 0.028029),
('registration', 0.000612),
('the', 0.001044),
('then', 0.051837),
('this', 0.023081),
('sheila', 0.01639),
('decisionmakers', 0.176091),
('turpis', 0.30103),
('two', 0.00697),
('typography', 0.01639),
('ullamco', 0.057992),
('unordered', 0.019607),
('urna', 0.124939),
('target', 0.022276),
('velit', 0.124939),
('veniam', 0.024824),
('viverra', 0.30103),
('voluptate', 0.124939),
('volutpat', 0.124939),
('warning', 0.30103),
('well', 0.101273),
('width', 0.30103),
('with', 0.007731),
('networking', 0.002757),
('education', 0.007553),
('moxie', 0.00122),
('awards', 0.001828),
('gala', 0.001644),
('roy', 0.01639),
('was', 0.051849),
('impossible', 0.30103),
('for', 0.002427),
('visitors', 0.30103),
('not', 0.009365),
('see', 0.098753),
('era', 0.002408),
('d2c', 0.002263),
('had', 0.124939),
('lots', 0.30103),
('good', 0.130563),
('conversations', 0.30103),
('have', 0.011816),
('priority', 0.30103),
('ideas', 0.017789),
('trade', 0.124939),
('suppliers', 0.130274),
('only', 0.008455),
('that', 0.009644),
('truly', 0.30103),
('are', 0.022407),
('there', 0.07598),
('business', 0.012577),
('you', 0.0055),
('given', 0.30103),
('many', 0.037789),
('ﬁrst', 0.30103),
('time', 0.01311),
('placement', 0.30103),
('show', 0.001579),
('great', 0.08051),
('usa', 0.124939),
('fulfillment', 0.015794),
('inc', 0.007984),
('loren', 0.01639),
('crannell', 0.01639),
('moulton', 0.30103),
('has', 0.036681),
('been', 0.098017),
('summit', 0.124939),
('than', 0.079181),
('10', 0.106528),
('years', 0.09691),
('attend', 0.007969),
('conventions', 0.30103),
('each', 0.046214),
('year', 0.01424),
('but', 0.30103),
('top', 0.124939),
('our', 0.029724),
('entire', 0.30103),
('team', 0.30103),
('does', 0.018483),
('excellent', 0.176091),
('job', 0.30103),
('bringing', 0.30103),
('educational', 0.176091),
('topics', 0.30103),
('attendees', 0.010533),
('marketers', 0.177487),
('vendors', 0.30103),
('together', 0.30103),
('value', 0.079181),
('get', 0.051153),
('from', 0.008718),
('always', 0.124939),
('exceeds', 0.30103),
('expectations', 0.30103),
('industry', 0.031491),
('need', 0.051153),
('subsequent', 0.176091),
('adhere', 0.30103),
('must', 0.025458),
('logistics', 0.176091),
('produced', 0.09691),
('test', 0.007687),
('save', 0.176091),
('100', 0.051153),
('register', 0.011591),
('before', 0.04255),
('july', 0.045757),
('2013', 0.006084),
('exhibitors', 0.041393),
('securing', 0.30103),
('3131', 0.30103),
('provides', 0.011582),
('perfect', 0.214987),
('your', 0.002337),
('nearly', 0.30103),
('4000', 0.09691),
('all', 0.00463),
('make', 0.061888),
('deals', 0.18315),
('last', 0.039871),
('presentations', 0.30103),
('can', 0.058967),
('arriving', 0.30103),
('expenses', 0.30103),
('out', 0.023395),
('decisionmakersnearly', 0.30103),
('ways', 0.176091),
('exhibit', 0.008273),
('sponsors', 0.047787),
('sponsor', 0.002706),
('unlimited', 0.057992),
('sponsorship', 0.176091),
('protect', 0.213695),
('investment', 0.30103),
('maximize', 0.124939),
('roi', 0.176091),
('convention', 0.015038),
('sponsorships', 0.176091),
('deliver', 0.132194),
('greatest', 0.30103),
('access', 0.004666),
('biggest', 0.30103),
('gathering', 0.30103),
('direct', 0.039052),
('response', 0.041393),
('elite', 0.30103),
('everything', 0.188059),
('luncheons', 0.30103),
('reception', 0.005201),
('available', 0.136853),
('opportunity', 0.079181),
('fit', 0.30103),
('every', 0.210986),
('budget', 0.30103),
('stand', 0.30103),
('move', 0.176091),
('ahead', 0.176091),
('electronic', 0.010785),
('retailing', 0.010995),
('association', 0.010219),
('internationally', 0.176091),
('represents', 0.124939),
('leaders', 0.079181),
('directtoconsumer', 0.066947),
('marketplace', 0.124939),
('which', 0.068146),
('includes', 0.176091),
('members', 0.018544),
('revenues', 0.176091),
('through', 0.011618),
('television', 0.124939),
('online', 0.023481),
('mobile', 0.048848),
('radio', 0.098101),
('future', 0.010374),
('dates', 0.0086),
('locations', 0.011281),
('september', 0.011025),
('2426', 0.066947),
('venue', 0.124939),
('wynn', 0.007092),
('las', 0.007235),
('vegas', 0.007146),
('location', 0.013788),
('nevada', 0.041393),
('2014', 0.019305),
('1618', 0.176091),
('2015', 0.057992),
('october', 0.176091),
('68', 0.176091),
('history', 0.021189),
('annual', 0.079181),
('renamed', 0.176091),
('2009', 0.124939),
('held', 0.09691),
('first', 0.02577),
('1990', 0.176091),
('soon', 0.079181),
('after', 0.09691),
('birth', 0.176091),
('infomercial', 0.124939),
('since', 0.124939),
('grown', 0.176091),
('160', 0.176091),
('2012', 0.007817),
('sponsored', 0.176091),
('managed', 0.176091),
('proceeds', 0.176091),
('used', 0.03176),
('fund', 0.176091),
('member', 0.00678),
('services', 0.04302),
('contact', 0.00564),
('607', 0.079181),
('14th', 0.079181),
('street', 0.124939),
('suite', 0.010011),
('530', 0.079181),
('washington', 0.079181),
('20005', 0.079181),
('phone', 0.029158),
('8009876462', 0.30103),
('7038411751', 0.201713),
('fax', 0.30103),
('4259771036', 0.30103),
('webadmin', 0.037789),
('retailingorg', 0.003006),
('wwwretailingorg', 0.018483),
('dave', 0.013364),
('event', 0.043087),
('supply', 0.30103),
('gave', 0.30103),
('understand', 0.30103),
('special', 0.008273),
('events', 0.003122),
('areas', 0.01639),
('thursday', 0.01639),
('13', 0.204498),
('700', 0.176091),
('930', 0.176091),
('distributed', 0.30103),
('winners', 0.006659),
('circle', 0.051153),
('days', 0.30103),
('later', 0.30103),
('contract', 0.30103),
('style', 0.021189),
('published', 0.30103),
('premiere', 0.176091),
('celebration', 0.176091),
('honoring', 0.176091),
('best', 0.057992),
('campaigns', 0.176091),
('famous', 0.176091),
('posh', 0.176091),
('blue', 0.176091),
('carpet', 0.176091),
('will', 0.005564),
('alsace', 0.09691),
('guests', 0.09691),
('grand', 0.176091),
('entrance', 0.176091),
('features', 0.176091),
('live', 0.176091),
('music', 0.176091),
('exceptional', 0.176091),
('dinner', 0.176091),
('superb', 0.176091),
('company', 0.009003),
('join', 0.176091),
('celebrate', 0.176091),
('most', 0.084105),
('coveted', 0.176091),
('award', 0.176091),
('exclusive', 0.124939),
('tickets', 0.001721),
('separately', 0.176091),
('ticketed', 0.176091),
('order', 0.008764),
('pass', 0.006767),
('floor', 0.002098),
('purchase', 0.006643),
('ticket', 0.176091),
('179', 0.09691),
('nonmembers', 0.041393),
('299', 0.051153),
('twelve', 0.067175),
('2149', 0.09691),
('how', 0.007263),
('already', 0.017729),
('registered', 0.012694),
('please', 0.01442),
('use', 0.009048),
('login', 0.066947),
('info', 0.020934),
('included', 0.067046),
('confirmation', 0.02022),
('email', 0.017462),
('click', 0.067302),
('bullet', 0.067471),
('proceed', 0.067638),
('tables', 0.010724),
('individual', 0.00442),
('yet', 0.051153),
('reserve', 0.007801),
('choose', 0.09691),
('where', 0.019305),
('like', 0.079181),
('400pm', 0.176091),
('receive', 0.018744),
('tabletop', 0.176091),
('sign', 0.124939),
('logo', 0.176482),
('pool', 0.30103),
('people', 0.019743),
('today', 0.019673),
('plan', 0.011702),
('space', 0.079181),
('program', 0.070177),
('want', 0.102315),
('support', 0.12679),
('sunset', 0.30103),
('chair', 0.01639),
('breakfast', 0.01639),
('800pm', 0.176091),
('930am', 0.30103),
('145pm', 0.30103),
('700pm', 0.176091),
('council', 0.008273),
('movein', 0.008273),
('during', 0.176091),
('presentation', 0.007062),
('600pm', 0.09691),
('come', 0.066947),
('help', 0.085497),
('lunch', 0.005532),
('archive', 0.011545),
('2011', 0.019832),
('shake', 0.30103),
('place', 0.071657),
('mix', 0.176091),
('just', 0.30103),
('packed', 0.30103),
('connections', 0.30103),
('seal', 0.30103),
('strengthen', 0.30103),
('note', 0.041393),
('symbol', 0.176091),
('beside', 0.176091),
('them', 0.140898),
('require', 0.14054),
('meet', 0.007062),
('greet', 0.007062),
('lounge', 0.006074),
('monday', 0.124939),
('855', 0.30103),
('schedule', 0.01524),
('margaux', 0.079181),
('219', 0.30103),
('open', 0.002188),
('150', 0.176091),
('wednesday', 0.041393),
('gary', 0.176091),
('network', 0.09691),
('cards', 0.30103),
('1500', 0.182797),
('glitz', 0.051153),
('ballroom', 0.124939),
('meeting', 0.09691),
('tuesday', 0.045757),
('12', 0.061053),
('7801', 0.30103),
('wwwa2bfulfillmentcom', 0.30103),
('accomplish', 0.30103),
('enjoy', 0.026329),
('1700', 0.30103),
('directly', 0.176091),
('removed', 0.09691),
('meetings', 0.101456),
('rate', 0.12721),
('breeze', 0.30103),
('basic', 0.30103),
('a2b', 0.01639),
('breakfasts', 0.09691),
('24', 0.045757),
('89109', 0.30103),
('sure', 0.124939),
('211', 0.30103),
('focused', 0.30103),
('started', 0.079341),
('right', 0.213044),
('plus', 0.30103),
('some', 0.132007),
('eppsteiner', 0.180669),
('free', 0.005395),
('1121', 0.30103),
('chains', 0.30103),
('markc', 0.30103),
('ssl', 0.30103),
('knowledge', 0.18095),
('40', 0.30103),
('new', 0.007927),
('goals', 0.30103),
('booth', 0.029963),
('comments', 0.30103),
('866', 0.30103),
('membership', 0.138777),
('committee', 0.015794),
('staff', 0.127622),
('experience', 0.191649),
('clients', 0.30103),
('coming', 0.124939),
('inserted', 0.30103),
('learn', 0.176091),
('market', 0.30103),
('3827', 0.30103),
('opening', 0.01424),
('233', 0.30103),
('takes', 0.176091),
('5', 0.30103),
('120', 0.30103),
('reports', 0.181785),
('fellow', 0.191649),
('around', 0.19918),
('950', 0.30103),
('buying', 0.30103),
('1300', 0.183404),
('3000', 0.30103),
('important', 0.017883),
('lunches', 0.051153),
('adeptivsolutionscom', 0.30103),
('detailed', 0.176091),
('glory', 0.051153),
('conference', 0.041919),
('speakers', 0.041652),
('over', 0.147394),
('a2bfcom', 0.30103),
('26', 0.028029),
('incur', 0.30103),
('making', 0.30103),
('inventors', 0.176091),
('integration', 0.30103),
('travel', 0.010185),
('fails', 0.09691),
('mouton', 0.124939),
('month', 0.079181),
('arrangements', 0.30103),
('encryption', 0.30103),
('100000', 0.30103),
('15000', 0.30103),
('rooms', 0.012965),
('separate', 0.20228),
('required', 0.117616),
('glamour', 0.051153),
('843', 0.30103),
('pro', 0.30103),
('hiller', 0.30103),
('june', 0.045757),
('solutions', 0.00934),
('adeptiv', 0.01639),
('flights', 0.30103),
('523', 0.30103),
('davecook', 0.30103),
('wed', 0.09691),
('look', 0.176091),
('official', 0.191184),
('7027707100', 0.30103),
('resort', 0.013788),
('south', 0.30103),
('preferred', 0.30103),
('teaser', 0.30103),
('boulevard', 0.30103),
('user', 0.194356),
('encore', 0.176091),
('secure', 0.30103),
('negotiated', 0.188306),
('specially', 0.30103),
('activities', 0.012156),
('including', 0.015097),
('attendee', 0.051946),
('keynote', 0.009545),
('bar', 0.051153),
('sessions', 0.012279),
('learning', 0.066947),
('discounted', 0.079181),
('bag', 0.09691),
('inserts', 0.09691),
('while', 0.072984),
('supplies', 0.09691),
('limited', 0.026329),
('call', 0.015089),
('entries', 0.015794),
('group', 0.003215),
('registrations', 0.009143),
('innovative', 0.30103),
('wwwadeptivsolutionscom', 0.30103),
('employees', 0.028029),
('share', 0.025847),
('topic', 0.30103),
('fill', 0.124939),
('template', 0.007299),
('return', 0.176091),
('rates', 0.004893),
('thru', 0.051153),
('retail', 0.30103),
('pavilion', 0.30103),
('onsite', 0.041861),
('large', 0.206239),
('consumer', 0.30103),
('premier', 0.30103),
('1399', 0.176091),
('1599', 0.176091),
('1699', 0.176091),
('additional', 0.030213),
('same', 0.051153),
('participate', 0.30103),
('ups', 0.124939),
('149', 0.09691),
('249', 0.045757),
('99', 0.09691),
('199', 0.045757),
('exhibitor', 0.001749),
('passes', 0.018587),
('799', 0.176091),
('999', 0.09691),
('setting', 0.30103),
('four', 0.176091),
('reserved', 0.079181),
('idea', 0.30103),
('policies', 0.006404),
('check', 0.005463),
('wire', 0.008273),
('below', 0.044125),
('find', 0.017141),
('instructions', 0.085808),
('wish', 0.30103),
('pay', 0.01533),
('transfer', 0.008068),
('any', 0.025173),
('questions', 0.017493),
('regarding', 0.084105),
('refer', 0.124939),
('faq', 0.009545),
('vip', 0.176091),
('service', 0.009743),
('larger', 0.176091),
('companies', 0.022056),
('attending', 0.079181),
('offering', 0.182608),
('send', 0.024824),
('upon', 0.12679),
('receipt', 0.176091),
('payment', 0.019305),
('method', 0.041393),
('accepted', 0.09691),
('once', 0.079181),
('received', 0.05856),
('process', 0.021212),
('900am', 0.079181),
('500pm', 0.037789),
('total', 0.081263),
('800am', 0.051153),
('sent', 0.034762),
('when', 0.027037),
('immediately', 0.09691),
('paying', 0.034762),
('credit', 0.031452),
('card', 0.031461),
('visit', 0.09691),
('site', 0.007281),
('follow', 0.124939),
('steps', 0.107587),
('methods', 0.051153),
('may', 0.014556),
('would', 0.176091),
('seperate', 0.176091),
('payments', 0.138221),
('should', 0.007999),
('question', 0.03006),
('who', 0.011142),
('back', 0.124939),
('shortly', 0.124939),
('assist', 0.080951),
('international', 0.011236),
('global', 0.124939),
('stage', 0.124939),
('60', 0.066947),
('countries', 0.30103),
('traveled', 0.30103),
('past', 0.181229),
('world', 0.199379),
('visa', 0.028029),
('now', 0.009384),
('complete', 0.124939),
('application', 0.037789),
('form', 0.010995),
('why', 0.015794),
('offers', 0.140154),
('big', 0.30103),
('news', 0.01639),
('jerry', 0.011281),
('article', 0.015794),
('blah', 0.003069),
('sadhfousdafnv', 0.30103),
('posadjvgpasdf', 0.30103),
('vpoasdfbvjkj', 0.30103),
('mefasd', 0.30103),
('bvjasdfio', 0.30103),
('basofjbvkpasdfoj', 0.30103),
('bpasjepqmrbvg', 0.30103),
('qwer', 0.30103),
('united', 0.039191),
('states', 0.039195),
('7039081031', 0.30103),
('dmartin', 0.30103),
('website', 0.009531),
('representing', 0.30103),
('morethan', 0.30103),
('300billion', 0.30103),
('power', 0.30103),
('sell', 0.163156),
('goods', 0.176091),
('practice', 0.30103),
('sophisticated', 0.30103),
('accountable', 0.30103),
('methodology', 0.30103),
('leveraging', 0.30103),
('video', 0.30103),
('audio', 0.30103),
('compel', 0.30103),
('measurable', 0.30103),
('marketer', 0.30103),
('yes', 0.066947),
('302', 0.30103),
('martin', 0.01524),
('type', 0.025548),
('room', 0.132182),
('badge', 0.003992),
('terrace', 0.30103),
('agencies', 0.178078),
('thurs', 0.09691),
('telebrands', 0.01639),
('123', 0.176091),
('main', 0.176091),
('444', 0.30103),
('nowhere', 0.30103),
('12345', 0.30103),
('tags', 0.30103),
('date', 0.01639),
('23', 0.124939),
('bell', 0.01639),
('vice', 0.30103),
('content', 0.055947),
('worked', 0.176091),
('early', 0.30103),
('telecommunications', 0.30103),
('product', 0.01424),
('management', 0.30103),
('development', 0.01524),
('both', 0.133162),
('europe', 0.30103),
('suny', 0.30103),
('buffalo', 0.30103),
('mia', 0.30103),
('columbia', 0.30103),
('university', 0.30103),
('katholieke', 0.30103),
('universiteit', 0.30103),
('leuven', 0.176091),
('belgium', 0.30103),
('fluent', 0.30103),
('spanish', 0.30103),
('enjoys', 0.30103),
('photography', 0.30103),
('acoustic', 0.30103),
('guitar', 0.30103),
('coaching', 0.30103),
('little', 0.30103),
('league', 0.30103),
('baseball', 0.30103),
('his', 0.30103),
('spare', 0.30103),
('speaker', 0.005004),
('jon', 0.01639),
('conferences', 0.30103),
('its', 0.189524),
('enacted', 0.30103),
('accessdevelopmentcom', 0.30103),
('wwwaccessdevelopmentcom', 0.30103),
('keppsteiner', 0.019905),
('latz', 0.30103),
('2400', 0.30103),
('2900', 0.30103),
('karen', 0.180669),
('800', 0.30103),
('840', 0.30103),
('distribution', 0.021412),
('media', 0.179244),
('1230pm', 0.30103),
('description', 0.079181),
('melissa', 0.30103),
('supplier', 0.037789),
('1400', 0.30103),
('corporate', 0.110351),
('availability', 0.180669),
('7038418283', 0.180669),
('1100', 0.30103),
('32', 0.30103),
('30', 0.041393),
('sept', 0.051153),
('20', 0.030194),
('850', 0.176091),
('1129', 0.09691),
('1329', 0.176091),
('650', 0.140099),
('929', 0.176091),
('349', 0.09691),
('399', 0.09691),
('2289', 0.09691),
('2789', 0.09691),
('impart', 0.30103),
('expertise', 0.30103),
('others', 0.30103),
('again', 0.30103),
('initiating', 0.30103),
('crowdsourcing', 0.30103),
('strategy', 0.30103),
('different', 0.30103),
('session', 0.006002),
('formats', 0.30103),
('onehour', 0.02977),
('panel', 0.027926),
('discussion', 0.124939),
('lightning', 0.026239),
('15minute', 0.124939),
('submission', 0.010995),
('forms', 0.124939),
('presented', 0.30103),
('chosen', 0.30103),
('vote', 0.30103),
('getting', 0.026048),
('review', 0.037789),
('guidelines', 0.037789),
('format', 0.124939),
('deadline', 0.045757),
('march', 0.09691),
('27', 0.09691),
('paynich', 0.032185),
('9096063406', 0.30103),
('vpaynich', 0.019305),
('center', 0.012414),
('thank', 0.30103),
('willingness', 0.30103),
('resources', 0.176091),
('leader', 0.176091),
('create', 0.30103),
('successful', 0.30103),
('word', 0.30103),
('using', 0.30103),
('twitter', 0.30103),
('hashtag', 0.30103),
('d2c2013', 0.037789),
('deadlines', 0.09691),
('accept', 0.203393),
('letter', 0.30103),
('agreement', 0.192794),
('tbd', 0.051153),
('update', 0.30103),
('profile', 0.191184),
('read', 0.30103),
('manual', 0.30103),
('hotel', 0.01424),
('applicable', 0.30103),
('orientation', 0.30103),
('policy', 0.003439),
('provide', 0.064504),
('proposal', 0.30103),
('selected', 0.05887),
('statement', 0.176091),
('committed', 0.30103),
('protecting', 0.30103),
('name', 0.021086),
('title', 0.043905),
('applies', 0.30103),
('proposed', 0.079181),
('45', 0.09691),
('minutes', 0.04434),
('length', 0.30103),
('15', 0.079181),
('answers', 0.176091),
('select', 0.079181),
('following', 0.04789),
('practices', 0.143702),
('panelists', 0.068764),
('latest', 0.124939),
('audience', 0.021189),
('their', 0.043008),
('case', 0.176091),
('study', 0.176091),
('collect', 0.086836),
('respect', 0.30103),
('599', 0.176091),
('they', 0.030746),
('takeaways', 0.30103),
('take', 0.116809),
('founders', 0.176091),
('compelling', 0.30103),
('executives', 0.124939),
('facets', 0.176091),
('unparalleled', 0.176091),
('competition', 0.022276),
('cancellation', 0.020361),
('refund', 0.017789),
('cancellations', 0.079181),
('writing', 0.30103),
('august', 0.057992),
('eligible', 0.09691),
('50', 0.079181),
('refunds', 0.176091),
('made', 0.081532),
('noshows', 0.30103),
('refunded', 0.30103),
('substitutions', 0.176091),
('charge', 0.20448),
('substitution', 0.017729),
('permitted', 0.103699),
('prior', 0.176091),
('per', 0.069815),
('original', 0.182335),
('registrant', 0.142918),
('submitting', 0.30103),
('request', 0.121115),
('responsible', 0.107757),
('obligations', 0.210361),
('balance', 0.30103),
('due', 0.30103),
('associated', 0.30103),
('updating', 0.30103),
('cannot', 0.126649),
('issued', 0.176091),
('pickup', 0.021189),
('although', 0.30103),
('encouraged', 0.30103),
('person', 0.072146),
('collects', 0.30103),
('badges', 0.079181),
('multiple', 0.30103),
('accepts', 0.30103),
('full', 0.30103),
('responsibility', 0.30103),
('those', 0.081347),
('reissue', 0.176286),
('individuals', 0.176091),
('sharing', 0.021189),
('intended', 0.218118),
('named', 0.30103),
('found', 0.30103),
('voided', 0.176091),
('asked', 0.30103),
('valid', 0.30103),
('identification', 0.30103),
('failure', 0.30103),
('present', 0.30103),
('photo', 0.30103),
('matching', 0.30103),
('result', 0.126931),
('forfeiture', 0.30103),
('downgrades', 0.0237),
('downgrade', 0.30103),
('considered', 0.30103),
('based', 0.30103),
('current', 0.209241),
('guest', 0.022353),
('preregistered', 0.30103),
('requests', 0.30103),
('invites', 0.30103),
('allowed', 0.108724),
('pricing', 0.011557),
('standing', 0.30103),
('lapsed', 0.30103),
('difference', 0.30103),
('between', 0.30103),
('nonmember', 0.061738),
('provided', 0.109521),
('match', 0.190478),
('consent', 0.027221),
('photographic', 0.02731),
('images', 0.025774),
('attendance', 0.30103),
('participation', 0.30103),
('other', 0.065886),
('constitutes', 0.30103),
('image', 0.082512),
('voice', 0.30103),
('photographs', 0.30103),
('videotapes', 0.30103),
('reproductions', 0.30103),
('audiotapes', 0.30103),
('such', 0.078338),
('children', 0.024937),
('friends', 0.027796),
('family', 0.027877),
('tradeonly', 0.30103),
('accompany', 0.30103),
('granted', 0.30103),
('unless', 0.19776),
('age', 0.125173),
('18', 0.229906),
('proof', 0.30103),
('affiliation', 0.217802),
('absolutely', 0.30103),
('under', 0.100604),
('infants', 0.30103),
('strollers', 0.30103),
('customer', 0.080975),
('privacy', 0.014474),
('objectives', 0.30103),
('tip', 0.09691),
('remember', 0.30103),
('vital', 0.30103),
('selection', 0.176091),
('impression', 0.30103),
('memorable', 0.30103),
('8', 0.30103),
('words', 0.176091),
('max', 0.104967),
('write', 0.30103),
('include', 0.176091),
('specific', 0.042851),
('answer', 0.30103),
('anyone', 0.30103),
('appear', 0.30103),
('promotional', 0.18527),
('materials', 0.218768),
('moderators', 0.30103),
('confirmed', 0.30103),
('beforehand', 0.30103),
('representative', 0.30103),
('speak', 0.068164),
('panels', 0.185532),
('number', 0.062147),
('moderator', 0.044702),
('exceed', 0.101496),
('highresolution', 0.188372),
('headshot', 0.188681),
('prefer', 0.188987),
('jpg', 0.189293),
('tiff', 0.189597),
('file', 0.13179),
('minimum', 0.131968),
('300', 0.190799),
('dpi', 0.191096),
('panelist', 0.087078),
('bio', 0.073785),
('personal', 0.160272),
('posted', 0.176091),
('url', 0.176091),
('effective', 0.30103),
('continued', 0.30103),
('posting', 0.30103),
('amendment', 0.30103),
('modification', 0.30103),
('change', 0.198778),
('shall', 0.30103),
('constitute', 0.30103),
('acceptance', 0.30103),
('thereof', 0.30103),
('collected', 0.032185),
('types', 0.010724),
('personally', 0.176091),
('identifiable', 0.09691),
('pii', 0.021336),
('nonpersonally', 0.176091),
('nonpii', 0.028777),
('also', 0.08548),
('referred', 0.30103),
('aggregate', 0.30103),
('anonymous', 0.211756),
('data', 0.098494),
('voluntarily', 0.30103),
('submit', 0.30103),
('example', 0.206411),
('filling', 0.30103),
('survey', 0.30103),
('requested', 0.30103),
('address', 0.079181),
('telephone', 0.30103),
('tracking', 0.30103),
('computer', 0.176091),
('settings', 0.30103),
('mostrecently', 0.30103),
('visited', 0.30103),
('addresses', 0.30103),
('diagnose', 0.30103),
('problems', 0.176091),
('server', 0.30103),
('administer', 0.30103),
('cookies', 0.099288),
('view', 0.029535),
('might', 0.192339),
('store', 0.30103),
('cookie', 0.30103),
('similar', 0.30103),
('small', 0.30103),
('pieces', 0.30103),
('stored', 0.30103),
('hard', 0.181584),
('drive', 0.12781),
('spy', 0.30103),
('otherwise', 0.208711),
('invade', 0.182806),
('steal', 0.30103),
('rather', 0.30103),
('navigate', 0.30103),
('easily', 0.204654),
('possible', 0.30103),
('interests', 0.30103),
('prevent', 0.211008),
('reentering', 0.30103),
('connection', 0.205946),
('general', 0.183687),
('purpose', 0.224267),
('material', 0.30103),
('partners', 0.141489),
('conduct', 0.186044),
('trend', 0.30103),
('analysis', 0.223536),
('pattern', 0.30103),
('detection', 0.30103),
('administration', 0.30103),
('necessary', 0.099499),
('users', 0.118552),
('optout', 0.103724),
('receiving', 0.166856),
('mailings', 0.212649),
('set', 0.213512),
('forth', 0.213816),
('section', 0.214119),
('nonpersonal', 0.30103),
('demographic', 0.30103),
('tailor', 0.30103),
('showing', 0.30103),
('think', 0.30103),
('interested', 0.193294),
('except', 0.30103),
('third', 0.236683),
('parties', 0.237022),
('without', 0.30103),
('permission', 0.237501),
('former', 0.30103),
('consistent', 0.30103),
('stated', 0.30103),
('preferences', 0.30103),
('entities', 0.30103),
('disclose', 0.135599),
('via', 0.30103),
('sale', 0.225343),
('assignment', 0.30103),
('portion', 0.30103),
('merger', 0.30103),
('consolidation', 0.30103),
('restructuring', 0.30103),
('assets', 0.30103),
('law', 0.237173),
('wherein', 0.30103),
('goodfaith', 0.30103),
('belief', 0.30103),
('action', 0.235402),
('comply', 0.30103),
('judicial', 0.30103),
('proceeding', 0.30103),
('criminal', 0.30103),
('investigation', 0.30103),
('court', 0.30103),
('legal', 0.30103),
('served', 0.30103),
('believe', 0.30103),
('investigate', 0.30103),
('illegal', 0.213602),
('suspected', 0.30103),
('fraud', 0.248363),
('situations', 0.30103),
('involving', 0.30103),
('potential', 0.119128),
('threats', 0.30103),
('physical', 0.30103),
('safety', 0.260357),
('violations', 0.30103),
('terms', 0.30103),
('outside', 0.102399),
('bring', 0.30103),
('products', 0.08501),
('transaction', 0.30103),
('work', 0.019616),
('transactions', 0.30103),
('manage', 0.30103),
('database', 0.30103),
('distributing', 0.30103),
('emails', 0.30103),
('collection', 0.30103),
('storage', 0.208429),
('prevention', 0.30103),
('designed', 0.30103),
('maximizing', 0.30103),
('these', 0.157534),
('agree', 0.30103),
('keep', 0.209566),
('confidential', 0.30103),
('perform', 0.30103),
('agreements', 0.30103),
('addition', 0.30103),
('thirdparties', 0.30103),
('aggregated', 0.30103),
('analyzing', 0.30103),
('usage', 0.30103),
('trends', 0.212211),
('seeking', 0.30103),
('compatible', 0.30103),
('advertisers', 0.30103),
('security', 0.047282),
('standard', 0.213255),
('measures', 0.30103),
('loss', 0.30103),
('misuse', 0.30103),
('alteration', 0.30103),
('control', 0.30103),
('thing', 0.30103),
('internet', 0.30103),
('reasonable', 0.30103),
('insure', 0.30103),
('websites', 0.205349),
('contain', 0.30103),
('choice', 0.057001),
('opt', 0.051382),
('communications', 0.30103),
('visiting', 0.30103),
('enewsletter', 0.067305),
('preference', 0.067445),
('miscellaneous', 0.057968),
('operated', 0.30103),
('controlled', 0.30103),
('within', 0.30103),
('representations', 0.30103),
('appropriate', 0.30103),
('intend', 0.30103),
('nor', 0.30103),
('seek', 0.30103),
('gurney', 0.01639),
('five', 0.014126),
('308', 0.30103),
('mark', 0.30103),
('chandley', 0.30103),
('advantone', 0.01639),
('519', 0.30103),
('org', 0.057992),
('ross', 0.30103),
('krisel', 0.30103),
('rkrisel', 0.30103),
('advontonecom', 0.30103),
('wwwadvantonecom', 0.30103),
('954', 0.30103),
('671', 0.30103),
('6505', 0.30103),
('applied', 0.01639),
('perceptions', 0.01639),
('llc', 0.01639),
('402', 0.30103),
('bruce', 0.30103),
('stone', 0.30103),
('bstone', 0.30103),
('apcrccom', 0.30103),
('wwwappliedperceptionscom', 0.30103),
('805', 0.30103),
('5262525', 0.30103),
('4195', 0.30103),
('valley', 0.176091),
('fair', 0.30103),
('203', 0.30103),
('simi', 0.30103),
('california', 0.176091),
('93063', 0.30103),
('3400', 0.30103),
('competitors', 0.176091),
('demonstrated', 0.30103),
('needs', 0.30103),
('optimize', 0.30103),
('know', 0.202653),
('survive', 0.30103),
('succeed', 0.30103),
('stay', 0.176091),
('need2c', 0.022276),
('63', 0.09691),
('believed', 0.30103),
('53', 0.09691),
('said', 0.30103),
('were', 0.30103),
('signed', 0.30103),
('deal', 0.30103),
('54', 0.09691),
('least', 0.124939),
('31', 0.30103),
('tan', 0.30103),
('involved', 0.177189),
('benefits', 0.30103),
('building', 0.30103),
('decision', 0.30103),
('makers', 0.30103),
('purchases', 0.30103),
('search', 0.30103),
('providing', 0.30103),
('creative', 0.30103),
('production', 0.30103),
('buyers', 0.30103),
('fulfill', 0.30103),
('orders', 0.30103),
('count', 0.30103),
('welcomes', 0.176091),
('seats', 0.177089),
('730pm', 0.30103),
('700am', 0.30103),
('1200pm', 0.176091),
('100pm', 0.124939),
('inventhelpinpex', 0.01639),
('inventor', 0.008273),
('twominute', 0.01639),
('pitch', 0.008273),
('200pm', 0.30103),
('broadcast', 0.01639),
('pros', 0.01639),
('latour', 0.176091),
('330pm', 0.30103),
('430pm', 0.176091),
('bay', 0.015794),
('cities', 0.015794),
('317', 0.30103),
('pamela', 0.30103),
('velarde', 0.30103),
('pamelav', 0.30103),
('baycitiescom', 0.30103),
('wwwbaycitiesbiz', 0.30103),
('562', 0.30103),
('948', 0.30103),
('3751', 0.30103),
('5138', 0.30103),
('ave', 0.30103),
('pico', 0.30103),
('rivera', 0.30103),
('90660', 0.30103),
('moveout', 0.01639),
('1159pm', 0.30103),
('55', 0.09691),
('generated', 0.176091),
('6', 0.207933),
('leads', 0.176091),
('everyday', 0.30103),
('chris', 0.01639),
('hearing', 0.01639),
('slide', 0.005532),
('slideshow', 0.079181),
('entry', 0.079181),
('path', 0.176091),
('http', 0.30103),
('wwwd2cshoworg', 0.30103),
('scott', 0.01639),
('boilen', 0.01639),
('professional', 0.30103),
('pitchmen', 0.30103),
('duel', 0.30103),
('pitching', 0.30103),
('inventhelp', 0.30103),
('inpex', 0.30103),
('showcase', 0.30103),
('don', 0.30103),
('miss', 0.30103),
('lively', 0.30103),
('entertaining', 0.30103),
('catch', 0.30103),
('glimpse', 0.30103),
('drtv', 0.30103),
('single', 0.124939),
('double', 0.124939),
('occupancy', 0.124939),
('blockquote', 0.176091),
('night', 0.02721),
('subject', 0.30103),
('luxury', 0.30103),
('own', 0.30103),
('hospitality', 0.30103),
('parlor', 0.126028),
('salon', 0.104117),
('booking', 0.184484),
('way', 0.208264),
('catering', 0.30103),
('freight', 0.30103),
('delivery', 0.30103),
('suites', 0.12721),
('three', 0.30103),
('book', 0.30103),
('bedroom', 0.060361),
('1000', 0.30103),
('king', 0.30103),
('harrington', 0.01639),
('kevin', 0.01639),
('qustion', 0.30103),
('category', 0.30103),
('tower', 0.30103),
('fairway', 0.128988),
('villa', 0.128988),
('1150', 0.30103),
('1250', 0.30103),
('href', 0.30103),
('summary', 0.30103),
('notice', 0.30103),
('issue', 0.176091),
('wholesalers', 0.30103),
('contacting', 0.30103),
('hotels', 0.30103),
('firm', 0.30103),
('agent', 0.30103),
('solicit', 0.30103),
('customers', 0.30103),
('difficult', 0.30103),
('determine', 0.30103),
('legitimacy', 0.30103),
('organizations', 0.30103),
('alternatives', 0.30103),
('themselves', 0.30103),
('risk', 0.30103),
('reminds', 0.30103),
('brokers', 0.30103),
('housing', 0.009586),
('office', 0.30103),
('completereg', 0.30103),
('concierge', 0.30103),
('7027707070', 0.30103),
('8883207122', 0.215217),
('restaurant', 0.30103),
('702248dine', 0.30103),
('3463', 0.214175),
('888352dine', 0.30103),
('dining', 0.047775),
('wynnlasvegascom', 0.02508),
('7027703900', 0.216384),
('spa', 0.30103),
('golf', 0.30103),
('country', 0.30103),
('club', 0.30103),
('7027702370', 0.30103),
('8003207123', 0.30103),
('2370', 0.30103),
('businesscenter', 0.049543),
('categories', 0.30103),
('departing', 0.30103),
('daily', 0.30103),
('basis', 0.30103),
('mccarran', 0.015744),
('airport', 0.032644),
('accessible', 0.30103),
('distance', 0.30103),
('75', 0.30103),
('miles', 0.30103),
('1015', 0.30103),
('taxi', 0.172137),
('cabs', 0.30103),
('east', 0.30103),
('side', 0.24342),
('baggage', 0.243701),
('claim', 0.243982),
('door', 0.244541),
('exits', 0.182243),
('14', 0.30103),
('taxis', 0.30103),
('180', 0.30103),
('fares', 0.30103),
('originating', 0.30103),
('passengers', 0.30103),
('shuttle', 0.249179),
('limo', 0.30103),
('variety', 0.30103),
('bus', 0.30103),
('limousine', 0.25417),
('west', 0.30103),
('713', 0.30103),
('shuttles', 0.257603),
('stop', 0.30103),
('run', 0.30103),
('round', 0.30103),
('trip', 0.30103),
('runs', 0.30103),
('48', 0.30103),
('hour', 0.30103),
('rental', 0.057487),
('car', 0.057499),
('dedicated', 0.30103),
('rentacar', 0.192972),
('depart', 0.30103),
('approximately', 0.30103),
('11', 0.30103),
('7022616001', 0.30103),
('29', 0.176091),
('desk', 0.30103),
('7039081029', 0.30103);

-- --------------------------------------------------------

--
